{"id":467,"date":"2015-10-01T23:21:41","date_gmt":"2015-10-02T02:21:41","guid":{"rendered":"http:\/\/baruerieventos.com.br\/site\/?page_id=467"},"modified":"2015-10-01T23:21:41","modified_gmt":"2015-10-02T02:21:41","slug":"essas-mulheres-peca-teatral","status":"publish","type":"page","link":"https:\/\/baruerieventos.com.br\/site\/essas-mulheres-peca-teatral\/","title":{"rendered":"Essas Mulheres &#8211; Pe\u00e7a Teatral"},"content":{"rendered":"<h2 class=\"tribe-events-single-event-title summary entry-title\"><img loading=\"lazy\" decoding=\"async\" class=\"attachment-full wp-post-image\" src=\"https:\/\/baruerieventos.com.br\/site\/wp-content\/uploads\/2015\/10\/202721-e1443751616148.jpg\" alt=\"202721\" width=\"946\" height=\"839\" \/><\/h2>\n<div id=\"post-463\" class=\"post-463 tribe_events type-tribe_events status-publish has-post-thumbnail tag-essas-mulheres tag-nana-pequini tag-teatro-de-improviso tribe_events_cat-arte tribe_events_cat-culturais tribe_events_cat-teatro cat_arte cat_culturais cat_teatro\">\n<div class=\"tribe-events-single-event-description tribe-events-content entry-content description\">\n<div class=\"bottomcontainerBox\"><span class=\"date-start dtstart\">Outubro 15 @ 20:00<\/span> &#8211; Grupo de Teatro da Secretaria da Mulher apresenta o espet\u00e1culo \u201cEssas Mulheres\u201d.<\/div>\n<div class=\"bottomcontainerBox\"><\/div>\n<p><strong>Caracter\u00edstica especial desta apresenta\u00e7\u00e3o \u00e9 o ingresso \u2013 um len\u00e7o de cabe\u00e7a.<\/strong><\/p>\n<p><!--more--><\/p>\n<\/div>\n<\/div>\n<p>Toda a arrecada\u00e7\u00e3o ser\u00e1 repassada ao N\u00facleo de Combate ao C\u00e2ncer de Mama de Barueri, dentro das a\u00e7\u00f5es do Outubro Rosa.<\/p>\n<p>\u201cSempre presente nas a\u00e7\u00f5es da Secretaria e \u2018onde pedissem\u2019, o grupo se sentiu forte e maduro para realizar um espet\u00e1culo grande. O texto foi surgindo baseado em v\u00e1rias improvisa\u00e7\u00f5es e tamb\u00e9m de colagens de esquetes\u201d, explica a diretora do grupo de teatro da Secretaria, Nana Pequini.<\/p>\n<p><a href=\"https:\/\/baruerieventos.com.br\/site\/?tribe_events=essa-mulheres\">Veja mais detalhes<\/a><\/p>\n","protected":false},"excerpt":{"rendered":"<p>Outubro 15 @ 20:00 &#8211; Grupo de Teatro da Secretaria da Mulher apresenta o espet\u00e1culo \u201cEssas Mulheres\u201d. Caracter\u00edstica especial desta apresenta\u00e7\u00e3o \u00e9 o ingresso \u2013 um len\u00e7o de cabe\u00e7a.<\/p>\n","protected":false},"author":1,"featured_media":0,"parent":0,"menu_order":0,"comment_status":"closed","ping_status":"closed","template":"","meta":{"footnotes":""},"class_list":["post-467","page","type-page","status-publish","hentry"],"_links":{"self":[{"href":"https:\/\/baruerieventos.com.br\/site\/wp-json\/wp\/v2\/pages\/467","targetHints":{"allow":["GET"]}}],"collection":[{"href":"https:\/\/baruerieventos.com.br\/site\/wp-json\/wp\/v2\/pages"}],"about":[{"href":"https:\/\/baruerieventos.com.br\/site\/wp-json\/wp\/v2\/types\/page"}],"author":[{"embeddable":true,"href":"https:\/\/baruerieventos.com.br\/site\/wp-json\/wp\/v2\/users\/1"}],"replies":[{"embeddable":true,"href":"https:\/\/baruerieventos.com.br\/site\/wp-json\/wp\/v2\/comments?post=467"}],"version-history":[{"count":0,"href":"https:\/\/baruerieventos.com.br\/site\/wp-json\/wp\/v2\/pages\/467\/revisions"}],"wp:attachment":[{"href":"https:\/\/baruerieventos.com.br\/site\/wp-json\/wp\/v2\/media?parent=467"}],"curies":[{"name":"wp","href":"https:\/\/api.w.org\/{rel}","templated":true}]}}