{"id":5417,"date":"2019-01-14T22:49:51","date_gmt":"2019-01-15T00:49:51","guid":{"rendered":"http:\/\/baruerieventos.com.br\/site\/?page_id=5417"},"modified":"2019-01-14T22:49:51","modified_gmt":"2019-01-15T00:49:51","slug":"quem-somos","status":"publish","type":"page","link":"https:\/\/baruerieventos.com.br\/site\/quem-somos\/","title":{"rendered":"Quem Somos"},"content":{"rendered":"\n<p>Somos uma empresa de eventos que atua na regi\u00e3o de Barueri, oferecendo diversos servi\u00e7os.<\/p>\n\n\n\n<ul class=\"wp-block-list\"><li>Divulga\u00e7\u00e3o de eventos<\/li><li>Cobertura de Eventos<\/li><li>Assessoria a organiza\u00e7\u00e3o de Eventos<\/li><li>Loca\u00e7\u00e3o de Equipamentos para eventos<\/li><li>Servi\u00e7os diversos para eventos de diversas tipologias.<\/li><\/ul>\n\n\n\n<p><\/p>\n\n\n\n<p>Contato:  eventos@baruerieventos.com.br<\/p>\n\n\n\n<p><\/p>\n","protected":false},"excerpt":{"rendered":"<p>Somos uma empresa de eventos que atua na regi\u00e3o de Barueri, oferecendo diversos servi\u00e7os. Divulga\u00e7\u00e3o de eventos Cobertura de Eventos Assessoria a organiza\u00e7\u00e3o de Eventos Loca\u00e7\u00e3o de Equipamentos para eventos [&hellip;]<\/p>\n","protected":false},"author":2,"featured_media":5285,"parent":0,"menu_order":0,"comment_status":"closed","ping_status":"closed","template":"","meta":{"footnotes":""},"class_list":["post-5417","page","type-page","status-publish","has-post-thumbnail","hentry"],"_links":{"self":[{"href":"https:\/\/baruerieventos.com.br\/site\/wp-json\/wp\/v2\/pages\/5417","targetHints":{"allow":["GET"]}}],"collection":[{"href":"https:\/\/baruerieventos.com.br\/site\/wp-json\/wp\/v2\/pages"}],"about":[{"href":"https:\/\/baruerieventos.com.br\/site\/wp-json\/wp\/v2\/types\/page"}],"author":[{"embeddable":true,"href":"https:\/\/baruerieventos.com.br\/site\/wp-json\/wp\/v2\/users\/2"}],"replies":[{"embeddable":true,"href":"https:\/\/baruerieventos.com.br\/site\/wp-json\/wp\/v2\/comments?post=5417"}],"version-history":[{"count":0,"href":"https:\/\/baruerieventos.com.br\/site\/wp-json\/wp\/v2\/pages\/5417\/revisions"}],"wp:featuredmedia":[{"embeddable":true,"href":"https:\/\/baruerieventos.com.br\/site\/wp-json\/"}],"wp:attachment":[{"href":"https:\/\/baruerieventos.com.br\/site\/wp-json\/wp\/v2\/media?parent=5417"}],"curies":[{"name":"wp","href":"https:\/\/api.w.org\/{rel}","templated":true}]}}