{"id":5544,"date":"2019-01-25T20:28:28","date_gmt":"2019-01-25T22:28:28","guid":{"rendered":"http:\/\/baruerieventos.com.br\/site\/?page_id=5544"},"modified":"2019-01-25T20:28:28","modified_gmt":"2019-01-25T22:28:28","slug":"conheca-barueri","status":"publish","type":"page","link":"https:\/\/baruerieventos.com.br\/site\/conheca-barueri\/","title":{"rendered":"S\u00e9rie &#8211; Conhe\u00e7a Barueri"},"content":{"rendered":"\n<p>Uma s\u00e9rie de v\u00eddeos reportagens mostrando o que acontece na cidade e talvez voc\u00ea n\u00e3o saiba ainda.<\/p>\n\n\n\n<p><\/p>\n<b>Rol\u00ea de Patins Noturno em Barueri<\/>\n<p><a rel=\"noreferrer noopener\" aria-label=\"Veja a mat\u00e9ria completa  (abre em uma nova aba)\" href=\"https:\/\/baruerieventos.com.br\/site\/conheca-barueri-patins-barueri\/5523\/\" target=\"_blank\">Veja a mat\u00e9ria completa <\/a><\/p>\n\n\n\n<iframe loading=\"lazy\" src=\"https:\/\/www.facebook.com\/plugins\/video.php?href=https%3A%2F%2Fwww.facebook.com%2Fbaruerieventos%2Fvideos%2F497222067471623%2F&#038;show_text=0&#038;width=560\" width=\"560\" height=\"315\" style=\"border:none;overflow:hidden\" scrolling=\"no\" frameborder=\"0\" allowTransparency=\"true\" allowFullScreen=\"true\"><\/iframe>\n\n\n\n<p><b>Pelot\u00e3o 17 convida voc\u00ea a sair do sedentarismo<\/p>\n<p><\/b><\/p>\n\n\n\n<iframe loading=\"lazy\" src=\"https:\/\/www.facebook.com\/plugins\/video.php?href=https%3A%2F%2Fwww.facebook.com%2Fbaruerieventos%2Fvideos%2F2018650261787902%2F&#038;show_text=0&#038;width=560\" width=\"560\" height=\"315\" style=\"border:none;overflow:hidden\" scrolling=\"no\" frameborder=\"0\" allowTransparency=\"true\" allowFullScreen=\"true\"><\/iframe>\n","protected":false},"excerpt":{"rendered":"<p>Uma s\u00e9rie de v\u00eddeos reportagens mostrando o que acontece na cidade e talvez voc\u00ea n\u00e3o saiba ainda. Rol\u00ea de Patins Noturno em Barueri Veja a mat\u00e9ria completa Pelot\u00e3o 17 convida [&hellip;]<\/p>\n","protected":false},"author":1,"featured_media":0,"parent":0,"menu_order":0,"comment_status":"closed","ping_status":"closed","template":"","meta":{"footnotes":""},"class_list":["post-5544","page","type-page","status-publish","hentry"],"_links":{"self":[{"href":"https:\/\/baruerieventos.com.br\/site\/wp-json\/wp\/v2\/pages\/5544","targetHints":{"allow":["GET"]}}],"collection":[{"href":"https:\/\/baruerieventos.com.br\/site\/wp-json\/wp\/v2\/pages"}],"about":[{"href":"https:\/\/baruerieventos.com.br\/site\/wp-json\/wp\/v2\/types\/page"}],"author":[{"embeddable":true,"href":"https:\/\/baruerieventos.com.br\/site\/wp-json\/wp\/v2\/users\/1"}],"replies":[{"embeddable":true,"href":"https:\/\/baruerieventos.com.br\/site\/wp-json\/wp\/v2\/comments?post=5544"}],"version-history":[{"count":0,"href":"https:\/\/baruerieventos.com.br\/site\/wp-json\/wp\/v2\/pages\/5544\/revisions"}],"wp:attachment":[{"href":"https:\/\/baruerieventos.com.br\/site\/wp-json\/wp\/v2\/media?parent=5544"}],"curies":[{"name":"wp","href":"https:\/\/api.w.org\/{rel}","templated":true}]}}