{"id":1025,"date":"2016-02-23T19:48:08","date_gmt":"2016-02-23T22:48:08","guid":{"rendered":"http:\/\/baruerieventos.com.br\/site\/?post_type=tribe_events&amp;p=1025"},"modified":"2016-02-23T19:48:08","modified_gmt":"2016-02-23T22:48:08","slug":"lancamento-da-campanha-seja-humano","status":"publish","type":"tribe_events","link":"https:\/\/baruerieventos.com.br\/site\/event\/lancamento-da-campanha-seja-humano\/","title":{"rendered":"Lan\u00e7amento da Campanha &#8220;Seja Humano&#8221;"},"content":{"rendered":"<p>A\u00a0Secretaria da Mulher, realiza o lan\u00e7amento da Campanha &#8220;Seja Humano&#8221;.<\/p>\n<p>Este movimento \u00e9 um provoca\u00e7\u00e3o e um convite \u00e0 reflex\u00e3o sobre a\u00e7\u00f5es cotidianas que, muita vezes, s\u00e3o reflexos de pensamentos preconceituosos, partid\u00e1rios, de julgamento e de todo tipo de divis\u00e3o.Essas Atitudes criam abismos, como a falta de compaix\u00e3o e de empatia que, muitas vezes, dificultam o relacionamento pac\u00edfico com outros seres humanos.<\/p>\n<p>&#8220;Queremos despertar a consci\u00eancia coletiva para o respeito m\u00fatuo com as nossas imperfei\u00e7\u00f5es, diferen\u00e7as e semelhan\u00e7as&#8221;, disse Giani Cristina de Souza, secret\u00e1ria da pasta.<\/p>\n<p><strong>Lan\u00e7amento da Campanha &#8221; Seja Humano&#8221;<\/strong><\/p>\n<p><strong>Data: 4 Mar\u00e7o 2016 &#8211; 10h.<\/strong><\/p>\n<p><strong>Local : Secretaria de Mulher<\/strong><\/p>\n","protected":false},"excerpt":{"rendered":"<p>A\u00a0Secretaria da Mulher, realiza o lan\u00e7amento da Campanha &#8220;Seja Humano&#8221;. Este movimento \u00e9 um provoca\u00e7\u00e3o e um convite \u00e0 reflex\u00e3o sobre a\u00e7\u00f5es cotidianas que, muita vezes, s\u00e3o reflexos de pensamentos [&hellip;]<\/p>\n","protected":false},"author":1,"featured_media":1026,"template":"","meta":{"_tribe_events_status":"","_tribe_events_status_reason":"","footnotes":""},"tags":[1187,1623,5728,5772],"tribe_events_cat":[6741,6752,6755],"class_list":["post-1025","tribe_events","type-tribe_events","status-publish","has-post-thumbnail","hentry","tag-campanha-contra-o-preconceito","tag-combate-a-violencia","tag-secretaria-da-mulher","tag-seja-humano","tribe_events_cat-evento-gratuito","tribe_events_cat-palestras","tribe_events_cat-seminarios-e-congressos","cat_evento-gratuito","cat_palestras","cat_seminarios-e-congressos"],"_links":{"self":[{"href":"https:\/\/baruerieventos.com.br\/site\/wp-json\/wp\/v2\/tribe_events\/1025","targetHints":{"allow":["GET"]}}],"collection":[{"href":"https:\/\/baruerieventos.com.br\/site\/wp-json\/wp\/v2\/tribe_events"}],"about":[{"href":"https:\/\/baruerieventos.com.br\/site\/wp-json\/wp\/v2\/types\/tribe_events"}],"author":[{"embeddable":true,"href":"https:\/\/baruerieventos.com.br\/site\/wp-json\/wp\/v2\/users\/1"}],"version-history":[{"count":0,"href":"https:\/\/baruerieventos.com.br\/site\/wp-json\/wp\/v2\/tribe_events\/1025\/revisions"}],"wp:featuredmedia":[{"embeddable":true,"href":"https:\/\/baruerieventos.com.br\/site\/wp-json\/"}],"wp:attachment":[{"href":"https:\/\/baruerieventos.com.br\/site\/wp-json\/wp\/v2\/media?parent=1025"}],"wp:term":[{"taxonomy":"post_tag","embeddable":true,"href":"https:\/\/baruerieventos.com.br\/site\/wp-json\/wp\/v2\/tags?post=1025"},{"taxonomy":"tribe_events_cat","embeddable":true,"href":"https:\/\/baruerieventos.com.br\/site\/wp-json\/wp\/v2\/tribe_events_cat?post=1025"}],"curies":[{"name":"wp","href":"https:\/\/api.w.org\/{rel}","templated":true}]}}

Lançamento da Campanha &#8220;Seja Humano&#8221;

<p>A Secretaria da Mulher, realiza o lançamento da Campanha &#8220;Seja Humano&#8221;.</p>
<p>Este movimento é um provocação e um convite à reflexão sobre ações cotidianas que, muita vezes, são reflexos de pensamentos preconceituosos, partidários, de julgamento e de todo tipo de divisão.Essas Atitudes criam abismos, como a falta de compaixão e de empatia que, muitas vezes, dificultam o relacionamento pacífico com outros seres humanos.</p>
<p>&#8220;Queremos despertar a consciência coletiva para o respeito mútuo com as nossas imperfeições, diferenças e semelhanças&#8221;, disse Giani Cristina de Souza, secretária da pasta.</p>
<p><strong>Lançamento da Campanha &#8221; Seja Humano&#8221;</strong></p>
<p><strong>Data: 4 Março 2016 &#8211; 10h.</strong></p>
<p><strong>Local : Secretaria de Mulher</strong></p>

<p>A Secretaria da Mulher, realiza o lançamento da Campanha &#8220;Seja Humano&#8221;. Este movimento é um provocação e um convite à reflexão sobre ações cotidianas que, muita vezes, são reflexos de pensamentos [&hellip;]</p>
