{"id":1027,"date":"2016-02-23T19:57:52","date_gmt":"2016-02-23T22:57:52","guid":{"rendered":"http:\/\/baruerieventos.com.br\/site\/?post_type=tribe_events&amp;p=1027"},"modified":"2016-02-23T19:57:52","modified_gmt":"2016-02-23T22:57:52","slug":"ii-conferencia-regional-de-politicas-publicas-e-direitos-humanos-de-lgbt","status":"publish","type":"tribe_events","link":"https:\/\/baruerieventos.com.br\/site\/event\/ii-conferencia-regional-de-politicas-publicas-e-direitos-humanos-de-lgbt\/","title":{"rendered":"II Confer\u00eancia Regional de Pol\u00edticas P\u00fablicas e Direitos Humanos de LGBT"},"content":{"rendered":"<p><strong>Debate \/\/ Evento re\u00fane representantes das cidades da regi\u00e3o e pede a criminaliza\u00e7\u00e3o da viol\u00eancia motivada por \u00f3dio a LGBTs<\/strong><\/p>\n<p>II Confer\u00eancia Regional de Pol\u00edticas P\u00fablicas e Direitos Humanos de LGBT do Oeste Metropolitano de S\u00e3o Paulo.<\/p>\n<p>O tema deste encontro \u00e9 \u201cPor um Brasil que criminalize a viol\u00eancia contra L\u00e9sbicas, Gays, Bissexuais, Travestis e Transexuais\u201d e a cidade escolhida como sede foi Osasco.<\/p>\n<p>Com a participa\u00e7\u00e3o dos munic\u00edpios de\u00a0\u00a0Barueri, Carapicu\u00edba, Cotia, Embu das Artes, Itapevi, Itapecerica da Serra, Jandira, Osasco, Pirapora do Bom Jesus, Santana de Parna\u00edba e Tabo\u00e3o da Serra.<\/p>\n<p>Os representantes discutir\u00e3o propostas de pol\u00edticas p\u00fablicas voltadas \u00e0 popula\u00e7\u00e3o de L\u00e9sbicas, Gays, Bissexuais, Travestis e Transexuais \u2013 LGBT. A realidade nos mostra que ainda h\u00e1 muito a ser feito para que as LGBT do Oeste Metropolitano possam levar uma vida digna, ter seus direitos garantidos e se sentirem seguros.<\/p>\n<p><strong>II Confer\u00eancia Regional de Pol\u00edticas P\u00fablicas e Direitos Humanos de LGBT<\/strong><\/p>\n<p><strong>Local: Emef Marechal Bittencourt &#8211; Osasco<\/strong><\/p>\n<p><strong>Dia 28 de Fevereiro, das 10h \u00e0s 16h.<\/strong><\/p>\n","protected":false},"excerpt":{"rendered":"<p>Debate \/\/ Evento re\u00fane representantes das cidades da regi\u00e3o e pede a criminaliza\u00e7\u00e3o da viol\u00eancia motivada por \u00f3dio a LGBTs II Confer\u00eancia Regional de Pol\u00edticas P\u00fablicas e Direitos Humanos de [&hellip;]<\/p>\n","protected":false},"author":2,"featured_media":1029,"template":"","meta":{"_tribe_events_status":"","_tribe_events_status_reason":"","footnotes":""},"tags":[2134,5109,5145],"tribe_events_cat":[6737,6741,6752],"class_list":["post-1027","tribe_events","type-tribe_events","status-publish","has-post-thumbnail","hentry","tag-direitos-humanos-de-lgbt","tag-politicas-publicas","tag-pp-lgbt","tribe_events_cat-conferencias","tribe_events_cat-evento-gratuito","tribe_events_cat-palestras","cat_conferencias","cat_evento-gratuito","cat_palestras"],"_links":{"self":[{"href":"https:\/\/baruerieventos.com.br\/site\/wp-json\/wp\/v2\/tribe_events\/1027","targetHints":{"allow":["GET"]}}],"collection":[{"href":"https:\/\/baruerieventos.com.br\/site\/wp-json\/wp\/v2\/tribe_events"}],"about":[{"href":"https:\/\/baruerieventos.com.br\/site\/wp-json\/wp\/v2\/types\/tribe_events"}],"author":[{"embeddable":true,"href":"https:\/\/baruerieventos.com.br\/site\/wp-json\/wp\/v2\/users\/2"}],"version-history":[{"count":0,"href":"https:\/\/baruerieventos.com.br\/site\/wp-json\/wp\/v2\/tribe_events\/1027\/revisions"}],"wp:featuredmedia":[{"embeddable":true,"href":"https:\/\/baruerieventos.com.br\/site\/wp-json\/"}],"wp:attachment":[{"href":"https:\/\/baruerieventos.com.br\/site\/wp-json\/wp\/v2\/media?parent=1027"}],"wp:term":[{"taxonomy":"post_tag","embeddable":true,"href":"https:\/\/baruerieventos.com.br\/site\/wp-json\/wp\/v2\/tags?post=1027"},{"taxonomy":"tribe_events_cat","embeddable":true,"href":"https:\/\/baruerieventos.com.br\/site\/wp-json\/wp\/v2\/tribe_events_cat?post=1027"}],"curies":[{"name":"wp","href":"https:\/\/api.w.org\/{rel}","templated":true}]}}

II Conferência Regional de Políticas Públicas e Direitos Humanos de LGBT

<p><strong>Debate // Evento reúne representantes das cidades da região e pede a criminalização da violência motivada por ódio a LGBTs</strong></p>
<p>II Conferência Regional de Políticas Públicas e Direitos Humanos de LGBT do Oeste Metropolitano de São Paulo.</p>
<p>O tema deste encontro é “Por um Brasil que criminalize a violência contra Lésbicas, Gays, Bissexuais, Travestis e Transexuais” e a cidade escolhida como sede foi Osasco.</p>
<p>Com a participação dos municípios de  Barueri, Carapicuíba, Cotia, Embu das Artes, Itapevi, Itapecerica da Serra, Jandira, Osasco, Pirapora do Bom Jesus, Santana de Parnaíba e Taboão da Serra.</p>
<p>Os representantes discutirão propostas de políticas públicas voltadas à população de Lésbicas, Gays, Bissexuais, Travestis e Transexuais – LGBT. A realidade nos mostra que ainda há muito a ser feito para que as LGBT do Oeste Metropolitano possam levar uma vida digna, ter seus direitos garantidos e se sentirem seguros.</p>
<p><strong>II Conferência Regional de Políticas Públicas e Direitos Humanos de LGBT</strong></p>
<p><strong>Local: Emef Marechal Bittencourt &#8211; Osasco</strong></p>
<p><strong>Dia 28 de Fevereiro, das 10h às 16h.</strong></p>

<p>Debate // Evento reúne representantes das cidades da região e pede a criminalização da violência motivada por ódio a LGBTs II Conferência Regional de Políticas Públicas e Direitos Humanos de [&hellip;]</p>
