{"id":1542,"date":"2016-06-23T14:45:34","date_gmt":"2016-06-23T17:45:34","guid":{"rendered":"http:\/\/baruerieventos.com.br\/site\/?post_type=tribe_events&amp;p=1542"},"modified":"2016-06-23T14:45:34","modified_gmt":"2016-06-23T17:45:34","slug":"segunda-de-gala-com-orquestra-do-instituto-gpa","status":"publish","type":"tribe_events","link":"https:\/\/baruerieventos.com.br\/site\/event\/segunda-de-gala-com-orquestra-do-instituto-gpa\/","title":{"rendered":"Segunda de Gala  com Orquestra do Instituto GPA"},"content":{"rendered":"<p>Orquestra Instituto GPA far\u00e1 uma apresenta\u00e7\u00e3o no Teatro Municipal de Barueri, no projeto Segunda de Gala. Sob a reg\u00eancia do maestro Daniel Misiuk e dire\u00e7\u00e3o art\u00edstica da professora Renata Jaff\u00e9, 40 jovens tocar\u00e3o m\u00fasicas de compositores como Ary Barroso, Astor Piazzolla, Vitorio Monti, entre outros. Um dos diferenciais da orquestra \u00e9 sua metodologia de ensino. \u00danico no mundo, o M\u00e9todo Jaff\u00e9, trabalha o ensino de violino, viola, violoncelo e contrabaixo de forma conjunta, desde a primeira nota, sem estudo individual.<\/p>\n<p>Data: 27\/6<br \/>\nHor\u00e1rio: 20h<br \/>\nEntrada: Gratuita<\/p>\n","protected":false},"excerpt":{"rendered":"<p>Orquestra Instituto GPA far\u00e1 uma apresenta\u00e7\u00e3o no Teatro Municipal de Barueri, no projeto Segunda de Gala. Sob a reg\u00eancia do maestro Daniel Misiuk e dire\u00e7\u00e3o art\u00edstica da professora Renata Jaff\u00e9, [&hellip;]<\/p>\n","protected":false},"author":2,"featured_media":1553,"template":"","meta":{"_tribe_events_status":"","_tribe_events_status_reason":"","footnotes":""},"tags":[1966,3998,4253,4777,5423],"tribe_events_cat":[6729,6738,6741,6750],"class_list":["post-1542","tribe_events","type-tribe_events","status-publish","has-post-thumbnail","hentry","tag-daniel-misuik","tag-maestro-daniel-misiuk","tag-metodo-jaffe","tag-orquestra-gpa","tag-renata-jaffe","tribe_events_cat-arte","tribe_events_cat-culturais","tribe_events_cat-evento-gratuito","tribe_events_cat-musicais","cat_arte","cat_culturais","cat_evento-gratuito","cat_musicais"],"_links":{"self":[{"href":"https:\/\/baruerieventos.com.br\/site\/wp-json\/wp\/v2\/tribe_events\/1542","targetHints":{"allow":["GET"]}}],"collection":[{"href":"https:\/\/baruerieventos.com.br\/site\/wp-json\/wp\/v2\/tribe_events"}],"about":[{"href":"https:\/\/baruerieventos.com.br\/site\/wp-json\/wp\/v2\/types\/tribe_events"}],"author":[{"embeddable":true,"href":"https:\/\/baruerieventos.com.br\/site\/wp-json\/wp\/v2\/users\/2"}],"version-history":[{"count":0,"href":"https:\/\/baruerieventos.com.br\/site\/wp-json\/wp\/v2\/tribe_events\/1542\/revisions"}],"wp:featuredmedia":[{"embeddable":true,"href":"https:\/\/baruerieventos.com.br\/site\/wp-json\/"}],"wp:attachment":[{"href":"https:\/\/baruerieventos.com.br\/site\/wp-json\/wp\/v2\/media?parent=1542"}],"wp:term":[{"taxonomy":"post_tag","embeddable":true,"href":"https:\/\/baruerieventos.com.br\/site\/wp-json\/wp\/v2\/tags?post=1542"},{"taxonomy":"tribe_events_cat","embeddable":true,"href":"https:\/\/baruerieventos.com.br\/site\/wp-json\/wp\/v2\/tribe_events_cat?post=1542"}],"curies":[{"name":"wp","href":"https:\/\/api.w.org\/{rel}","templated":true}]}}

<p>Orquestra Instituto GPA fará uma apresentação no Teatro Municipal de Barueri, no projeto Segunda de Gala. Sob a regência do maestro Daniel Misiuk e direção artística da professora Renata Jaffé, 40 jovens tocarão músicas de compositores como Ary Barroso, Astor Piazzolla, Vitorio Monti, entre outros. Um dos diferenciais da orquestra é sua metodologia de ensino. Único no mundo, o Método Jaffé, trabalha o ensino de violino, viola, violoncelo e contrabaixo de forma conjunta, desde a primeira nota, sem estudo individual.</p>
<p>Data: 27/6<br />
Horário: 20h<br />
Entrada: Gratuita</p>

<p>Orquestra Instituto GPA fará uma apresentação no Teatro Municipal de Barueri, no projeto Segunda de Gala. Sob a regência do maestro Daniel Misiuk e direção artística da professora Renata Jaffé, [&hellip;]</p>
