{"id":1551,"date":"2016-06-23T21:26:23","date_gmt":"2016-06-24T00:26:23","guid":{"rendered":"http:\/\/baruerieventos.com.br\/site\/?post_type=tribe_events&amp;p=1551"},"modified":"2016-06-23T21:26:23","modified_gmt":"2016-06-24T00:26:23","slug":"forrozao-da-cultura","status":"publish","type":"tribe_events","link":"https:\/\/baruerieventos.com.br\/site\/event\/forrozao-da-cultura\/","title":{"rendered":"Forroz\u00e3o da Cultura"},"content":{"rendered":"<p>A Secretaria de Cultura e Turismo realiza a primeira edi\u00e7\u00e3o do Forroz\u00e3o, evento que visa prestigiar o ritmo e a dan\u00e7a popular nordestina.<\/p>\n<p>O evento ser\u00e1 comandado pelo grupo Balan\u00e7o Paulista, que procura passar parte da cultura nordestina, utilizando o forr\u00f3 p\u00e9 de serra. O grupo, formado por Thamires (voz e tri\u00e2ngulo), Dawn (zabumba e voz) e PC (sanfona e voz) tem um repert\u00f3rio baseado nos sucessos dos grandes ritmistas desse g\u00eanero musical como Marin\u00eas, Marinalva, Carm\u00e9lia Alves, Trio Mossor\u00f3 e outros.<\/p>\n<p>No Forroz\u00e3o da Cultura n\u00e3o haver\u00e1 intervalos. Durante o descanso do grupo, a m\u00fasica eletr\u00f4nica vai tomar conta do Centro Cultural. Tudo isso para manter os frequentadores aquecidos e sem deixar de dan\u00e7ar.<\/p>\n<p><b>Hist\u00f3ria do forr\u00f3<\/b><br \/>\nDe acordo com pesquisadores, o forr\u00f3 surgiu no s\u00e9culo XIX. Nesta \u00e9poca, como as pistas de dan\u00e7a eram de barro batido, era necess\u00e1rio molh\u00e1-las antes, para que a poeira n\u00e3o levantasse. As pessoas dan\u00e7avam arrastando os p\u00e9s para evitar que a poeira subisse.<\/p>\n<p>A origem do nome forr\u00f3 tem v\u00e1rias vers\u00f5es, por\u00e9m a mais aceita \u00e9 a do folclorista e pesquisador da cultura popular Luiz C\u00e2mara Cascudo. Segundo ele, a palavra forr\u00f3 deriva da abrevia\u00e7\u00e3o de forrobod\u00f3, que significa arrasta-p\u00e9, confus\u00e3o, farra.<\/p>\n","protected":false},"excerpt":{"rendered":"<p>A Secretaria de Cultura e Turismo realiza a primeira edi\u00e7\u00e3o do Forroz\u00e3o, evento que visa prestigiar o ritmo e a dan\u00e7a popular nordestina. O evento ser\u00e1 comandado pelo grupo Balan\u00e7o [&hellip;]<\/p>\n","protected":false},"author":2,"featured_media":1552,"template":"","meta":{"_tribe_events_status":"","_tribe_events_status_reason":"","footnotes":""},"tags":[2984,2987,2991,3250],"tribe_events_cat":[6730,6738,6739,6741,6750,6756],"class_list":["post-1551","tribe_events","type-tribe_events","status-publish","has-post-thumbnail","hentry","tag-forro","tag-forro-em-barueri","tag-forrozao-da-cultura","tag-grupo-balanco-paulista","tribe_events_cat-baile","tribe_events_cat-culturais","tribe_events_cat-danca","tribe_events_cat-evento-gratuito","tribe_events_cat-musicais","tribe_events_cat-shows","cat_baile","cat_culturais","cat_danca","cat_evento-gratuito","cat_musicais","cat_shows"],"_links":{"self":[{"href":"https:\/\/baruerieventos.com.br\/site\/wp-json\/wp\/v2\/tribe_events\/1551","targetHints":{"allow":["GET"]}}],"collection":[{"href":"https:\/\/baruerieventos.com.br\/site\/wp-json\/wp\/v2\/tribe_events"}],"about":[{"href":"https:\/\/baruerieventos.com.br\/site\/wp-json\/wp\/v2\/types\/tribe_events"}],"author":[{"embeddable":true,"href":"https:\/\/baruerieventos.com.br\/site\/wp-json\/wp\/v2\/users\/2"}],"version-history":[{"count":0,"href":"https:\/\/baruerieventos.com.br\/site\/wp-json\/wp\/v2\/tribe_events\/1551\/revisions"}],"wp:featuredmedia":[{"embeddable":true,"href":"https:\/\/baruerieventos.com.br\/site\/wp-json\/"}],"wp:attachment":[{"href":"https:\/\/baruerieventos.com.br\/site\/wp-json\/wp\/v2\/media?parent=1551"}],"wp:term":[{"taxonomy":"post_tag","embeddable":true,"href":"https:\/\/baruerieventos.com.br\/site\/wp-json\/wp\/v2\/tags?post=1551"},{"taxonomy":"tribe_events_cat","embeddable":true,"href":"https:\/\/baruerieventos.com.br\/site\/wp-json\/wp\/v2\/tribe_events_cat?post=1551"}],"curies":[{"name":"wp","href":"https:\/\/api.w.org\/{rel}","templated":true}]}}

Forrozão da Cultura

<p>A Secretaria de Cultura e Turismo realiza a primeira edição do Forrozão, evento que visa prestigiar o ritmo e a dança popular nordestina.</p>
<p>O evento será comandado pelo grupo Balanço Paulista, que procura passar parte da cultura nordestina, utilizando o forró pé de serra. O grupo, formado por Thamires (voz e triângulo), Dawn (zabumba e voz) e PC (sanfona e voz) tem um repertório baseado nos sucessos dos grandes ritmistas desse gênero musical como Marinês, Marinalva, Carmélia Alves, Trio Mossoró e outros.</p>
<p>No Forrozão da Cultura não haverá intervalos. Durante o descanso do grupo, a música eletrônica vai tomar conta do Centro Cultural. Tudo isso para manter os frequentadores aquecidos e sem deixar de dançar.</p>
<p><b>História do forró</b><br />
De acordo com pesquisadores, o forró surgiu no século XIX. Nesta época, como as pistas de dança eram de barro batido, era necessário molhá-las antes, para que a poeira não levantasse. As pessoas dançavam arrastando os pés para evitar que a poeira subisse.</p>
<p>A origem do nome forró tem várias versões, porém a mais aceita é a do folclorista e pesquisador da cultura popular Luiz Câmara Cascudo. Segundo ele, a palavra forró deriva da abreviação de forrobodó, que significa arrasta-pé, confusão, farra.</p>

<p>A Secretaria de Cultura e Turismo realiza a primeira edição do Forrozão, evento que visa prestigiar o ritmo e a dança popular nordestina. O evento será comandado pelo grupo Balanço [&hellip;]</p>
