{"id":1554,"date":"2016-06-23T21:38:58","date_gmt":"2016-06-24T00:38:58","guid":{"rendered":"http:\/\/baruerieventos.com.br\/site\/?post_type=tribe_events&amp;p=1554"},"modified":"2016-06-23T21:38:58","modified_gmt":"2016-06-24T00:38:58","slug":"lancamento-do-livro-timor-leste-do-sonho-a-independencia","status":"publish","type":"tribe_events","link":"https:\/\/baruerieventos.com.br\/site\/event\/lancamento-do-livro-timor-leste-do-sonho-a-independencia\/","title":{"rendered":"Lan\u00e7amento do livro &#8220;Timor Leste &#8211; Do Sonho a Independ\u00eancia&#8221;."},"content":{"rendered":"<p>A luta pela liberdade do Timor Leste \u00e9 tema de um livro a ser lan\u00e7ado em Barueri<\/p>\n<p>O autor, Gleydson Gon\u00e7alves Nazareth, atua na defesa dos direitos humanos e pela liberta\u00e7\u00e3o do Timor Leste. Formou-se em direito e foi professor universit\u00e1rio. \u00c9 morador de Barueri, e desde muito jovem iniciou uma milit\u00e2ncia para divulgar a luta pela liberdade no Timor Leste. Em quatro anos, reuniu diversos artigos e pesquisas e elaborou o livro.<\/p>\n<p>O evento ter\u00e1 in\u00edcio \u00e0s 19 horas, com um happy hour liter\u00e1rio seguido de um bate-papo com o escritor e os aut\u00f3grafos.<\/p>\n<p>A entrada \u00e9 gratuita.<\/p>\n","protected":false},"excerpt":{"rendered":"<p>A luta pela liberdade do Timor Leste \u00e9 tema de um livro a ser lan\u00e7ado em Barueri O autor, Gleydson Gon\u00e7alves Nazareth, atua na defesa dos direitos humanos e pela [&hellip;]<\/p>\n","protected":false},"author":2,"featured_media":1555,"template":"","meta":{"_tribe_events_status":"","_tribe_events_status_reason":"","footnotes":""},"tags":[3185,3921,6286,6287],"tribe_events_cat":[6728,6738,6741,6749],"class_list":["post-1554","tribe_events","type-tribe_events","status-publish","has-post-thumbnail","hentry","tag-gleyson-goncalves-nazareth","tag-livro-timor-leste-do-sonho-a-independencia","tag-timor-leste","tag-timor-leste-do-sonho-a-independencia","tribe_events_cat-academicos","tribe_events_cat-culturais","tribe_events_cat-evento-gratuito","tribe_events_cat-lancamentos-de-obras-culturais","cat_academicos","cat_culturais","cat_evento-gratuito","cat_lancamentos-de-obras-culturais"],"_links":{"self":[{"href":"https:\/\/baruerieventos.com.br\/site\/wp-json\/wp\/v2\/tribe_events\/1554","targetHints":{"allow":["GET"]}}],"collection":[{"href":"https:\/\/baruerieventos.com.br\/site\/wp-json\/wp\/v2\/tribe_events"}],"about":[{"href":"https:\/\/baruerieventos.com.br\/site\/wp-json\/wp\/v2\/types\/tribe_events"}],"author":[{"embeddable":true,"href":"https:\/\/baruerieventos.com.br\/site\/wp-json\/wp\/v2\/users\/2"}],"version-history":[{"count":0,"href":"https:\/\/baruerieventos.com.br\/site\/wp-json\/wp\/v2\/tribe_events\/1554\/revisions"}],"wp:featuredmedia":[{"embeddable":true,"href":"https:\/\/baruerieventos.com.br\/site\/wp-json\/"}],"wp:attachment":[{"href":"https:\/\/baruerieventos.com.br\/site\/wp-json\/wp\/v2\/media?parent=1554"}],"wp:term":[{"taxonomy":"post_tag","embeddable":true,"href":"https:\/\/baruerieventos.com.br\/site\/wp-json\/wp\/v2\/tags?post=1554"},{"taxonomy":"tribe_events_cat","embeddable":true,"href":"https:\/\/baruerieventos.com.br\/site\/wp-json\/wp\/v2\/tribe_events_cat?post=1554"}],"curies":[{"name":"wp","href":"https:\/\/api.w.org\/{rel}","templated":true}]}}

Lançamento do livro &#8220;Timor Leste &#8211; Do Sonho a Independência&#8221;.

<p>A luta pela liberdade do Timor Leste é tema de um livro a ser lançado em Barueri</p>
<p>O autor, Gleydson Gonçalves Nazareth, atua na defesa dos direitos humanos e pela libertação do Timor Leste. Formou-se em direito e foi professor universitário. É morador de Barueri, e desde muito jovem iniciou uma militância para divulgar a luta pela liberdade no Timor Leste. Em quatro anos, reuniu diversos artigos e pesquisas e elaborou o livro.</p>
<p>O evento terá início às 19 horas, com um happy hour literário seguido de um bate-papo com o escritor e os autógrafos.</p>
<p>A entrada é gratuita.</p>

<p>A luta pela liberdade do Timor Leste é tema de um livro a ser lançado em Barueri O autor, Gleydson Gonçalves Nazareth, atua na defesa dos direitos humanos e pela [&hellip;]</p>
