{"id":1567,"date":"2016-06-24T00:37:24","date_gmt":"2016-06-24T03:37:24","guid":{"rendered":"http:\/\/baruerieventos.com.br\/site\/?post_type=tribe_events&amp;p=1567"},"modified":"2016-06-24T00:37:24","modified_gmt":"2016-06-24T03:37:24","slug":"mostra-fotografica-alpha-luxe-exibe-as-belezas-de-paris-no-iguatemi-alphaville","status":"publish","type":"tribe_events","link":"https:\/\/baruerieventos.com.br\/site\/event\/mostra-fotografica-alpha-luxe-exibe-as-belezas-de-paris-no-iguatemi-alphaville\/","title":{"rendered":"Mostra fotogr\u00e1fica Alpha Luxe exibe as belezas de Paris"},"content":{"rendered":"<p>De 23 de junho a 22 de julho, acontece no Shopping Iguatemi Alphaville, a mostra que levar\u00e1 os visitantes a uma viagem sensorial \u00e0 Paris,compartilha as viv\u00eancias do fot\u00f3grafo \u00edtalo-brasileiro, Jerson Bergamo, ao clicar editoriais de moda em todo o mundo<em>.<\/em><\/p>\n<p>As bel\u00edssimas imagens ser\u00e3o apresentadas aos visitantes em um surpreendente ambiente cenogr\u00e1fico e interativo, no Piso Xingu, representando um check-in de aeroporto.<\/p>\n<p>Para deixar evidente tudo de mais belo e interessante na cidade luz, o fot\u00f3grafo mostra por meio de seus cliques momentos e experi\u00eancias vividas por ele ressaltando as diferen\u00e7as culturais nas pessoas e no modo de viver parisiense.<\/p>\n<p>A revista digital AlphaLuxe Mag, que ter\u00e1 seu lan\u00e7amento oficial em um coquetel de abertura da mostra, na noite de 22 de junho, foi criada pelo pr\u00f3prio fot\u00f3grafo, com o objetivo de compartilhar com o p\u00fablico, lugares e cidades incr\u00edveis ao redor do planeta. Parte do acervo em exposi\u00e7\u00e3o no Iguatemi Alphaville estar\u00e1 dispon\u00edvel na revista.<\/p>\n<p><strong>\u00a0<\/strong><strong>O fot\u00f3grafo<\/strong><\/p>\n<p>Jerson Bergamo, \u00edtalo-brasileiro, nascido em Santos, em 1962, estudou comunica\u00e7\u00e3o na FAAP (Funda\u00e7\u00e3o Armando Alvares Penteado) per\u00edodo em que come\u00e7ou a se interessar pelo universo da moda. Trabalhou como stylist na editora Abril e na revista Vogue, quando descobriu sua paix\u00e3o pela fotografia e come\u00e7ou a prestar servi\u00e7os para grandes ag\u00eancias de publicidade e revistas de moda.<\/p>\n<p>Em 1990, passou a viajar pela Europa fotografando editoriais nesse segmento que renderam a sua primeira mostra fotogr\u00e1fica grandiosa em S\u00e3o Paulo, em 1993. No ano de 1999 B\u00e9rgamo exp\u00f4s no \u201cPalazzo delle Esposizioni di Roma\u201d, um dos espa\u00e7os de arte mais respeitados da Europa, a mostra \u201cMOVE\u201d, que misturou fotografia com t\u00e9cnicas pict\u00f3ricas.<\/p>\n<p>Em 2008, ao retornar ao Brasil, abriu a ag\u00eancia de cria\u00e7\u00e3o e produ\u00e7\u00e3o fotogr\u00e1fica\u00a0<a href=\"http:\/\/www.spaziodimoda.com.br\/\" data-saferedirecturl=\"https:\/\/www.google.com\/url?hl=pt-BR&amp;q=http:\/\/www.spaziodimoda.com.br\/&amp;source=gmail&amp;ust=1466821476502000&amp;usg=AFQjCNHaJE1BCc4po8pw1PmrnnGBhZtwzQ\"><em>Spazio di Moda<\/em><\/a>\u00a0em S\u00e3o Paulo onde continua fazendo trabalhos nas \u00e1reas de moda, arte e design.<\/p>\n<p><strong>\u00a0<\/strong><strong>Mostra Alpha Luxe<\/strong><\/p>\n<p><strong>Quando: <\/strong>23 de junho a 22 de julho<\/p>\n<p><strong>Hor\u00e1rio:<\/strong> Hor\u00e1rio de funcionamento do Shopping<\/p>\n<p><strong>Onde: <\/strong>Piso Xingu, do Iguatemi Alphaville<\/p>\n","protected":false},"excerpt":{"rendered":"<p>De 23 de junho a 22 de julho, acontece no Shopping Iguatemi Alphaville, a mostra que levar\u00e1 os visitantes a uma viagem sensorial \u00e0 Paris,compartilha as viv\u00eancias do fot\u00f3grafo \u00edtalo-brasileiro, [&hellip;]<\/p>\n","protected":false},"author":2,"featured_media":1568,"template":"","meta":{"_tribe_events_status":"","_tribe_events_status_reason":"","footnotes":""},"tags":[380,2602,3602,6029],"tribe_events_cat":[6729,6741,6742,6749],"class_list":["post-1567","tribe_events","type-tribe_events","status-publish","has-post-thumbnail","hentry","tag-alpha-luxe","tag-exposicao-fotografica-alpha-luxe","tag-jerson-bergamo","tag-spazio-di-moda","tribe_events_cat-arte","tribe_events_cat-evento-gratuito","tribe_events_cat-feiras-e-exposicoes","tribe_events_cat-lancamentos-de-obras-culturais","cat_arte","cat_evento-gratuito","cat_feiras-e-exposicoes","cat_lancamentos-de-obras-culturais"],"_links":{"self":[{"href":"https:\/\/baruerieventos.com.br\/site\/wp-json\/wp\/v2\/tribe_events\/1567","targetHints":{"allow":["GET"]}}],"collection":[{"href":"https:\/\/baruerieventos.com.br\/site\/wp-json\/wp\/v2\/tribe_events"}],"about":[{"href":"https:\/\/baruerieventos.com.br\/site\/wp-json\/wp\/v2\/types\/tribe_events"}],"author":[{"embeddable":true,"href":"https:\/\/baruerieventos.com.br\/site\/wp-json\/wp\/v2\/users\/2"}],"version-history":[{"count":0,"href":"https:\/\/baruerieventos.com.br\/site\/wp-json\/wp\/v2\/tribe_events\/1567\/revisions"}],"wp:featuredmedia":[{"embeddable":true,"href":"https:\/\/baruerieventos.com.br\/site\/wp-json\/"}],"wp:attachment":[{"href":"https:\/\/baruerieventos.com.br\/site\/wp-json\/wp\/v2\/media?parent=1567"}],"wp:term":[{"taxonomy":"post_tag","embeddable":true,"href":"https:\/\/baruerieventos.com.br\/site\/wp-json\/wp\/v2\/tags?post=1567"},{"taxonomy":"tribe_events_cat","embeddable":true,"href":"https:\/\/baruerieventos.com.br\/site\/wp-json\/wp\/v2\/tribe_events_cat?post=1567"}],"curies":[{"name":"wp","href":"https:\/\/api.w.org\/{rel}","templated":true}]}}

Mostra fotográfica Alpha Luxe exibe as belezas de Paris

<p>De 23 de junho a 22 de julho, acontece no Shopping Iguatemi Alphaville, a mostra que levará os visitantes a uma viagem sensorial à Paris,compartilha as vivências do fotógrafo ítalo-brasileiro, Jerson Bergamo, ao clicar editoriais de moda em todo o mundo<em>.</em></p>
<p>As belíssimas imagens serão apresentadas aos visitantes em um surpreendente ambiente cenográfico e interativo, no Piso Xingu, representando um check-in de aeroporto.</p>
<p>Para deixar evidente tudo de mais belo e interessante na cidade luz, o fotógrafo mostra por meio de seus cliques momentos e experiências vividas por ele ressaltando as diferenças culturais nas pessoas e no modo de viver parisiense.</p>
<p>A revista digital AlphaLuxe Mag, que terá seu lançamento oficial em um coquetel de abertura da mostra, na noite de 22 de junho, foi criada pelo próprio fotógrafo, com o objetivo de compartilhar com o público, lugares e cidades incríveis ao redor do planeta. Parte do acervo em exposição no Iguatemi Alphaville estará disponível na revista.</p>
<p><strong> </strong><strong>O fotógrafo</strong></p>
<p>Jerson Bergamo, ítalo-brasileiro, nascido em Santos, em 1962, estudou comunicação na FAAP (Fundação Armando Alvares Penteado) período em que começou a se interessar pelo universo da moda. Trabalhou como stylist na editora Abril e na revista Vogue, quando descobriu sua paixão pela fotografia e começou a prestar serviços para grandes agências de publicidade e revistas de moda.</p>
<p>Em 1990, passou a viajar pela Europa fotografando editoriais nesse segmento que renderam a sua primeira mostra fotográfica grandiosa em São Paulo, em 1993. No ano de 1999 Bérgamo expôs no “Palazzo delle Esposizioni di Roma”, um dos espaços de arte mais respeitados da Europa, a mostra “MOVE”, que misturou fotografia com técnicas pictóricas.</p>
<p>Em 2008, ao retornar ao Brasil, abriu a agência de criação e produção fotográfica <a href="http://www.spaziodimoda.com.br/" data-saferedirecturl="https://www.google.com/url?hl=pt-BR&amp;q=http://www.spaziodimoda.com.br/&amp;source=gmail&amp;ust=1466821476502000&amp;usg=AFQjCNHaJE1BCc4po8pw1PmrnnGBhZtwzQ"><em>Spazio di Moda</em></a> em São Paulo onde continua fazendo trabalhos nas áreas de moda, arte e design.</p>
<p><strong> </strong><strong>Mostra Alpha Luxe</strong></p>
<p><strong>Quando: </strong>23 de junho a 22 de julho</p>
<p><strong>Horário:</strong> Horário de funcionamento do Shopping</p>
<p><strong>Onde: </strong>Piso Xingu, do Iguatemi Alphaville</p>

<p>De 23 de junho a 22 de julho, acontece no Shopping Iguatemi Alphaville, a mostra que levará os visitantes a uma viagem sensorial à Paris,compartilha as vivências do fotógrafo ítalo-brasileiro, [&hellip;]</p>
