{"id":1624,"date":"2016-07-29T13:48:11","date_gmt":"2016-07-29T16:48:11","guid":{"rendered":"http:\/\/baruerieventos.com.br\/site\/?post_type=tribe_events&amp;p=1624"},"modified":"2016-07-29T13:48:11","modified_gmt":"2016-07-29T16:48:11","slug":"cursopalestra-como-investir-em-acoes","status":"publish","type":"tribe_events","link":"https:\/\/baruerieventos.com.br\/site\/event\/cursopalestra-como-investir-em-acoes\/","title":{"rendered":"Curso\/Palestra &#8220;Como Investir em A\u00e7\u00f5es&#8221;"},"content":{"rendered":"<p>Est\u00e3o abertas as inscri\u00e7\u00f5es para o curso de \u201cComo Investir em A\u00e7\u00f5es\u201d, da BM&amp;F BOVESPA, em parceria com a Escola Brasileira de Finan\u00e7as e Mercados (EBFM). Ministrado pelo professor do Instituto Educacional da Bolsa, <strong>Gi\u00e1como Diniz<\/strong>, o curso explica como funciona a bolsa e o mercado de a\u00e7\u00f5es, os principais fatores que influenciam o mercado e o que considerar para montar uma carteira de a\u00e7\u00f5es.<\/p>\n<p>As inscri\u00e7\u00f5es est\u00e3o dispon\u00edveis no <a href=\"https:\/\/goo.gl\/pQvtgM\">https:\/\/goo.gl\/pQvtgM<\/a><br \/>\nA iniciativa faz parte da parceria entre a Escola Brasileira de Finan\u00e7as e Mercados (EBFM), empresa pertencente ao Grupo Braico e que \u00e9 sediada em Alphaville, e o instituto educacional da bolsa.<\/p>\n<p><strong>Sobre o Prof. Gi\u00e1como Diniz<\/strong><\/p>\n<p>Executivo com larga experi\u00eancia no desenvolvimento de departamento de vendas consultivas, estrutura\u00e7\u00e3o de canais de distribui\u00e7\u00e3o e produtos de investimentos. Experi\u00eancia direta com o mercado de capitais tendo atuado em diversos projetos de crescimento e realinhamento estrat\u00e9gico. Paralelamente interesse na \u00e1rea t\u00e9cnica de investimentos atuando como palestrante e instrutor em institui\u00e7\u00f5es de renome.<br \/>\nEspecialista em Valuation de Empresas de capital aberto. Consultor em aloca\u00e7\u00e3o de investimentos, produtos financeiros e an\u00e1lise financeira de projetos.<\/p>\n<p>Data: 06 Agosto<br \/>\nHor\u00e1rio: 10h \u00e0s 16h<br \/>\nLocal: Col\u00e9gio Fern\u00e3o Gaivota<br \/>\nEntrada: Gratuita<br \/>\nInforma\u00e7\u00f5es: (11) 4166-5100<\/p>\n","protected":false},"excerpt":{"rendered":"<p>Est\u00e3o abertas as inscri\u00e7\u00f5es para o curso de \u201cComo Investir em A\u00e7\u00f5es\u201d, da BM&amp;F BOVESPA, em parceria com a Escola Brasileira de Finan\u00e7as e Mercados (EBFM). Ministrado pelo professor do [&hellip;]<\/p>\n","protected":false},"author":2,"featured_media":1625,"template":"","meta":{"_tribe_events_status":"","_tribe_events_status_reason":"","footnotes":""},"tags":[1040,1059,1608,1653,3136],"tribe_events_cat":[6728,6741,6752],"class_list":["post-1624","tribe_events","type-tribe_events","status-publish","has-post-thumbnail","hentry","tag-bmf","tag-bolsa-de-valores","tag-colegio-fernao-gaivota","tag-como-investir-em-acoes","tag-giacomo-diniz","tribe_events_cat-academicos","tribe_events_cat-evento-gratuito","tribe_events_cat-palestras","cat_academicos","cat_evento-gratuito","cat_palestras"],"_links":{"self":[{"href":"https:\/\/baruerieventos.com.br\/site\/wp-json\/wp\/v2\/tribe_events\/1624","targetHints":{"allow":["GET"]}}],"collection":[{"href":"https:\/\/baruerieventos.com.br\/site\/wp-json\/wp\/v2\/tribe_events"}],"about":[{"href":"https:\/\/baruerieventos.com.br\/site\/wp-json\/wp\/v2\/types\/tribe_events"}],"author":[{"embeddable":true,"href":"https:\/\/baruerieventos.com.br\/site\/wp-json\/wp\/v2\/users\/2"}],"version-history":[{"count":0,"href":"https:\/\/baruerieventos.com.br\/site\/wp-json\/wp\/v2\/tribe_events\/1624\/revisions"}],"wp:featuredmedia":[{"embeddable":true,"href":"https:\/\/baruerieventos.com.br\/site\/wp-json\/"}],"wp:attachment":[{"href":"https:\/\/baruerieventos.com.br\/site\/wp-json\/wp\/v2\/media?parent=1624"}],"wp:term":[{"taxonomy":"post_tag","embeddable":true,"href":"https:\/\/baruerieventos.com.br\/site\/wp-json\/wp\/v2\/tags?post=1624"},{"taxonomy":"tribe_events_cat","embeddable":true,"href":"https:\/\/baruerieventos.com.br\/site\/wp-json\/wp\/v2\/tribe_events_cat?post=1624"}],"curies":[{"name":"wp","href":"https:\/\/api.w.org\/{rel}","templated":true}]}}

Curso/Palestra &#8220;Como Investir em Ações&#8221;

<p>Estão abertas as inscrições para o curso de “Como Investir em Ações”, da BM&amp;F BOVESPA, em parceria com a Escola Brasileira de Finanças e Mercados (EBFM). Ministrado pelo professor do Instituto Educacional da Bolsa, <strong>Giácomo Diniz</strong>, o curso explica como funciona a bolsa e o mercado de ações, os principais fatores que influenciam o mercado e o que considerar para montar uma carteira de ações.</p>
<p>As inscrições estão disponíveis no <a href="https://goo.gl/pQvtgM">https://goo.gl/pQvtgM</a><br />
A iniciativa faz parte da parceria entre a Escola Brasileira de Finanças e Mercados (EBFM), empresa pertencente ao Grupo Braico e que é sediada em Alphaville, e o instituto educacional da bolsa.</p>
<p><strong>Sobre o Prof. Giácomo Diniz</strong></p>
<p>Executivo com larga experiência no desenvolvimento de departamento de vendas consultivas, estruturação de canais de distribuição e produtos de investimentos. Experiência direta com o mercado de capitais tendo atuado em diversos projetos de crescimento e realinhamento estratégico. Paralelamente interesse na área técnica de investimentos atuando como palestrante e instrutor em instituições de renome.<br />
Especialista em Valuation de Empresas de capital aberto. Consultor em alocação de investimentos, produtos financeiros e análise financeira de projetos.</p>
<p>Data: 06 Agosto<br />
Horário: 10h às 16h<br />
Local: Colégio Fernão Gaivota<br />
Entrada: Gratuita<br />
Informações: (11) 4166-5100</p>

<p>Estão abertas as inscrições para o curso de “Como Investir em Ações”, da BM&amp;F BOVESPA, em parceria com a Escola Brasileira de Finanças e Mercados (EBFM). Ministrado pelo professor do [&hellip;]</p>
