{"id":1633,"date":"2016-08-29T00:51:37","date_gmt":"2016-08-29T03:51:37","guid":{"rendered":"http:\/\/baruerieventos.com.br\/site\/?post_type=tribe_events&amp;p=1633"},"modified":"2016-08-29T00:51:37","modified_gmt":"2016-08-29T03:51:37","slug":"segunda-de-gala-com-orquestra-e-coro-projeto-harmonia","status":"publish","type":"tribe_events","link":"https:\/\/baruerieventos.com.br\/site\/event\/segunda-de-gala-com-orquestra-e-coro-projeto-harmonia\/","title":{"rendered":"Segunda de Gala com Orquestra e Coro Projeto Harmonia"},"content":{"rendered":"<p>O Segunda de Gala, programa da Secretaria de Cultura e Turismo, que promove um encontro com a m\u00fasica cl\u00e1ssica e o bel canto.<\/p>\n<p><span id=\"fbPhotoSnowliftCaption\" class=\"fbPhotosPhotoCaption\" tabindex=\"0\" data-ft=\"{&quot;tn&quot;:&quot;K&quot;}\"><span class=\"hasCaption\">N\u00e3o perca a &#8220;Segunda de Gala&#8221; deste m\u00eas! A Orquestra e Coro do Projeto Harmonia est\u00e1 se apresentando no palco do Teatro Municipal de Barueri no dia 29 de agosto. Entrada Gratuita! N\u00e3o perca!!<\/span><\/span><\/p>\n<div id=\"fbPhotoSnowliftProductsTagList\" class=\"pts fbPhotoProductsTagList\"><\/div>\n<p><strong>SEGUNDA DE GALA &#8211;\u00a0 Orquestra e Coro Projeto Harmonia<\/strong><br \/>\n<strong>Segunda-feira, 29 de Agosto, \u00e0s 20 horas<\/strong><br \/>\n<strong>No Teatro Municipal de Barueri <\/strong><br \/>\n<strong>Gratuito<\/strong><br \/>\n<strong>Informa\u00e7\u00f5es 4198-0974<\/strong><\/p>\n","protected":false},"excerpt":{"rendered":"<p>O Segunda de Gala, programa da Secretaria de Cultura e Turismo, que promove um encontro com a m\u00fasica cl\u00e1ssica e o bel canto. N\u00e3o perca a &#8220;Segunda de Gala&#8221; deste [&hellip;]<\/p>\n","protected":false},"author":2,"featured_media":1726,"template":"","meta":{"_tribe_events_status":"","_tribe_events_status_reason":"","footnotes":""},"tags":[4760,5766],"tribe_events_cat":[6738,6741,6750,6756],"class_list":["post-1633","tribe_events","type-tribe_events","status-publish","has-post-thumbnail","hentry","tag-orquesta-e-coro-projeto-harmonia","tag-segunda-de-gala-em-barueri","tribe_events_cat-culturais","tribe_events_cat-evento-gratuito","tribe_events_cat-musicais","tribe_events_cat-shows","cat_culturais","cat_evento-gratuito","cat_musicais","cat_shows"],"_links":{"self":[{"href":"https:\/\/baruerieventos.com.br\/site\/wp-json\/wp\/v2\/tribe_events\/1633","targetHints":{"allow":["GET"]}}],"collection":[{"href":"https:\/\/baruerieventos.com.br\/site\/wp-json\/wp\/v2\/tribe_events"}],"about":[{"href":"https:\/\/baruerieventos.com.br\/site\/wp-json\/wp\/v2\/types\/tribe_events"}],"author":[{"embeddable":true,"href":"https:\/\/baruerieventos.com.br\/site\/wp-json\/wp\/v2\/users\/2"}],"version-history":[{"count":0,"href":"https:\/\/baruerieventos.com.br\/site\/wp-json\/wp\/v2\/tribe_events\/1633\/revisions"}],"wp:featuredmedia":[{"embeddable":true,"href":"https:\/\/baruerieventos.com.br\/site\/wp-json\/"}],"wp:attachment":[{"href":"https:\/\/baruerieventos.com.br\/site\/wp-json\/wp\/v2\/media?parent=1633"}],"wp:term":[{"taxonomy":"post_tag","embeddable":true,"href":"https:\/\/baruerieventos.com.br\/site\/wp-json\/wp\/v2\/tags?post=1633"},{"taxonomy":"tribe_events_cat","embeddable":true,"href":"https:\/\/baruerieventos.com.br\/site\/wp-json\/wp\/v2\/tribe_events_cat?post=1633"}],"curies":[{"name":"wp","href":"https:\/\/api.w.org\/{rel}","templated":true}]}}

<p>O Segunda de Gala, programa da Secretaria de Cultura e Turismo, que promove um encontro com a música clássica e o bel canto.</p>
<p><span id="fbPhotoSnowliftCaption" class="fbPhotosPhotoCaption" tabindex="0" data-ft="{&quot;tn&quot;:&quot;K&quot;}"><span class="hasCaption">Não perca a &#8220;Segunda de Gala&#8221; deste mês! A Orquestra e Coro do Projeto Harmonia está se apresentando no palco do Teatro Municipal de Barueri no dia 29 de agosto. Entrada Gratuita! Não perca!!</span></span></p>
<div id="fbPhotoSnowliftProductsTagList" class="pts fbPhotoProductsTagList"></div>
<p><strong>SEGUNDA DE GALA &#8211;  Orquestra e Coro Projeto Harmonia</strong><br />
<strong>Segunda-feira, 29 de Agosto, às 20 horas</strong><br />
<strong>No Teatro Municipal de Barueri </strong><br />
<strong>Gratuito</strong><br />
<strong>Informações 4198-0974</strong></p>

<p>O Segunda de Gala, programa da Secretaria de Cultura e Turismo, que promove um encontro com a música clássica e o bel canto. Não perca a &#8220;Segunda de Gala&#8221; deste [&hellip;]</p>
