{"id":1671,"date":"2016-08-18T19:04:07","date_gmt":"2016-08-18T22:04:07","guid":{"rendered":"http:\/\/baruerieventos.com.br\/site\/?post_type=tribe_events&amp;p=1671"},"modified":"2016-08-18T19:04:07","modified_gmt":"2016-08-18T22:04:07","slug":"palestra-liderando-equipes-da-geracao-y-com-irandy-marcos-da-cruz","status":"publish","type":"tribe_events","link":"https:\/\/baruerieventos.com.br\/site\/event\/palestra-liderando-equipes-da-geracao-y-com-irandy-marcos-da-cruz\/","title":{"rendered":"Palestra &#8220;Liderando Equipes da Gera\u00e7\u00e3o Y&#8221; com Irandy Marcos da Cruz"},"content":{"rendered":"<p><strong>Gera\u00e7\u00e3o Y \u00e9 tema de palestra gratuita no Iguatemi Alphaville<\/strong><\/p>\n<p><em>\u00a0<\/em>No dia 31 de agosto, o projeto Workshopping trar\u00e1 o professor Irandy Marcos da Cruz para ministrar a palestra \u201cLiderando equipes da gera\u00e7\u00e3o Y\u201d.<\/p>\n<p>Tema bastante abordado atualmente, a gera\u00e7\u00e3o Y abrange jovens nascidos entre os anos 80 e in\u00edcio de 90. No encontro o ministrador mostrar\u00e1 como esse p\u00fablico se relaciona com a vida, e principalmente no \u00e2mbito profissional.<\/p>\n<p>A palestra, que acontecer\u00e1 \u00e0s 19h, faz parte do projeto idealizado pelo Iguatemi Alphaville, realizado em parceria com a Universidade Presbiteriana Mackenzie, campus Alphaville e a Livraria Saraiva, localizada no Piso Tocantins, local que abriga as palestras gratuitas e mensais.<\/p>\n<p>Os interessados em participar, devem enviar um e-mail contendo nome e CPF para <a href=\"mailto:sacalphaville@iguatemi.com.br\">sacalphaville@iguatemi.com.br<\/a>. As vagas s\u00e3o limitadas!<\/p>\n<p><strong>\u00a0<\/strong><strong>Sobre o projeto<\/strong><\/p>\n<p>O Workshopping \u00e9 desenvolvido em parceria entre a Universidade Presbiteriana Mackenzie (campus Alphaville) e o Shopping Iguatemi de Alphaville. O objetivo do programa \u00e9 a realiza\u00e7\u00e3o de palestras mensais ministradas por professores do CCSA Alphaville, no audit\u00f3rio da Livraria Saraiva, localizado no Shopping Iguatemi de Alphaville. Os temas selecionados baseiam-se, principalmente, nas tem\u00e1ticas de gest\u00e3o e servi\u00e7os. O projeto possibilita a divulga\u00e7\u00e3o de resultados de pesquisas acad\u00eamicas de maneira mais clara e direta.<\/p>\n<p><strong>Workshopping Iguatemi Alphaville<\/strong><\/p>\n<p><strong>Quando: <\/strong>dia 31 de agosto \u2013 quarta-feira<\/p>\n<p><strong>Hor\u00e1rio: <\/strong>\u00e0s 19h00<\/p>\n<p><strong>Onde: <\/strong>Espa\u00e7o de Eventos Saraiva, no Piso Tocantins do Iguatemi Alphaville (Al. Rio Negro, 111 \u2013 Alphaville \u2013 Barueri\/SP)<\/p>\n<p><strong>Mais informa\u00e7\u00f5es<\/strong>: <a href=\"http:\/\/www.iguatemi.com.br\/alphaville\" data-saferedirecturl=\"https:\/\/www.google.com\/url?hl=pt-BR&amp;q=http:\/\/www.iguatemi.com.br\/alphaville&amp;source=gmail&amp;ust=1471643529267000&amp;usg=AFQjCNG34EzTknL_Bzgp2_TXJYG0QCUhvw\">www.iguatemi.com.br\/alphaville<\/a> ou pelo telefone (11) 2078-8000.<\/p>\n<p>&nbsp;<\/p>\n","protected":false},"excerpt":{"rendered":"<p>Gera\u00e7\u00e3o Y \u00e9 tema de palestra gratuita no Iguatemi Alphaville \u00a0No dia 31 de agosto, o projeto Workshopping trar\u00e1 o professor Irandy Marcos da Cruz para ministrar a palestra \u201cLiderando [&hellip;]<\/p>\n","protected":false},"author":2,"featured_media":1672,"template":"","meta":{"_tribe_events_status":"","_tribe_events_status_reason":"","footnotes":""},"tags":[3131,3529,3877,6665],"tribe_events_cat":[6741,6752],"class_list":["post-1671","tribe_events","type-tribe_events","status-publish","has-post-thumbnail","hentry","tag-geracao-y","tag-irandy-marcos-da-cruz","tag-liderando-equipes-da-geracao-y","tag-workshopping","tribe_events_cat-evento-gratuito","tribe_events_cat-palestras","cat_evento-gratuito","cat_palestras"],"_links":{"self":[{"href":"https:\/\/baruerieventos.com.br\/site\/wp-json\/wp\/v2\/tribe_events\/1671","targetHints":{"allow":["GET"]}}],"collection":[{"href":"https:\/\/baruerieventos.com.br\/site\/wp-json\/wp\/v2\/tribe_events"}],"about":[{"href":"https:\/\/baruerieventos.com.br\/site\/wp-json\/wp\/v2\/types\/tribe_events"}],"author":[{"embeddable":true,"href":"https:\/\/baruerieventos.com.br\/site\/wp-json\/wp\/v2\/users\/2"}],"version-history":[{"count":0,"href":"https:\/\/baruerieventos.com.br\/site\/wp-json\/wp\/v2\/tribe_events\/1671\/revisions"}],"wp:featuredmedia":[{"embeddable":true,"href":"https:\/\/baruerieventos.com.br\/site\/wp-json\/"}],"wp:attachment":[{"href":"https:\/\/baruerieventos.com.br\/site\/wp-json\/wp\/v2\/media?parent=1671"}],"wp:term":[{"taxonomy":"post_tag","embeddable":true,"href":"https:\/\/baruerieventos.com.br\/site\/wp-json\/wp\/v2\/tags?post=1671"},{"taxonomy":"tribe_events_cat","embeddable":true,"href":"https:\/\/baruerieventos.com.br\/site\/wp-json\/wp\/v2\/tribe_events_cat?post=1671"}],"curies":[{"name":"wp","href":"https:\/\/api.w.org\/{rel}","templated":true}]}}

Palestra &#8220;Liderando Equipes da Geração Y&#8221; com Irandy Marcos da Cruz

<p><strong>Geração Y é tema de palestra gratuita no Iguatemi Alphaville</strong></p>
<p><em> </em>No dia 31 de agosto, o projeto Workshopping trará o professor Irandy Marcos da Cruz para ministrar a palestra “Liderando equipes da geração Y”.</p>
<p>Tema bastante abordado atualmente, a geração Y abrange jovens nascidos entre os anos 80 e início de 90. No encontro o ministrador mostrará como esse público se relaciona com a vida, e principalmente no âmbito profissional.</p>
<p>A palestra, que acontecerá às 19h, faz parte do projeto idealizado pelo Iguatemi Alphaville, realizado em parceria com a Universidade Presbiteriana Mackenzie, campus Alphaville e a Livraria Saraiva, localizada no Piso Tocantins, local que abriga as palestras gratuitas e mensais.</p>
<p>Os interessados em participar, devem enviar um e-mail contendo nome e CPF para <a href="mailto:sacalphaville@iguatemi.com.br">sacalphaville@iguatemi.com.br</a>. As vagas são limitadas!</p>
<p><strong> </strong><strong>Sobre o projeto</strong></p>
<p>O Workshopping é desenvolvido em parceria entre a Universidade Presbiteriana Mackenzie (campus Alphaville) e o Shopping Iguatemi de Alphaville. O objetivo do programa é a realização de palestras mensais ministradas por professores do CCSA Alphaville, no auditório da Livraria Saraiva, localizado no Shopping Iguatemi de Alphaville. Os temas selecionados baseiam-se, principalmente, nas temáticas de gestão e serviços. O projeto possibilita a divulgação de resultados de pesquisas acadêmicas de maneira mais clara e direta.</p>
<p><strong>Workshopping Iguatemi Alphaville</strong></p>
<p><strong>Quando: </strong>dia 31 de agosto – quarta-feira</p>
<p><strong>Horário: </strong>às 19h00</p>
<p><strong>Onde: </strong>Espaço de Eventos Saraiva, no Piso Tocantins do Iguatemi Alphaville (Al. Rio Negro, 111 – Alphaville – Barueri/SP)</p>
<p><strong>Mais informações</strong>: <a href="http://www.iguatemi.com.br/alphaville" data-saferedirecturl="https://www.google.com/url?hl=pt-BR&amp;q=http://www.iguatemi.com.br/alphaville&amp;source=gmail&amp;ust=1471643529267000&amp;usg=AFQjCNG34EzTknL_Bzgp2_TXJYG0QCUhvw">www.iguatemi.com.br/alphaville</a> ou pelo telefone (11) 2078-8000.</p>
<p>&nbsp;</p>

<p>Geração Y é tema de palestra gratuita no Iguatemi Alphaville  No dia 31 de agosto, o projeto Workshopping trará o professor Irandy Marcos da Cruz para ministrar a palestra “Liderando [&hellip;]</p>
