{"id":1701,"date":"2016-08-24T12:12:03","date_gmt":"2016-08-24T15:12:03","guid":{"rendered":"http:\/\/baruerieventos.com.br\/site\/?post_type=tribe_events&amp;p=1701"},"modified":"2016-08-24T12:12:03","modified_gmt":"2016-08-24T15:12:03","slug":"fabiana-anastacio-em-barueri","status":"publish","type":"tribe_events","link":"https:\/\/baruerieventos.com.br\/site\/event\/fabiana-anastacio-em-barueri\/","title":{"rendered":"Fabiana Anast\u00e1cio em Barueri"},"content":{"rendered":"<p>Culto com a participa\u00e7\u00e3o de Fabiana Anast\u00e1cio na IEB &#8211; Igreja Evang\u00e9lica de Barueri, sob coordena\u00e7\u00e3o do Pr. Gustavo Henrique.<\/p>\n<p>Entrada Franca.<a href=\"https:\/\/baruerieventos.com.br\/site\/wp-content\/uploads\/2016\/08\/13872865_931382746970355_4391874843738294691_n.jpg\"><img loading=\"lazy\" decoding=\"async\" class=\"alignleft size-full wp-image-1702\" src=\"https:\/\/baruerieventos.com.br\/site\/wp-content\/uploads\/2016\/08\/13872865_931382746970355_4391874843738294691_n.jpg\" alt=\"13872865_931382746970355_4391874843738294691_n\" width=\"660\" height=\"960\" \/><\/a><\/p>\n<p>&nbsp;<\/p>\n<p>&nbsp;<\/p>\n<p>&nbsp;<\/p>\n<p>&nbsp;<\/p>\n<p>&nbsp;<\/p>\n<p>&nbsp;<\/p>\n<p>&nbsp;<\/p>\n<p>&nbsp;<\/p>\n<p>&nbsp;<\/p>\n<p>&nbsp;<\/p>\n<p>&nbsp;<\/p>\n<p>&nbsp;<\/p>\n<p>&nbsp;<\/p>\n<p>&nbsp;<\/p>\n<p>&nbsp;<\/p>\n<p>&nbsp;<\/p>\n<p>&nbsp;<\/p>\n<p>&nbsp;<\/p>\n<p><a href=\"https:\/\/www.youtube.com\/watch?v=Yf0aLvGSPsw\" target=\"_blank\">Veja uma das M\u00fasicas da Cantora Fabiana Anast\u00e1cio<\/a><\/p>\n","protected":false},"excerpt":{"rendered":"<p>Culto com a participa\u00e7\u00e3o de Fabiana Anast\u00e1cio na IEB &#8211; Igreja Evang\u00e9lica de Barueri, sob coordena\u00e7\u00e3o do Pr. Gustavo Henrique. Entrada Franca. &nbsp; &nbsp; &nbsp; &nbsp; &nbsp; &nbsp; &nbsp; &nbsp; [&hellip;]<\/p>\n","protected":false},"author":2,"featured_media":1703,"template":"","meta":{"_tribe_events_status":"","_tribe_events_status_reason":"","footnotes":""},"tags":[2624,2625,3429,5147],"tribe_events_cat":[6741,6750,6753],"class_list":["post-1701","tribe_events","type-tribe_events","status-publish","has-post-thumbnail","hentry","tag-fabiana-anastacio","tag-fabiana-anastacio-em-barueri","tag-ieb","tag-pr-gustavo-henrique","tribe_events_cat-evento-gratuito","tribe_events_cat-musicais","tribe_events_cat-religioso","cat_evento-gratuito","cat_musicais","cat_religioso"],"_links":{"self":[{"href":"https:\/\/baruerieventos.com.br\/site\/wp-json\/wp\/v2\/tribe_events\/1701","targetHints":{"allow":["GET"]}}],"collection":[{"href":"https:\/\/baruerieventos.com.br\/site\/wp-json\/wp\/v2\/tribe_events"}],"about":[{"href":"https:\/\/baruerieventos.com.br\/site\/wp-json\/wp\/v2\/types\/tribe_events"}],"author":[{"embeddable":true,"href":"https:\/\/baruerieventos.com.br\/site\/wp-json\/wp\/v2\/users\/2"}],"version-history":[{"count":0,"href":"https:\/\/baruerieventos.com.br\/site\/wp-json\/wp\/v2\/tribe_events\/1701\/revisions"}],"wp:featuredmedia":[{"embeddable":true,"href":"https:\/\/baruerieventos.com.br\/site\/wp-json\/"}],"wp:attachment":[{"href":"https:\/\/baruerieventos.com.br\/site\/wp-json\/wp\/v2\/media?parent=1701"}],"wp:term":[{"taxonomy":"post_tag","embeddable":true,"href":"https:\/\/baruerieventos.com.br\/site\/wp-json\/wp\/v2\/tags?post=1701"},{"taxonomy":"tribe_events_cat","embeddable":true,"href":"https:\/\/baruerieventos.com.br\/site\/wp-json\/wp\/v2\/tribe_events_cat?post=1701"}],"curies":[{"name":"wp","href":"https:\/\/api.w.org\/{rel}","templated":true}]}}

Fabiana Anastácio em Barueri

<p>Culto com a participação de Fabiana Anastácio na IEB &#8211; Igreja Evangélica de Barueri, sob coordenação do Pr. Gustavo Henrique.</p>
<p>Entrada Franca.<a href="https://baruerieventos.com.br/site/wp-content/uploads/2016/08/13872865_931382746970355_4391874843738294691_n.jpg"><img loading="lazy" decoding="async" class="alignleft size-full wp-image-1702" src="https://baruerieventos.com.br/site/wp-content/uploads/2016/08/13872865_931382746970355_4391874843738294691_n.jpg" alt="13872865_931382746970355_4391874843738294691_n" width="660" height="960" /></a></p>
<p>&nbsp;</p>
<p>&nbsp;</p>
<p>&nbsp;</p>
<p>&nbsp;</p>
<p>&nbsp;</p>
<p>&nbsp;</p>
<p>&nbsp;</p>
<p>&nbsp;</p>
<p>&nbsp;</p>
<p>&nbsp;</p>
<p>&nbsp;</p>
<p>&nbsp;</p>
<p>&nbsp;</p>
<p>&nbsp;</p>
<p>&nbsp;</p>
<p>&nbsp;</p>
<p>&nbsp;</p>
<p>&nbsp;</p>
<p><a href="https://www.youtube.com/watch?v=Yf0aLvGSPsw" target="_blank">Veja uma das Músicas da Cantora Fabiana Anastácio</a></p>

<p>Culto com a participação de Fabiana Anastácio na IEB &#8211; Igreja Evangélica de Barueri, sob coordenação do Pr. Gustavo Henrique. Entrada Franca. &nbsp; &nbsp; &nbsp; &nbsp; &nbsp; &nbsp; &nbsp; &nbsp; [&hellip;]</p>
