{"id":1781,"date":"2016-09-09T22:06:29","date_gmt":"2016-09-10T01:06:29","guid":{"rendered":"http:\/\/baruerieventos.com.br\/site\/?post_type=tribe_events&amp;p=1781"},"modified":"2016-09-09T22:06:29","modified_gmt":"2016-09-10T01:06:29","slug":"sabailar","status":"publish","type":"tribe_events","link":"https:\/\/baruerieventos.com.br\/site\/event\/sabailar\/","title":{"rendered":"Sabailar &#8211; Dan\u00e7a de Sal\u00e3o"},"content":{"rendered":"<p>Mais uma edi\u00e7\u00e3o do Sabailar neste s\u00e1bado, 10 de setembro, a partir das 20 horas no Centro de Eventos. A entrada \u00e9 gratuita.<\/p>\n<p>O Sabailar \u00e9 um programa da Secretaria de Cultura e Turismo, que acontece uma vez por m\u00eas, para quem gosta de dan\u00e7ar e de bons passos. Com anima\u00e7\u00e3o de um DJ convidado, os frequentadores poder\u00e3o dan\u00e7ar salsa, samba, gafieira, bolero, fazendo um verdadeiro passeio pelos estilos de dan\u00e7a.<\/p>\n<p>O Sabailar \u00e9 um baile de dan\u00e7a de sal\u00e3o, que visa resgatar o prazer pela dan\u00e7a.<\/p>\n<p><strong>SABAILAR<\/strong><br \/>\n<strong>S\u00e1bado, 10 de setembro, a partir das 20 horas<\/strong><br \/>\n<strong>No Centro de Eventos <\/strong><br \/>\n<strong>Informa\u00e7\u00f5es: 4168-1809<\/strong><\/p>\n","protected":false},"excerpt":{"rendered":"<p>Mais uma edi\u00e7\u00e3o do Sabailar neste s\u00e1bado, 10 de setembro, a partir das 20 horas no Centro de Eventos. A entrada \u00e9 gratuita. O Sabailar \u00e9 um programa da Secretaria [&hellip;]<\/p>\n","protected":false},"author":2,"featured_media":1782,"template":"","meta":{"_tribe_events_status":"","_tribe_events_status_reason":"","footnotes":""},"tags":[423,1054,1401,1950,1955,1958,3089,5188,5596,5625,5627],"tribe_events_cat":[6739,6741,6750],"class_list":["post-1781","tribe_events","type-tribe_events","status-publish","has-post-thumbnail","hentry","tag-amigos-do-samba","tag-bolero","tag-centro-de-eventos","tag-danca","tag-danca-em-barueri","tag-dancas-de-salao-em-barueri","tag-gafieira","tag-prazer-pela-danca","tag-sabailar","tag-salsa","tag-samba","tribe_events_cat-danca","tribe_events_cat-evento-gratuito","tribe_events_cat-musicais","cat_danca","cat_evento-gratuito","cat_musicais"],"_links":{"self":[{"href":"https:\/\/baruerieventos.com.br\/site\/wp-json\/wp\/v2\/tribe_events\/1781","targetHints":{"allow":["GET"]}}],"collection":[{"href":"https:\/\/baruerieventos.com.br\/site\/wp-json\/wp\/v2\/tribe_events"}],"about":[{"href":"https:\/\/baruerieventos.com.br\/site\/wp-json\/wp\/v2\/types\/tribe_events"}],"author":[{"embeddable":true,"href":"https:\/\/baruerieventos.com.br\/site\/wp-json\/wp\/v2\/users\/2"}],"version-history":[{"count":0,"href":"https:\/\/baruerieventos.com.br\/site\/wp-json\/wp\/v2\/tribe_events\/1781\/revisions"}],"wp:featuredmedia":[{"embeddable":true,"href":"https:\/\/baruerieventos.com.br\/site\/wp-json\/"}],"wp:attachment":[{"href":"https:\/\/baruerieventos.com.br\/site\/wp-json\/wp\/v2\/media?parent=1781"}],"wp:term":[{"taxonomy":"post_tag","embeddable":true,"href":"https:\/\/baruerieventos.com.br\/site\/wp-json\/wp\/v2\/tags?post=1781"},{"taxonomy":"tribe_events_cat","embeddable":true,"href":"https:\/\/baruerieventos.com.br\/site\/wp-json\/wp\/v2\/tribe_events_cat?post=1781"}],"curies":[{"name":"wp","href":"https:\/\/api.w.org\/{rel}","templated":true}]}}

Sabailar &#8211; Dança de Salão

<p>Mais uma edição do Sabailar neste sábado, 10 de setembro, a partir das 20 horas no Centro de Eventos. A entrada é gratuita.</p>
<p>O Sabailar é um programa da Secretaria de Cultura e Turismo, que acontece uma vez por mês, para quem gosta de dançar e de bons passos. Com animação de um DJ convidado, os frequentadores poderão dançar salsa, samba, gafieira, bolero, fazendo um verdadeiro passeio pelos estilos de dança.</p>
<p>O Sabailar é um baile de dança de salão, que visa resgatar o prazer pela dança.</p>
<p><strong>SABAILAR</strong><br />
<strong>Sábado, 10 de setembro, a partir das 20 horas</strong><br />
<strong>No Centro de Eventos </strong><br />
<strong>Informações: 4168-1809</strong></p>

<p>Mais uma edição do Sabailar neste sábado, 10 de setembro, a partir das 20 horas no Centro de Eventos. A entrada é gratuita. O Sabailar é um programa da Secretaria [&hellip;]</p>
