{"id":1810,"date":"2016-09-13T20:26:40","date_gmt":"2016-09-13T23:26:40","guid":{"rendered":"http:\/\/baruerieventos.com.br\/site\/?post_type=tribe_events&amp;p=1810"},"modified":"2016-09-13T20:26:40","modified_gmt":"2016-09-13T23:26:40","slug":"expomusic-2016","status":"publish","type":"tribe_events","link":"https:\/\/baruerieventos.com.br\/site\/event\/expomusic-2016\/","title":{"rendered":"EXPOMUSIC 2016"},"content":{"rendered":"<p>33\u00aa FEIRA INTERNACIONAL DA M\u00daSICA<\/p>\n<p>Data: 21 a 25 de setembro de 2016<br \/>\nLocal: Pavilh\u00e3o de Exposi\u00e7\u00f5es do Anhembi<br \/>\nPromo\u00e7\u00e3o e Organiza\u00e7\u00e3o: Francal Feiras<br \/>\nPatroc\u00ednio: Abem\u00fasica \u2013 Associa\u00e7\u00e3o Brasileira da M\u00fasica<br \/>\nApoio: I-M\u00fasica \u2013 Instituto Abem\u00fasica pela Educa\u00e7\u00e3o Musical<br \/>\nInforma\u00e7\u00f5es pelo telefone: (11) 2226-3100<br \/>\nwww.expomusic.com.br<\/p>\n<p>DIA 21 e 22: FEIRA ABERTA EXCLUSIVAMENTE PARA PROFISSIONAIS<br \/>\nDIAS 23, 24 e 25: PARA PROFISSIONAIS MUNIDOS DE CREDENCIAL E ABERTA AO P\u00daBLICO MEDIANTE COMPRA DE INGRESSO.<\/p>\n<p>Hor\u00e1rios:<br \/>\nDias 21 a 24: das 13 \u00e0s 21 horas<br \/>\nDia 25: das 13 \u00e0s 19 horas<\/p>\n<p>Ingressos: R$ 25,00 &#8211; <a href=\"http:\/\/www.aloingressos.com.br\/20160923__expomusic_2016__23092016_1300\/p\" target=\"_blank\">Compre on Line<\/a><\/p>\n","protected":false},"excerpt":{"rendered":"<p>33\u00aa FEIRA INTERNACIONAL DA M\u00daSICA Data: 21 a 25 de setembro de 2016 Local: Pavilh\u00e3o de Exposi\u00e7\u00f5es do Anhembi Promo\u00e7\u00e3o e Organiza\u00e7\u00e3o: Francal Feiras Patroc\u00ednio: Abem\u00fasica \u2013 Associa\u00e7\u00e3o Brasileira da [&hellip;]<\/p>\n","protected":false},"author":2,"featured_media":1811,"template":"","meta":{"_tribe_events_status":"","_tribe_events_status_reason":"","footnotes":""},"tags":[246,2567,2751,3022],"tribe_events_cat":[6738,6742,6750,6756],"class_list":["post-1810","tribe_events","type-tribe_events","status-publish","has-post-thumbnail","hentry","tag-abemusica","tag-expomusic","tag-feira-internacional-da-musica","tag-francal-feiras","tribe_events_cat-culturais","tribe_events_cat-feiras-e-exposicoes","tribe_events_cat-musicais","tribe_events_cat-shows","cat_culturais","cat_feiras-e-exposicoes","cat_musicais","cat_shows"],"_links":{"self":[{"href":"https:\/\/baruerieventos.com.br\/site\/wp-json\/wp\/v2\/tribe_events\/1810","targetHints":{"allow":["GET"]}}],"collection":[{"href":"https:\/\/baruerieventos.com.br\/site\/wp-json\/wp\/v2\/tribe_events"}],"about":[{"href":"https:\/\/baruerieventos.com.br\/site\/wp-json\/wp\/v2\/types\/tribe_events"}],"author":[{"embeddable":true,"href":"https:\/\/baruerieventos.com.br\/site\/wp-json\/wp\/v2\/users\/2"}],"version-history":[{"count":0,"href":"https:\/\/baruerieventos.com.br\/site\/wp-json\/wp\/v2\/tribe_events\/1810\/revisions"}],"wp:featuredmedia":[{"embeddable":true,"href":"https:\/\/baruerieventos.com.br\/site\/wp-json\/"}],"wp:attachment":[{"href":"https:\/\/baruerieventos.com.br\/site\/wp-json\/wp\/v2\/media?parent=1810"}],"wp:term":[{"taxonomy":"post_tag","embeddable":true,"href":"https:\/\/baruerieventos.com.br\/site\/wp-json\/wp\/v2\/tags?post=1810"},{"taxonomy":"tribe_events_cat","embeddable":true,"href":"https:\/\/baruerieventos.com.br\/site\/wp-json\/wp\/v2\/tribe_events_cat?post=1810"}],"curies":[{"name":"wp","href":"https:\/\/api.w.org\/{rel}","templated":true}]}}

<p>33ª FEIRA INTERNACIONAL DA MÚSICA</p>
<p>Data: 21 a 25 de setembro de 2016<br />
Local: Pavilhão de Exposições do Anhembi<br />
Promoção e Organização: Francal Feiras<br />
Patrocínio: Abemúsica – Associação Brasileira da Música<br />
Apoio: I-Música – Instituto Abemúsica pela Educação Musical<br />
Informações pelo telefone: (11) 2226-3100<br />
www.expomusic.com.br</p>
<p>DIA 21 e 22: FEIRA ABERTA EXCLUSIVAMENTE PARA PROFISSIONAIS<br />
DIAS 23, 24 e 25: PARA PROFISSIONAIS MUNIDOS DE CREDENCIAL E ABERTA AO PÚBLICO MEDIANTE COMPRA DE INGRESSO.</p>
<p>Horários:<br />
Dias 21 a 24: das 13 às 21 horas<br />
Dia 25: das 13 às 19 horas</p>
<p>Ingressos: R$ 25,00 &#8211; <a href="http://www.aloingressos.com.br/20160923__expomusic_2016__23092016_1300/p" target="_blank">Compre on Line</a></p>

<p>33ª FEIRA INTERNACIONAL DA MÚSICA Data: 21 a 25 de setembro de 2016 Local: Pavilhão de Exposições do Anhembi Promoção e Organização: Francal Feiras Patrocínio: Abemúsica – Associação Brasileira da [&hellip;]</p>
