{"id":2099,"date":"2016-11-25T04:06:12","date_gmt":"2016-11-25T06:06:12","guid":{"rendered":"http:\/\/baruerieventos.com.br\/site\/?post_type=tribe_events&amp;p=2099"},"modified":"2016-11-25T04:06:12","modified_gmt":"2016-11-25T06:06:12","slug":"show-e-gravacao-de-dvd-de-felipe-la-rosa-e-banda","status":"publish","type":"tribe_events","link":"https:\/\/baruerieventos.com.br\/site\/event\/show-e-gravacao-de-dvd-de-felipe-la-rosa-e-banda\/","title":{"rendered":"Show e Grava\u00e7\u00e3o de Dvd de Felipe La Rosa e Banda."},"content":{"rendered":"<div class=\"_xlr\">\n<div id=\"id_5837d03082a1b8329262955\" class=\"text_exposed_root text_exposed\">Grava\u00e7\u00e3o do primeiro \u00a0DVD de La Rosa.<\/div>\n<div class=\"text_exposed_root text_exposed\">No dia 29 de Novembro, Ter\u00e7a feira, acontece a grava\u00e7\u00e3o do dvd do cantor e sua banda, com um ritmo altamente empolgante &#8220;La Rosa&#8221; far\u00e1 a grava\u00e7\u00e3o do Dvd t\u00e3o aguardado por seus f\u00e3s.<\/div>\n<\/div>\n<div class=\"text_exposed_root text_exposed\">Acontecer\u00e1 no Bairro do Alphaville em Barueri, na casa &#8220;Absurdo&#8221;.<\/div>\n<div class=\"text_exposed_root text_exposed\">Abertura da Casa: 21h<\/div>\n<div class=\"text_exposed_root text_exposed\">Entrada Vip at\u00e9 as 22h.<\/div>\n<div class=\"text_exposed_root text_exposed\">Cobertura Exclusiva &#8211; Barueri Eventos<\/div>\n<div class=\"text_exposed_root text_exposed\"><a href=\"https:\/\/baruerieventos.com.br\/site\/wp-content\/uploads\/2016\/11\/14910580_1104277129667507_510630001619661909_n.jpg\"><img loading=\"lazy\" decoding=\"async\" class=\"alignleft size-full wp-image-2101\" src=\"https:\/\/baruerieventos.com.br\/site\/wp-content\/uploads\/2016\/11\/14910580_1104277129667507_510630001619661909_n.jpg\" alt=\"14910580_1104277129667507_510630001619661909_n\" width=\"720\" height=\"480\" \/><\/a><\/div>\n<div class=\"text_exposed_root text_exposed\"><\/div>\n","protected":false},"excerpt":{"rendered":"<p>Grava\u00e7\u00e3o do primeiro \u00a0DVD de La Rosa. No dia 29 de Novembro, Ter\u00e7a feira, acontece a grava\u00e7\u00e3o do dvd do cantor e sua banda, com um ritmo altamente empolgante &#8220;La [&hellip;]<\/p>\n","protected":false},"author":2,"featured_media":2100,"template":"","meta":{"_tribe_events_status":"","_tribe_events_status_reason":"","footnotes":""},"tags":[254,2784,3219],"tribe_events_cat":[6739,6741,6756],"class_list":["post-2099","tribe_events","type-tribe_events","status-publish","has-post-thumbnail","hentry","tag-absurdo-em-alphaville","tag-felipe-la-rosa","tag-gravacao-de-dvd","tribe_events_cat-danca","tribe_events_cat-evento-gratuito","tribe_events_cat-shows","cat_danca","cat_evento-gratuito","cat_shows"],"_links":{"self":[{"href":"https:\/\/baruerieventos.com.br\/site\/wp-json\/wp\/v2\/tribe_events\/2099","targetHints":{"allow":["GET"]}}],"collection":[{"href":"https:\/\/baruerieventos.com.br\/site\/wp-json\/wp\/v2\/tribe_events"}],"about":[{"href":"https:\/\/baruerieventos.com.br\/site\/wp-json\/wp\/v2\/types\/tribe_events"}],"author":[{"embeddable":true,"href":"https:\/\/baruerieventos.com.br\/site\/wp-json\/wp\/v2\/users\/2"}],"version-history":[{"count":0,"href":"https:\/\/baruerieventos.com.br\/site\/wp-json\/wp\/v2\/tribe_events\/2099\/revisions"}],"wp:featuredmedia":[{"embeddable":true,"href":"https:\/\/baruerieventos.com.br\/site\/wp-json\/"}],"wp:attachment":[{"href":"https:\/\/baruerieventos.com.br\/site\/wp-json\/wp\/v2\/media?parent=2099"}],"wp:term":[{"taxonomy":"post_tag","embeddable":true,"href":"https:\/\/baruerieventos.com.br\/site\/wp-json\/wp\/v2\/tags?post=2099"},{"taxonomy":"tribe_events_cat","embeddable":true,"href":"https:\/\/baruerieventos.com.br\/site\/wp-json\/wp\/v2\/tribe_events_cat?post=2099"}],"curies":[{"name":"wp","href":"https:\/\/api.w.org\/{rel}","templated":true}]}}

Show e Gravação de Dvd de Felipe La Rosa e Banda.

<div class="_xlr">
<div id="id_5837d03082a1b8329262955" class="text_exposed_root text_exposed">Gravação do primeiro  DVD de La Rosa.</div>
<div class="text_exposed_root text_exposed">No dia 29 de Novembro, Terça feira, acontece a gravação do dvd do cantor e sua banda, com um ritmo altamente empolgante &#8220;La Rosa&#8221; fará a gravação do Dvd tão aguardado por seus fãs.</div>
</div>
<div class="text_exposed_root text_exposed">Acontecerá no Bairro do Alphaville em Barueri, na casa &#8220;Absurdo&#8221;.</div>
<div class="text_exposed_root text_exposed">Abertura da Casa: 21h</div>
<div class="text_exposed_root text_exposed">Entrada Vip até as 22h.</div>
<div class="text_exposed_root text_exposed">Cobertura Exclusiva &#8211; Barueri Eventos</div>
<div class="text_exposed_root text_exposed"><a href="https://baruerieventos.com.br/site/wp-content/uploads/2016/11/14910580_1104277129667507_510630001619661909_n.jpg"><img loading="lazy" decoding="async" class="alignleft size-full wp-image-2101" src="https://baruerieventos.com.br/site/wp-content/uploads/2016/11/14910580_1104277129667507_510630001619661909_n.jpg" alt="14910580_1104277129667507_510630001619661909_n" width="720" height="480" /></a></div>
<div class="text_exposed_root text_exposed"></div>

<p>Gravação do primeiro  DVD de La Rosa. No dia 29 de Novembro, Terça feira, acontece a gravação do dvd do cantor e sua banda, com um ritmo altamente empolgante &#8220;La [&hellip;]</p>
