{"id":2184,"date":"2017-01-04T18:27:17","date_gmt":"2017-01-04T20:27:17","guid":{"rendered":"http:\/\/baruerieventos.com.br\/site\/?post_type=tribe_events&amp;p=2184"},"modified":"2017-01-04T18:27:17","modified_gmt":"2017-01-04T20:27:17","slug":"exposicao-sao-paulo-arte-462","status":"publish","type":"tribe_events","link":"https:\/\/baruerieventos.com.br\/site\/event\/exposicao-sao-paulo-arte-462\/","title":{"rendered":"Exposi\u00e7\u00e3o &#8220;S\u00e3o Paulo Arte 462&#8221;"},"content":{"rendered":"<p><strong>Em homenagem ao anivers\u00e1rio da cidade de S\u00e3o Paulo, Espa\u00e7o Cultural Iguatemi Alphaville traz Exposi\u00e7\u00e3o S\u00e3o Paulo Arte 462<\/strong><\/p>\n<p><strong>\u00a0&#8211;<\/strong>Do dia 06 a 26 de janeiro no Espa\u00e7o Cultural do Iguatemi Alphaville, com apoio da Galeria Glen Arte, acontece a Exposi\u00e7\u00e3o S\u00e3o Paulo Arte 462. A mostra re\u00fane obras de 47 artistas de diferentes regi\u00f5es do pa\u00eds em uma colet\u00e2nea exclusiva em homenagem aos 463 anos da cidade de S\u00e3o Paulo comemorados no dia 25 de janeiro.<\/p>\n<p><a href=\"https:\/\/baruerieventos.com.br\/site\/wp-content\/uploads\/2017\/01\/1.jpg\"><img loading=\"lazy\" decoding=\"async\" class=\"alignleft size-full wp-image-2186\" src=\"https:\/\/baruerieventos.com.br\/site\/wp-content\/uploads\/2017\/01\/1.jpg\" alt=\"1\" width=\"1128\" height=\"603\" \/><\/a><\/p>\n<p>Com a produ\u00e7\u00e3o art\u00edstica da Angela Oliveira, a exposi\u00e7\u00e3o traz cerca de 60 obras apresentando t\u00e9cnicas e estilos variados com o objetivo de despertar no visitante um olhar mais atento e questionador. \u201c\u00c9 uma \u00f3tima oportunidade de ver S\u00e3o Paulo por olhos alheios nessa mostra \u00e9tnica\u201d, acrescenta a produtora.<\/p>\n<p><strong>\u00a0<\/strong>Estar\u00e3o expondo suas obras: Diego J. Cardoso, Danilo Borges, Georgia Rister, Marcos Caratta, Rosangela Vig, Edgard Lisardo, Ad\u00e3o Mestriner, Henrique Bulc\u00e3o, Luan Ribeirovisk, Carla Stacanti, Vania Coutinho, Dri Santiago, Luciano Pina, Jo\u00e3o Macchado, Toni Braz, Leonardo Labriola, Xam, Valquiria Imperiano, Leca Ara\u00fajo, Claudia Vampr\u00e9, Mauro M. Kersul, Maria Chiavegatti, Diego Mendon\u00e7a, Milit\u00e3o dos Santos, Carlos Magno, Tato Stefani, Claudia Vieira, Luciana Gomez, Mirela Fioresy, Renato Donzell, Cibele Alves Rodrigues, Sandra Montenegro, Camila Zeni, Maristela Casonatto Pastro, Adriano Bassegio, Dina Garcia, Paulo Nunes, John Nicholson, Gilberto Martins, Dema Reis, Petterson Silva, Gustavo Maia, Edith Pudles Marchi, Rico Maciel, Brenno Baessa, Maria Vieira de Souza e Ricardo Alves.<\/p>\n<p><a href=\"https:\/\/baruerieventos.com.br\/site\/wp-content\/uploads\/2017\/01\/3.jpg\"><img loading=\"lazy\" decoding=\"async\" class=\"alignleft size-full wp-image-2187\" src=\"https:\/\/baruerieventos.com.br\/site\/wp-content\/uploads\/2017\/01\/3.jpg\" alt=\"3\" width=\"604\" height=\"603\" \/><\/a><\/p>\n<p>&nbsp;<\/p>\n<p>&nbsp;<\/p>\n<p><strong>Exposi\u00e7\u00e3o S\u00e3o Paulo 462<\/strong><\/p>\n<p><strong>Quando:<\/strong> de 06 a 26 de janeiro<\/p>\n<p><strong>Hor\u00e1rios: <\/strong>Hor\u00e1rio de funcionamento do Shopping<\/p>\n<p><strong>Local:<\/strong> Espa\u00e7o Cultural, piso Tocantins, do Shopping Iguatemi Alphaville<\/p>\n<p>Mais informa\u00e7\u00f5es: <a href=\"http:\/\/www.iguatemi.com.br\/alphaville\" target=\"_blank\" data-saferedirecturl=\"https:\/\/www.google.com\/url?hl=pt-BR&amp;q=http:\/\/www.iguatemi.com.br\/alphaville&amp;source=gmail&amp;ust=1483647604656000&amp;usg=AFQjCNEfihECzZOLofXk4pOwphIlr_j_3A\">www.iguatemi.com.br\/alphaville<\/a><\/p>\n","protected":false},"excerpt":{"rendered":"<p>Em homenagem ao anivers\u00e1rio da cidade de S\u00e3o Paulo, Espa\u00e7o Cultural Iguatemi Alphaville traz Exposi\u00e7\u00e3o S\u00e3o Paulo Arte 462 \u00a0&#8211;Do dia 06 a 26 de janeiro no Espa\u00e7o Cultural do [&hellip;]<\/p>\n","protected":false},"author":2,"featured_media":2185,"template":"","meta":{"_tribe_events_status":"","_tribe_events_status_reason":"","footnotes":""},"tags":[277,298,1101,1175,1292,1304,1490,1566,1567,1974,2013,2116,2119,2127,2244,2283,2288,2439,2609,3099,3130,3161,3318,3346,3628,3660,3828,3854,3942,3955,3961,4096,4123,4130,4144,4190,4294,4307,4954,5026,5428,5453,5461,5564,5654,6150,6305,6433,6443,6673],"tribe_events_cat":[6729,6738,6741,6742],"class_list":["post-2184","tribe_events","type-tribe_events","status-publish","has-post-thumbnail","hentry","tag-adao-mestriner","tag-adriano-bassegio","tag-brenno-baessa","tag-camila-zeni","tag-carla-stacanti","tag-carlos-magno","tag-cibele-alves-rodrigues","tag-claudia-vampre","tag-claudia-vieira","tag-danilo-borges","tag-dema-reis","tag-diego-j-cardoso","tag-diego-mendonca","tag-dina-garcia","tag-dri-santiago","tag-edgard-lisardo","tag-edith-pudles-marchi","tag-espaco-cultural-do-iguatemi-alphaville","tag-exposicao-sao-paulo-arte-462","tag-galeria-glen-arte","tag-georgia-rister","tag-gilberto-martins","tag-gustavo-maia","tag-henrique-bulcao","tag-joao-macchado","tag-john-nicholson","tag-leca-araujo","tag-leonardo-labriola","tag-luan-ribeirovisk","tag-luciana-gomez","tag-luciano-pina","tag-marcos-caratta","tag-maria-chiavegatti","tag-maria-vieira-de-souza","tag-maristela-casonatto-pastro","tag-mauro-m-kersul","tag-militao-dos-santos","tag-mirela-fioresy","tag-paulo-nunes","tag-petterson-silva","tag-renato-donzell","tag-ricardo-alves","tag-rico-maciel","tag-rosangela-vig","tag-sandra-montenegro","tag-tato-stefani","tag-toni-braz","tag-valquiria-imperiano","tag-vania-coutinho","tag-xam","tribe_events_cat-arte","tribe_events_cat-culturais","tribe_events_cat-evento-gratuito","tribe_events_cat-feiras-e-exposicoes","cat_arte","cat_culturais","cat_evento-gratuito","cat_feiras-e-exposicoes"],"_links":{"self":[{"href":"https:\/\/baruerieventos.com.br\/site\/wp-json\/wp\/v2\/tribe_events\/2184","targetHints":{"allow":["GET"]}}],"collection":[{"href":"https:\/\/baruerieventos.com.br\/site\/wp-json\/wp\/v2\/tribe_events"}],"about":[{"href":"https:\/\/baruerieventos.com.br\/site\/wp-json\/wp\/v2\/types\/tribe_events"}],"author":[{"embeddable":true,"href":"https:\/\/baruerieventos.com.br\/site\/wp-json\/wp\/v2\/users\/2"}],"version-history":[{"count":0,"href":"https:\/\/baruerieventos.com.br\/site\/wp-json\/wp\/v2\/tribe_events\/2184\/revisions"}],"wp:featuredmedia":[{"embeddable":true,"href":"https:\/\/baruerieventos.com.br\/site\/wp-json\/"}],"wp:attachment":[{"href":"https:\/\/baruerieventos.com.br\/site\/wp-json\/wp\/v2\/media?parent=2184"}],"wp:term":[{"taxonomy":"post_tag","embeddable":true,"href":"https:\/\/baruerieventos.com.br\/site\/wp-json\/wp\/v2\/tags?post=2184"},{"taxonomy":"tribe_events_cat","embeddable":true,"href":"https:\/\/baruerieventos.com.br\/site\/wp-json\/wp\/v2\/tribe_events_cat?post=2184"}],"curies":[{"name":"wp","href":"https:\/\/api.w.org\/{rel}","templated":true}]}}

Exposição &#8220;São Paulo Arte 462&#8221;

<p><strong>Em homenagem ao aniversário da cidade de São Paulo, Espaço Cultural Iguatemi Alphaville traz Exposição São Paulo Arte 462</strong></p>
<p><strong> &#8211;</strong>Do dia 06 a 26 de janeiro no Espaço Cultural do Iguatemi Alphaville, com apoio da Galeria Glen Arte, acontece a Exposição São Paulo Arte 462. A mostra reúne obras de 47 artistas de diferentes regiões do país em uma coletânea exclusiva em homenagem aos 463 anos da cidade de São Paulo comemorados no dia 25 de janeiro.</p>
<p><a href="https://baruerieventos.com.br/site/wp-content/uploads/2017/01/1.jpg"><img loading="lazy" decoding="async" class="alignleft size-full wp-image-2186" src="https://baruerieventos.com.br/site/wp-content/uploads/2017/01/1.jpg" alt="1" width="1128" height="603" /></a></p>
<p>Com a produção artística da Angela Oliveira, a exposição traz cerca de 60 obras apresentando técnicas e estilos variados com o objetivo de despertar no visitante um olhar mais atento e questionador. “É uma ótima oportunidade de ver São Paulo por olhos alheios nessa mostra étnica”, acrescenta a produtora.</p>
<p><strong> </strong>Estarão expondo suas obras: Diego J. Cardoso, Danilo Borges, Georgia Rister, Marcos Caratta, Rosangela Vig, Edgard Lisardo, Adão Mestriner, Henrique Bulcão, Luan Ribeirovisk, Carla Stacanti, Vania Coutinho, Dri Santiago, Luciano Pina, João Macchado, Toni Braz, Leonardo Labriola, Xam, Valquiria Imperiano, Leca Araújo, Claudia Vampré, Mauro M. Kersul, Maria Chiavegatti, Diego Mendonça, Militão dos Santos, Carlos Magno, Tato Stefani, Claudia Vieira, Luciana Gomez, Mirela Fioresy, Renato Donzell, Cibele Alves Rodrigues, Sandra Montenegro, Camila Zeni, Maristela Casonatto Pastro, Adriano Bassegio, Dina Garcia, Paulo Nunes, John Nicholson, Gilberto Martins, Dema Reis, Petterson Silva, Gustavo Maia, Edith Pudles Marchi, Rico Maciel, Brenno Baessa, Maria Vieira de Souza e Ricardo Alves.</p>
<p><a href="https://baruerieventos.com.br/site/wp-content/uploads/2017/01/3.jpg"><img loading="lazy" decoding="async" class="alignleft size-full wp-image-2187" src="https://baruerieventos.com.br/site/wp-content/uploads/2017/01/3.jpg" alt="3" width="604" height="603" /></a></p>
<p>&nbsp;</p>
<p>&nbsp;</p>
<p><strong>Exposição São Paulo 462</strong></p>
<p><strong>Quando:</strong> de 06 a 26 de janeiro</p>
<p><strong>Horários: </strong>Horário de funcionamento do Shopping</p>
<p><strong>Local:</strong> Espaço Cultural, piso Tocantins, do Shopping Iguatemi Alphaville</p>
<p>Mais informações: <a href="http://www.iguatemi.com.br/alphaville" target="_blank" data-saferedirecturl="https://www.google.com/url?hl=pt-BR&amp;q=http://www.iguatemi.com.br/alphaville&amp;source=gmail&amp;ust=1483647604656000&amp;usg=AFQjCNEfihECzZOLofXk4pOwphIlr_j_3A">www.iguatemi.com.br/alphaville</a></p>

<p>Em homenagem ao aniversário da cidade de São Paulo, Espaço Cultural Iguatemi Alphaville traz Exposição São Paulo Arte 462  &#8211;Do dia 06 a 26 de janeiro no Espaço Cultural do [&hellip;]</p>
