{"id":2343,"date":"2017-03-06T19:04:07","date_gmt":"2017-03-06T22:04:07","guid":{"rendered":"http:\/\/baruerieventos.com.br\/site\/?post_type=tribe_events&amp;p=2343"},"modified":"2017-03-06T19:04:07","modified_gmt":"2017-03-06T22:04:07","slug":"2barueri-fest-veg","status":"publish","type":"tribe_events","link":"https:\/\/baruerieventos.com.br\/site\/event\/2barueri-fest-veg\/","title":{"rendered":"2\u00b0Barueri Fest Veg"},"content":{"rendered":"<p><span class=\"_4n-j _fbReactionComponent__eventDetailsContentTags fsl\" data-testid=\"event-permalink-details\">Evento vegano segunda edi\u00e7\u00e3o. .feira de org\u00e2nicos gastronomia artesanato yoga do riso e muito mais!<\/span><\/p>\n<p>Expositores confirmados para nossos encontros Vegs!<\/p>\n<p>Miss cherry<br \/>\nBistr\u00f4 Pimenta Rosa<br \/>\nChama Verde <span class=\"text_exposed_show\"><br \/>\nBotica ess\u00eancia Viva<br \/>\nSecos e Molhados queijo vegan<br \/>\nUnevie<br \/>\nMei Mei <\/span><\/p>\n<p>Hor\u00e1rio: 10:00 &#8211; 17:00<br \/>\n11.03 S\u00e1bado &#8211; Alphaville &#8211; Rio Negro &#8211; Estacionamento do\u00a0Alpha Shopping<br \/>\n19.03 Museu Municipal Barueri &#8211;\u00a0 Av.Henrique Gon\u00e7alves Baptista 359<\/p>\n","protected":false},"excerpt":{"rendered":"<p>Evento vegano segunda edi\u00e7\u00e3o. .feira de org\u00e2nicos gastronomia artesanato yoga do riso e muito mais! Expositores confirmados para nossos encontros Vegs! Miss cherry Bistr\u00f4 Pimenta Rosa Chama Verde Botica ess\u00eancia [&hellip;]<\/p>\n","protected":false},"author":2,"featured_media":2344,"template":"","meta":{"_tribe_events_status":"","_tribe_events_status_reason":"","footnotes":""},"tags":[118,1027,1070,1434,1863,2820,3117,4216,4313,5726,6401],"tribe_events_cat":[6738,6741,6742,6743,6744,6756],"class_list":["post-2343","tribe_events","type-tribe_events","status-publish","has-post-thumbnail","hentry","tag-2barueri-fest-veg","tag-bistro-pimenta-rosa","tag-botica-essencia-viva","tag-chama-verde","tag-culinaria-vegana","tag-fest-veg","tag-gastronomia-vegana","tag-mei-mei","tag-miss-cherry","tag-secos-e-molhados-queijo-vegan","tag-unevie","tribe_events_cat-culturais","tribe_events_cat-evento-gratuito","tribe_events_cat-feiras-e-exposicoes","tribe_events_cat-festival","tribe_events_cat-gastronomico","tribe_events_cat-shows","cat_culturais","cat_evento-gratuito","cat_feiras-e-exposicoes","cat_festival","cat_gastronomico","cat_shows"],"_links":{"self":[{"href":"https:\/\/baruerieventos.com.br\/site\/wp-json\/wp\/v2\/tribe_events\/2343","targetHints":{"allow":["GET"]}}],"collection":[{"href":"https:\/\/baruerieventos.com.br\/site\/wp-json\/wp\/v2\/tribe_events"}],"about":[{"href":"https:\/\/baruerieventos.com.br\/site\/wp-json\/wp\/v2\/types\/tribe_events"}],"author":[{"embeddable":true,"href":"https:\/\/baruerieventos.com.br\/site\/wp-json\/wp\/v2\/users\/2"}],"version-history":[{"count":0,"href":"https:\/\/baruerieventos.com.br\/site\/wp-json\/wp\/v2\/tribe_events\/2343\/revisions"}],"wp:featuredmedia":[{"embeddable":true,"href":"https:\/\/baruerieventos.com.br\/site\/wp-json\/"}],"wp:attachment":[{"href":"https:\/\/baruerieventos.com.br\/site\/wp-json\/wp\/v2\/media?parent=2343"}],"wp:term":[{"taxonomy":"post_tag","embeddable":true,"href":"https:\/\/baruerieventos.com.br\/site\/wp-json\/wp\/v2\/tags?post=2343"},{"taxonomy":"tribe_events_cat","embeddable":true,"href":"https:\/\/baruerieventos.com.br\/site\/wp-json\/wp\/v2\/tribe_events_cat?post=2343"}],"curies":[{"name":"wp","href":"https:\/\/api.w.org\/{rel}","templated":true}]}}

<p><span class="_4n-j _fbReactionComponent__eventDetailsContentTags fsl" data-testid="event-permalink-details">Evento vegano segunda edição. .feira de orgânicos gastronomia artesanato yoga do riso e muito mais!</span></p>
<p>Expositores confirmados para nossos encontros Vegs!</p>
<p>Miss cherry<br />
Bistrô Pimenta Rosa<br />
Chama Verde <span class="text_exposed_show"><br />
Botica essência Viva<br />
Secos e Molhados queijo vegan<br />
Unevie<br />
Mei Mei </span></p>
<p>Horário: 10:00 &#8211; 17:00<br />
11.03 Sábado &#8211; Alphaville &#8211; Rio Negro &#8211; Estacionamento do Alpha Shopping<br />
19.03 Museu Municipal Barueri &#8211;  Av.Henrique Gonçalves Baptista 359</p>

<p>Evento vegano segunda edição. .feira de orgânicos gastronomia artesanato yoga do riso e muito mais! Expositores confirmados para nossos encontros Vegs! Miss cherry Bistrô Pimenta Rosa Chama Verde Botica essência [&hellip;]</p>
