{"id":2737,"date":"2017-04-20T00:35:11","date_gmt":"2017-04-20T03:35:11","guid":{"rendered":"http:\/\/baruerieventos.com.br\/site\/?post_type=tribe_events&amp;p=2737"},"modified":"2017-04-20T00:35:11","modified_gmt":"2017-04-20T03:35:11","slug":"jose-do-egito-a-peca-teatral","status":"publish","type":"tribe_events","link":"https:\/\/baruerieventos.com.br\/site\/event\/jose-do-egito-a-peca-teatral\/","title":{"rendered":"Jos\u00e9 do Egito &#8211; A pe\u00e7a Teatral"},"content":{"rendered":"<div>Esse ano o grupo Ato Prof\u00e9tico pretende inovar em sua apresenta\u00e7\u00e3o no teatro municipal de Barueri, a pe\u00e7a desse ano contar\u00e1 com a trilha sonora ao vivo ao som de orquestra.<\/div>\n<div>\n<div><span style=\"font-family: Arial, Verdana;\">A pe\u00e7a ter\u00e1 dura\u00e7\u00e3o de 1h30 aproximadamente, com 5 cen\u00e1rios incr\u00edveis que prometem impressionar trazendo ao palco o Egito antigo, mostrando a historia de Jos\u00e9 e o quanto Deus era na vida dele e de sua fam\u00edlia.<\/span><\/div>\n<div><span style=\"font-family: Arial, Verdana;\">O grande diferencial desse novo projeto ficou por conta das cenas com formato musical, ser\u00e3o 84 pessoas envolvidas na apresenta\u00e7\u00e3o, dentre eles atores, bailarinas, back vocal, m\u00fasicos e equipe de produ\u00e7\u00e3o para realizar esse projeto de Arte e F\u00e9<\/span><\/div>\n<\/div>\n<div><\/div>\n<div><span style=\"font-family: Arial, Verdana;\">\u00a0<\/span><\/div>\n<div><span style=\"font-family: Arial, Verdana;\">Apresenta\u00e7\u00f5es:<\/span><\/div>\n<div><span style=\"font-family: Arial, Verdana;\">\u00a0<\/span><\/div>\n<div><span style=\"font-family: Arial, Verdana;\">20\/05\/17 &#8211; S\u00e1bado \u00e0s 19:30 horas<\/span><\/div>\n<div><span style=\"font-family: Arial, Verdana;\">\u00a0<\/span><\/div>\n<div>\n<p><span style=\"font-family: Arial, Verdana;\">21\/05\/17 &#8211; Domingo \u00e0s 15:00 horas<\/span><\/p>\n<p>Classifica\u00e7\u00e3o: Livre<\/p>\n<\/div>\n<div><span style=\"font-family: Arial, Verdana;\">\u00a0<\/span><\/div>\n<div><span style=\"font-family: Arial, Verdana;\">Valor do Ingresso (10,00 &#8211; Pre\u00e7o \u00danico &#8211; Todos pagam meia nesse espet\u00e1culo)<\/span><\/div>\n<p>&nbsp;<\/p>\n<p><a href=\"https:\/\/www.sympla.com.br\/jose-do-egito__125103\" target=\"_blank\">Garanta\u00a0os seus ingressos para o evento<\/a><\/p>\n<p><a href=\"https:\/\/baruerieventos.com.br\/site\/wp-content\/uploads\/2017\/04\/18010952_1226518037446735_5618145987115147014_n.jpg\"><img loading=\"lazy\" decoding=\"async\" class=\"alignleft size-full wp-image-2738\" src=\"https:\/\/baruerieventos.com.br\/site\/wp-content\/uploads\/2017\/04\/18010952_1226518037446735_5618145987115147014_n.jpg\" alt=\"\" width=\"644\" height=\"623\" \/><\/a><\/p>\n","protected":false},"excerpt":{"rendered":"<p>Esse ano o grupo Ato Prof\u00e9tico pretende inovar em sua apresenta\u00e7\u00e3o no teatro municipal de Barueri, a pe\u00e7a desse ano contar\u00e1 com a trilha sonora ao vivo ao som de [&hellip;]<\/p>\n","protected":false},"author":2,"featured_media":2739,"template":"","meta":{"_tribe_events_status":"","_tribe_events_status_reason":"","footnotes":""},"tags":[1473,3701,4974],"tribe_events_cat":[6729,6738,6757],"class_list":["post-2737","tribe_events","type-tribe_events","status-publish","has-post-thumbnail","hentry","tag-cia-ato-profetico","tag-jose-do-egito","tag-peca-teatral-jose-do-egito","tribe_events_cat-arte","tribe_events_cat-culturais","tribe_events_cat-teatro","cat_arte","cat_culturais","cat_teatro"],"_links":{"self":[{"href":"https:\/\/baruerieventos.com.br\/site\/wp-json\/wp\/v2\/tribe_events\/2737","targetHints":{"allow":["GET"]}}],"collection":[{"href":"https:\/\/baruerieventos.com.br\/site\/wp-json\/wp\/v2\/tribe_events"}],"about":[{"href":"https:\/\/baruerieventos.com.br\/site\/wp-json\/wp\/v2\/types\/tribe_events"}],"author":[{"embeddable":true,"href":"https:\/\/baruerieventos.com.br\/site\/wp-json\/wp\/v2\/users\/2"}],"version-history":[{"count":0,"href":"https:\/\/baruerieventos.com.br\/site\/wp-json\/wp\/v2\/tribe_events\/2737\/revisions"}],"wp:featuredmedia":[{"embeddable":true,"href":"https:\/\/baruerieventos.com.br\/site\/wp-json\/"}],"wp:attachment":[{"href":"https:\/\/baruerieventos.com.br\/site\/wp-json\/wp\/v2\/media?parent=2737"}],"wp:term":[{"taxonomy":"post_tag","embeddable":true,"href":"https:\/\/baruerieventos.com.br\/site\/wp-json\/wp\/v2\/tags?post=2737"},{"taxonomy":"tribe_events_cat","embeddable":true,"href":"https:\/\/baruerieventos.com.br\/site\/wp-json\/wp\/v2\/tribe_events_cat?post=2737"}],"curies":[{"name":"wp","href":"https:\/\/api.w.org\/{rel}","templated":true}]}}

José do Egito &#8211; A peça Teatral

<div>Esse ano o grupo Ato Profético pretende inovar em sua apresentação no teatro municipal de Barueri, a peça desse ano contará com a trilha sonora ao vivo ao som de orquestra.</div>
<div>
<div><span style="font-family: Arial, Verdana;">A peça terá duração de 1h30 aproximadamente, com 5 cenários incríveis que prometem impressionar trazendo ao palco o Egito antigo, mostrando a historia de José e o quanto Deus era na vida dele e de sua família.</span></div>
<div><span style="font-family: Arial, Verdana;">O grande diferencial desse novo projeto ficou por conta das cenas com formato musical, serão 84 pessoas envolvidas na apresentação, dentre eles atores, bailarinas, back vocal, músicos e equipe de produção para realizar esse projeto de Arte e Fé</span></div>
</div>
<div></div>
<div><span style="font-family: Arial, Verdana;"> </span></div>
<div><span style="font-family: Arial, Verdana;">Apresentações:</span></div>
<div><span style="font-family: Arial, Verdana;"> </span></div>
<div><span style="font-family: Arial, Verdana;">20/05/17 &#8211; Sábado às 19:30 horas</span></div>
<div><span style="font-family: Arial, Verdana;"> </span></div>
<div>
<p><span style="font-family: Arial, Verdana;">21/05/17 &#8211; Domingo às 15:00 horas</span></p>
<p>Classificação: Livre</p>
</div>
<div><span style="font-family: Arial, Verdana;"> </span></div>
<div><span style="font-family: Arial, Verdana;">Valor do Ingresso (10,00 &#8211; Preço Único &#8211; Todos pagam meia nesse espetáculo)</span></div>
<p>&nbsp;</p>
<p><a href="https://www.sympla.com.br/jose-do-egito__125103" target="_blank">Garanta os seus ingressos para o evento</a></p>
<p><a href="https://baruerieventos.com.br/site/wp-content/uploads/2017/04/18010952_1226518037446735_5618145987115147014_n.jpg"><img loading="lazy" decoding="async" class="alignleft size-full wp-image-2738" src="https://baruerieventos.com.br/site/wp-content/uploads/2017/04/18010952_1226518037446735_5618145987115147014_n.jpg" alt="" width="644" height="623" /></a></p>

<p>Esse ano o grupo Ato Profético pretende inovar em sua apresentação no teatro municipal de Barueri, a peça desse ano contará com a trilha sonora ao vivo ao som de [&hellip;]</p>
