{"id":2820,"date":"2017-05-05T17:19:30","date_gmt":"2017-05-05T20:19:30","guid":{"rendered":"http:\/\/baruerieventos.com.br\/site\/?post_type=tribe_events&amp;p=2820"},"modified":"2017-05-05T17:19:30","modified_gmt":"2017-05-05T20:19:30","slug":"feira-de-artes-em-aldeia-da-serra","status":"publish","type":"tribe_events","link":"https:\/\/baruerieventos.com.br\/site\/event\/feira-de-artes-em-aldeia-da-serra\/","title":{"rendered":"Feira de Artes em Aldeia da Serra"},"content":{"rendered":"<p>A\u00a0Feira de Artes, Decora\u00e7\u00e3o e Artesanato estar\u00e1 neste fim de semana (s\u00e1bado e domingo, dias 6 e 7) em Aldeia da Serra. O evento acontece das 10 \u00e0s 18 horas, na esquina das avenidas dos Patos e Mirim.Organizada pela Secretaria de Desenvolvimento Econ\u00f4mico e Trabalho de Barueri (pasta respons\u00e1vel pelos setores de ind\u00fastria e com\u00e9rcio), a Feira reunir\u00e1 no bairro mais de 60 expositores.<\/p>\n<p>O objetivo da Feira de Artes \u00e9 criar oportunidades para pequenos e m\u00e9dios empreendedores da cidade.<\/p>\n<p>Mas al\u00e9m do fomento ao empreendedorismo com o com\u00e9rcio de m\u00f3veis, telas, esculturas e outros objetos artesanais de fabrica\u00e7\u00e3o pr\u00f3pria, o evento tamb\u00e9m \u00e9 op\u00e7\u00e3o de lazer e entretenimento para moradores da regi\u00e3o.<\/p>\n<p>Cerca de 10 food trucks de diversas culin\u00e1rias formam uma grande variedade gastron\u00f4mica. Apresenta\u00e7\u00f5es culturais e m\u00fasica ao vivo completam o ambiente.<\/p>\n","protected":false},"excerpt":{"rendered":"<p>A\u00a0Feira de Artes, Decora\u00e7\u00e3o e Artesanato estar\u00e1 neste fim de semana (s\u00e1bado e domingo, dias 6 e 7) em Aldeia da Serra. O evento acontece das 10 \u00e0s 18 horas, [&hellip;]<\/p>\n","protected":false},"author":2,"featured_media":2821,"template":"","meta":{"_tribe_events_status":"","_tribe_events_status_reason":"","footnotes":""},"tags":[2719,2723,5740],"tribe_events_cat":[6729,6738,6741,6742],"class_list":["post-2820","tribe_events","type-tribe_events","status-publish","has-post-thumbnail","hentry","tag-feira-de-artes-de-aldeia-da-serra","tag-feira-de-artesanato","tag-secretaria-de-desenvolvimento-economico-e-trabalho-de-barueri","tribe_events_cat-arte","tribe_events_cat-culturais","tribe_events_cat-evento-gratuito","tribe_events_cat-feiras-e-exposicoes","cat_arte","cat_culturais","cat_evento-gratuito","cat_feiras-e-exposicoes"],"_links":{"self":[{"href":"https:\/\/baruerieventos.com.br\/site\/wp-json\/wp\/v2\/tribe_events\/2820","targetHints":{"allow":["GET"]}}],"collection":[{"href":"https:\/\/baruerieventos.com.br\/site\/wp-json\/wp\/v2\/tribe_events"}],"about":[{"href":"https:\/\/baruerieventos.com.br\/site\/wp-json\/wp\/v2\/types\/tribe_events"}],"author":[{"embeddable":true,"href":"https:\/\/baruerieventos.com.br\/site\/wp-json\/wp\/v2\/users\/2"}],"version-history":[{"count":0,"href":"https:\/\/baruerieventos.com.br\/site\/wp-json\/wp\/v2\/tribe_events\/2820\/revisions"}],"wp:featuredmedia":[{"embeddable":true,"href":"https:\/\/baruerieventos.com.br\/site\/wp-json\/"}],"wp:attachment":[{"href":"https:\/\/baruerieventos.com.br\/site\/wp-json\/wp\/v2\/media?parent=2820"}],"wp:term":[{"taxonomy":"post_tag","embeddable":true,"href":"https:\/\/baruerieventos.com.br\/site\/wp-json\/wp\/v2\/tags?post=2820"},{"taxonomy":"tribe_events_cat","embeddable":true,"href":"https:\/\/baruerieventos.com.br\/site\/wp-json\/wp\/v2\/tribe_events_cat?post=2820"}],"curies":[{"name":"wp","href":"https:\/\/api.w.org\/{rel}","templated":true}]}}

<p>A Feira de Artes, Decoração e Artesanato estará neste fim de semana (sábado e domingo, dias 6 e 7) em Aldeia da Serra. O evento acontece das 10 às 18 horas, na esquina das avenidas dos Patos e Mirim.Organizada pela Secretaria de Desenvolvimento Econômico e Trabalho de Barueri (pasta responsável pelos setores de indústria e comércio), a Feira reunirá no bairro mais de 60 expositores.</p>
<p>O objetivo da Feira de Artes é criar oportunidades para pequenos e médios empreendedores da cidade.</p>
<p>Mas além do fomento ao empreendedorismo com o comércio de móveis, telas, esculturas e outros objetos artesanais de fabricação própria, o evento também é opção de lazer e entretenimento para moradores da região.</p>
<p>Cerca de 10 food trucks de diversas culinárias formam uma grande variedade gastronômica. Apresentações culturais e música ao vivo completam o ambiente.</p>

<p>A Feira de Artes, Decoração e Artesanato estará neste fim de semana (sábado e domingo, dias 6 e 7) em Aldeia da Serra. O evento acontece das 10 às 18 horas, [&hellip;]</p>
