{"id":2836,"date":"2017-05-05T20:19:49","date_gmt":"2017-05-05T23:19:49","guid":{"rendered":"http:\/\/baruerieventos.com.br\/site\/?post_type=tribe_events&amp;p=2836"},"modified":"2017-05-05T20:19:49","modified_gmt":"2017-05-05T23:19:49","slug":"v-coloquio-de-eventos-fatec-barueri","status":"publish","type":"tribe_events","link":"https:\/\/baruerieventos.com.br\/site\/event\/v-coloquio-de-eventos-fatec-barueri\/","title":{"rendered":"V Col\u00f3quio de Eventos FATEC Barueri"},"content":{"rendered":"<p>O Col\u00f3quio de 2017 trabalhar\u00e1 com o tema de Tecnologia o objetivo \u00e9 passar conhecimento e informa\u00e7\u00e3o aos alunos da \u00e1rea, onde os palestrantes compartilham suas ideias e experi\u00eancias.<\/p>\n<p><strong>Voc\u00ea sabe o que \u00e9 um Col\u00f3quio?<\/strong><\/p>\n<p>O termo latim &#8220;coll\u014fqui&#8221; (conversar, conferenciar) derivou em colloqu\u012dum, que chegou ao nosso idioma como col\u00f3quio. O conceito faz refer\u00eancia \u00e0 conversa\u00e7\u00e3o entre duas ou mais pessoas.<br \/>\nCol\u00f3quio diz respeito \u00e0 reuni\u00e3o que permite debater um assunto, com a participa\u00e7\u00e3o de um n\u00famero limitado de pessoas. Neste sentido, col\u00f3quio pode associar-se a mesa redonda, confer\u00eancia, painel ou debate. Aqueles que participam no col\u00f3quio trocam opini\u00f5es e experi\u00ea<span class=\"text_exposed_show\">ncias, na presen\u00e7a de um audit\u00f3rio.<\/span><\/p>\n<p><strong>Tema do dia 09:<\/strong><br \/>\nHackathon \u2013 O fomento a novas tecnologias atrav\u00e9s de grandes eventos.<\/p>\n<p><strong>Tema do dia 10:<\/strong><br \/>\nEventos de Tecnologia realizados pelo Mercado Livre.<\/p>\n<p>Palestrantes confirmados:<\/p>\n<p><a href=\"https:\/\/baruerieventos.com.br\/site\/wp-content\/uploads\/2017\/05\/18268290_763031973868945_7862748242260016830_n.jpg\"><img loading=\"lazy\" decoding=\"async\" class=\"alignleft size-full wp-image-2840\" src=\"https:\/\/baruerieventos.com.br\/site\/wp-content\/uploads\/2017\/05\/18268290_763031973868945_7862748242260016830_n.jpg\" alt=\"\" width=\"960\" height=\"675\" \/><\/a><\/p>\n","protected":false},"excerpt":{"rendered":"<p>O Col\u00f3quio de 2017 trabalhar\u00e1 com o tema de Tecnologia o objetivo \u00e9 passar conhecimento e informa\u00e7\u00e3o aos alunos da \u00e1rea, onde os palestrantes compartilham suas ideias e experi\u00eancias. Voc\u00ea [&hellip;]<\/p>\n","protected":false},"author":2,"featured_media":2837,"template":"","meta":{"_tribe_events_status":"","_tribe_events_status_reason":"","footnotes":""},"tags":[1172,3308,4531,6424,6425],"tribe_events_cat":[6728,6737,6741,6752,6755],"class_list":["post-2836","tribe_events","type-tribe_events","status-publish","has-post-thumbnail","hentry","tag-camila-florentino-celebrar-co","tag-guilherme-mazzola","tag-nicolas-coniglio-mercado-livre","tag-v-coloquio-de-eventos","tag-v-coloquio-de-eventos-fatec-barueri","tribe_events_cat-academicos","tribe_events_cat-conferencias","tribe_events_cat-evento-gratuito","tribe_events_cat-palestras","tribe_events_cat-seminarios-e-congressos","cat_academicos","cat_conferencias","cat_evento-gratuito","cat_palestras","cat_seminarios-e-congressos"],"_links":{"self":[{"href":"https:\/\/baruerieventos.com.br\/site\/wp-json\/wp\/v2\/tribe_events\/2836","targetHints":{"allow":["GET"]}}],"collection":[{"href":"https:\/\/baruerieventos.com.br\/site\/wp-json\/wp\/v2\/tribe_events"}],"about":[{"href":"https:\/\/baruerieventos.com.br\/site\/wp-json\/wp\/v2\/types\/tribe_events"}],"author":[{"embeddable":true,"href":"https:\/\/baruerieventos.com.br\/site\/wp-json\/wp\/v2\/users\/2"}],"version-history":[{"count":0,"href":"https:\/\/baruerieventos.com.br\/site\/wp-json\/wp\/v2\/tribe_events\/2836\/revisions"}],"wp:featuredmedia":[{"embeddable":true,"href":"https:\/\/baruerieventos.com.br\/site\/wp-json\/"}],"wp:attachment":[{"href":"https:\/\/baruerieventos.com.br\/site\/wp-json\/wp\/v2\/media?parent=2836"}],"wp:term":[{"taxonomy":"post_tag","embeddable":true,"href":"https:\/\/baruerieventos.com.br\/site\/wp-json\/wp\/v2\/tags?post=2836"},{"taxonomy":"tribe_events_cat","embeddable":true,"href":"https:\/\/baruerieventos.com.br\/site\/wp-json\/wp\/v2\/tribe_events_cat?post=2836"}],"curies":[{"name":"wp","href":"https:\/\/api.w.org\/{rel}","templated":true}]}}

V Colóquio de Eventos FATEC Barueri

<p>O Colóquio de 2017 trabalhará com o tema de Tecnologia o objetivo é passar conhecimento e informação aos alunos da área, onde os palestrantes compartilham suas ideias e experiências.</p>
<p><strong>Você sabe o que é um Colóquio?</strong></p>
<p>O termo latim &#8220;collŏqui&#8221; (conversar, conferenciar) derivou em colloquĭum, que chegou ao nosso idioma como colóquio. O conceito faz referência à conversação entre duas ou mais pessoas.<br />
Colóquio diz respeito à reunião que permite debater um assunto, com a participação de um número limitado de pessoas. Neste sentido, colóquio pode associar-se a mesa redonda, conferência, painel ou debate. Aqueles que participam no colóquio trocam opiniões e experiê<span class="text_exposed_show">ncias, na presença de um auditório.</span></p>
<p><strong>Tema do dia 09:</strong><br />
Hackathon – O fomento a novas tecnologias através de grandes eventos.</p>
<p><strong>Tema do dia 10:</strong><br />
Eventos de Tecnologia realizados pelo Mercado Livre.</p>
<p>Palestrantes confirmados:</p>
<p><a href="https://baruerieventos.com.br/site/wp-content/uploads/2017/05/18268290_763031973868945_7862748242260016830_n.jpg"><img loading="lazy" decoding="async" class="alignleft size-full wp-image-2840" src="https://baruerieventos.com.br/site/wp-content/uploads/2017/05/18268290_763031973868945_7862748242260016830_n.jpg" alt="" width="960" height="675" /></a></p>

<p>O Colóquio de 2017 trabalhará com o tema de Tecnologia o objetivo é passar conhecimento e informação aos alunos da área, onde os palestrantes compartilham suas ideias e experiências. Você [&hellip;]</p>
