{"id":2916,"date":"2017-05-18T14:21:07","date_gmt":"2017-05-18T17:21:07","guid":{"rendered":"http:\/\/baruerieventos.com.br\/site\/?post_type=tribe_events&amp;p=2916"},"modified":"2017-05-18T14:21:07","modified_gmt":"2017-05-18T17:21:07","slug":"oeste-fc-x-criciuma-2a-rodada-do-brasileiro-serie-b-na-arena-barueri","status":"publish","type":"tribe_events","link":"https:\/\/baruerieventos.com.br\/site\/event\/oeste-fc-x-criciuma-2a-rodada-do-brasileiro-serie-b-na-arena-barueri\/","title":{"rendered":"Oeste FC x Crici\u00fama &#8211; 2\u00aa rodada do Brasileiro s\u00e9rie B na Arena Barueri"},"content":{"rendered":"<p>O Oeste FC volta a campo neste s\u00e1bado, dia 20, \u00e0s 16h30, para enfrentar o Crici\u00fama pela segunda rodada do Campeonato Brasileiro da S\u00e9rie B. O jogo ser\u00e1 realizado na Arena Barueri, sede de todos os jogos do time neste torneio.<\/p>\n<p>O Oeste estreou com derrota, 2 a 0 para o Paysandu, no \u00faltimo s\u00e1bado, dia 13, em Bel\u00e9m do Par\u00e1 e uma vit\u00f3ria nesta segunda rodada \u00e9 de extrema import\u00e2ncia para as pretens\u00f5es do time, mesmo com o campeonato apenas come\u00e7ando.<\/p>\n<p>Para o t\u00e9cnico Roberto Cavalo, uma vit\u00f3ria \u00e9 fundamental para dar tranquilidade ao time, que quase foi rebaixado para a 3\u00aa divis\u00e3o do futebol paulista. \u201cSabemos da nossa responsabilidade. N\u00e3o fomos bem no Paulista e agora temos que elevar o n\u00edvel do nosso futebol se quisermos sonhar grande\u201d, disse o comandante.<\/p>\n<p>Entrada Franca.<\/p>\n","protected":false},"excerpt":{"rendered":"<p>O Oeste FC volta a campo neste s\u00e1bado, dia 20, \u00e0s 16h30, para enfrentar o Crici\u00fama pela segunda rodada do Campeonato Brasileiro da S\u00e9rie B. O jogo ser\u00e1 realizado na [&hellip;]<\/p>\n","protected":false},"author":2,"featured_media":2917,"template":"","meta":{"_tribe_events_status":"","_tribe_events_status_reason":"","footnotes":""},"tags":[1200,4664,6202],"tribe_events_cat":[6740,6741],"class_list":["post-2916","tribe_events","type-tribe_events","status-publish","has-post-thumbnail","hentry","tag-campeonato-brasileiro-da-serie-b","tag-oeste-fc","tag-tecnico-roberto-cavalo","tribe_events_cat-esportivos","tribe_events_cat-evento-gratuito","cat_esportivos","cat_evento-gratuito"],"_links":{"self":[{"href":"https:\/\/baruerieventos.com.br\/site\/wp-json\/wp\/v2\/tribe_events\/2916","targetHints":{"allow":["GET"]}}],"collection":[{"href":"https:\/\/baruerieventos.com.br\/site\/wp-json\/wp\/v2\/tribe_events"}],"about":[{"href":"https:\/\/baruerieventos.com.br\/site\/wp-json\/wp\/v2\/types\/tribe_events"}],"author":[{"embeddable":true,"href":"https:\/\/baruerieventos.com.br\/site\/wp-json\/wp\/v2\/users\/2"}],"version-history":[{"count":0,"href":"https:\/\/baruerieventos.com.br\/site\/wp-json\/wp\/v2\/tribe_events\/2916\/revisions"}],"wp:featuredmedia":[{"embeddable":true,"href":"https:\/\/baruerieventos.com.br\/site\/wp-json\/"}],"wp:attachment":[{"href":"https:\/\/baruerieventos.com.br\/site\/wp-json\/wp\/v2\/media?parent=2916"}],"wp:term":[{"taxonomy":"post_tag","embeddable":true,"href":"https:\/\/baruerieventos.com.br\/site\/wp-json\/wp\/v2\/tags?post=2916"},{"taxonomy":"tribe_events_cat","embeddable":true,"href":"https:\/\/baruerieventos.com.br\/site\/wp-json\/wp\/v2\/tribe_events_cat?post=2916"}],"curies":[{"name":"wp","href":"https:\/\/api.w.org\/{rel}","templated":true}]}}

Oeste FC x Criciúma &#8211; 2ª rodada do Brasileiro série B na Arena Barueri

<p>O Oeste FC volta a campo neste sábado, dia 20, às 16h30, para enfrentar o Criciúma pela segunda rodada do Campeonato Brasileiro da Série B. O jogo será realizado na Arena Barueri, sede de todos os jogos do time neste torneio.</p>
<p>O Oeste estreou com derrota, 2 a 0 para o Paysandu, no último sábado, dia 13, em Belém do Pará e uma vitória nesta segunda rodada é de extrema importância para as pretensões do time, mesmo com o campeonato apenas começando.</p>
<p>Para o técnico Roberto Cavalo, uma vitória é fundamental para dar tranquilidade ao time, que quase foi rebaixado para a 3ª divisão do futebol paulista. “Sabemos da nossa responsabilidade. Não fomos bem no Paulista e agora temos que elevar o nível do nosso futebol se quisermos sonhar grande”, disse o comandante.</p>
<p>Entrada Franca.</p>

<p>O Oeste FC volta a campo neste sábado, dia 20, às 16h30, para enfrentar o Criciúma pela segunda rodada do Campeonato Brasileiro da Série B. O jogo será realizado na [&hellip;]</p>
