{"id":3137,"date":"2017-06-23T22:41:34","date_gmt":"2017-06-24T01:41:34","guid":{"rendered":"http:\/\/baruerieventos.com.br\/site\/?post_type=tribe_events&amp;p=3137"},"modified":"2017-06-23T22:41:34","modified_gmt":"2017-06-24T01:41:34","slug":"xvii-arraia-da-apae-barueri-festa-na-roca","status":"publish","type":"tribe_events","link":"https:\/\/baruerieventos.com.br\/site\/event\/xvii-arraia-da-apae-barueri-festa-na-roca\/","title":{"rendered":"XVII Arrai\u00e1 da APAE Barueri &#8211; Festa na Ro\u00e7a"},"content":{"rendered":"<div class=\"_2qgs\"><span class=\"_4n-j _fbReactionComponent__eventDetailsContentTags fsl\" data-testid=\"event-permalink-details\">XVII Arrai\u00e1 da APAE Barueri &#8211; Festa na Ro\u00e7a!<br \/>\nComidas tipicas, quadrilhas, m\u00fasica ao vivo, brincadeiras!!!<br \/>\nVenha participar! Voc\u00ea n\u00e3o vai ficar fora dessa n\u00e9?!<\/span><\/div>\n<div class=\"_2qgs\"><\/div>\n<div class=\"_2qgs\"><span class=\"_4n-j _fbReactionComponent__eventDetailsContentTags fsl\" data-testid=\"event-permalink-details\">Local: EMEF Onofra da Silva (Ao lado da APAE Barueri).<\/span><\/div>\n","protected":false},"excerpt":{"rendered":"<p>XVII Arrai\u00e1 da APAE Barueri &#8211; Festa na Ro\u00e7a! Comidas tipicas, quadrilhas, m\u00fasica ao vivo, brincadeiras!!! Venha participar! Voc\u00ea n\u00e3o vai ficar fora dessa n\u00e9?! Local: EMEF Onofra da Silva [&hellip;]<\/p>\n","protected":false},"author":2,"featured_media":3138,"template":"","meta":{"_tribe_events_status":"","_tribe_events_status_reason":"","footnotes":""},"tags":[521,2337,2844,2847,2857,6679],"tribe_events_cat":[6732,6738,6739,6741,6742,6744,6750],"class_list":["post-3137","tribe_events","type-tribe_events","status-publish","has-post-thumbnail","hentry","tag-apae-baruer","tag-emef-onofra-da-silva","tag-festa-julina","tag-festa-julina-na-apae-barueri","tag-festa-na-roca","tag-xvii-arraia-da-apae-barueri","tribe_events_cat-beneficientes","tribe_events_cat-culturais","tribe_events_cat-danca","tribe_events_cat-evento-gratuito","tribe_events_cat-feiras-e-exposicoes","tribe_events_cat-gastronomico","tribe_events_cat-musicais","cat_beneficientes","cat_culturais","cat_danca","cat_evento-gratuito","cat_feiras-e-exposicoes","cat_gastronomico","cat_musicais"],"_links":{"self":[{"href":"https:\/\/baruerieventos.com.br\/site\/wp-json\/wp\/v2\/tribe_events\/3137","targetHints":{"allow":["GET"]}}],"collection":[{"href":"https:\/\/baruerieventos.com.br\/site\/wp-json\/wp\/v2\/tribe_events"}],"about":[{"href":"https:\/\/baruerieventos.com.br\/site\/wp-json\/wp\/v2\/types\/tribe_events"}],"author":[{"embeddable":true,"href":"https:\/\/baruerieventos.com.br\/site\/wp-json\/wp\/v2\/users\/2"}],"version-history":[{"count":0,"href":"https:\/\/baruerieventos.com.br\/site\/wp-json\/wp\/v2\/tribe_events\/3137\/revisions"}],"wp:featuredmedia":[{"embeddable":true,"href":"https:\/\/baruerieventos.com.br\/site\/wp-json\/"}],"wp:attachment":[{"href":"https:\/\/baruerieventos.com.br\/site\/wp-json\/wp\/v2\/media?parent=3137"}],"wp:term":[{"taxonomy":"post_tag","embeddable":true,"href":"https:\/\/baruerieventos.com.br\/site\/wp-json\/wp\/v2\/tags?post=3137"},{"taxonomy":"tribe_events_cat","embeddable":true,"href":"https:\/\/baruerieventos.com.br\/site\/wp-json\/wp\/v2\/tribe_events_cat?post=3137"}],"curies":[{"name":"wp","href":"https:\/\/api.w.org\/{rel}","templated":true}]}}

XVII Arraiá da APAE Barueri &#8211; Festa na Roça

<div class="_2qgs"><span class="_4n-j _fbReactionComponent__eventDetailsContentTags fsl" data-testid="event-permalink-details">XVII Arraiá da APAE Barueri &#8211; Festa na Roça!<br />
Comidas tipicas, quadrilhas, música ao vivo, brincadeiras!!!<br />
Venha participar! Você não vai ficar fora dessa né?!</span></div>
<div class="_2qgs"></div>
<div class="_2qgs"><span class="_4n-j _fbReactionComponent__eventDetailsContentTags fsl" data-testid="event-permalink-details">Local: EMEF Onofra da Silva (Ao lado da APAE Barueri).</span></div>

<p>XVII Arraiá da APAE Barueri &#8211; Festa na Roça! Comidas tipicas, quadrilhas, música ao vivo, brincadeiras!!! Venha participar! Você não vai ficar fora dessa né?! Local: EMEF Onofra da Silva [&hellip;]</p>
