{"id":3220,"date":"2017-08-10T21:16:45","date_gmt":"2017-08-11T00:16:45","guid":{"rendered":"http:\/\/baruerieventos.com.br\/site\/?post_type=tribe_events&amp;p=3220"},"modified":"2017-08-10T21:16:45","modified_gmt":"2017-08-11T00:16:45","slug":"marcelo-jeneci-em-barueri","status":"publish","type":"tribe_events","link":"https:\/\/baruerieventos.com.br\/site\/event\/marcelo-jeneci-em-barueri\/","title":{"rendered":"Marcelo Jeneci em Barueri"},"content":{"rendered":"<p>\u00c9 neste s\u00e1bado, 12, \u00e0s 21h, que Marcelo Jeneci, jovem talento da m\u00fasica brasileira, vem ao Teatro Municipal de Barueri apresentar seu novo espet\u00e1culo em formato solo e intimista.<\/p>\n<p>O show traz sucessos de seus dois discos em novo formato e can\u00e7\u00f5es in\u00e9ditas; o cantor\u00a0<b>Marcelo Jeneci<\/b>\u00a0se lan\u00e7a em um novo desafio: subir ao palco sozinho para apresentar o seu repert\u00f3rio de sucessos e algumas in\u00e9ditas.<\/p>\n<p>Pela primeira vez, o artista se despe completamente de toda a estrutura de banda para mostrar suas can\u00e7\u00f5es em estado bruto, do jeito que vieram ao mundo. O show solo nasceu da vontade de explorar ainda mais as fun\u00e7\u00f5es de cantor, instrumentista e compositor que Jeneci vem amadurecendo ao longo de sua vida. Maturidade essa que se reflete no seu crescimento no palco e no reconhecimento cada vez maior de seu trabalho.<\/p>\n<p>Jeneci Solo por Jeneci:\u00a0<i>\u201cNesse novo show me coloco em ultra-exposi\u00e7\u00e3o com liberdade musical absoluta pra aproximar ainda mais o ouvinte da minha c\u00e9lula \u00edntima da cria\u00e7\u00e3o. Entre piano, sintetizadores e sanfona no palco, poderei mostrar os dois mundos que colidiram em minha forma\u00e7\u00e3o musical: o do instrumentista e o do cancioneiro\/cantor. Trarei m\u00fasicas que antecedem minha chegada ao universo da can\u00e7\u00e3o, como o soneto que fiz aos 15 anos, pontuando esse primeiro momento como compositor pianista. J\u00e1 com a sanfona no colo, mostrarei outras e todas elas em seu estado transl\u00facido. Voo livre pra dentro da estrutura interna de cada can\u00e7\u00e3o.\u201d<\/i><\/p>\n<div id=\"flyer\"><\/div>\n<p>&nbsp;<\/p>\n<p><a href=\"https:\/\/ticketbrasil.com.br\/show\/5230-marcelojeneci-barueri-sp\/ingressos\/\" target=\"_blank\" rel=\"noopener noreferrer\">Os ingressos j\u00e1 est\u00e3o \u00e0 venda\u00a0online.<\/a><\/p>\n<p>&nbsp;<\/p>\n<p><iframe loading=\"lazy\" src=\"https:\/\/www.youtube.com\/embed\/qaFYwQS8gQQ\" width=\"560\" height=\"315\" frameborder=\"0\" allowfullscreen=\"allowfullscreen\"><\/iframe><\/p>\n<p>Mais informa\u00e7\u00f5es: 4198-0972.<\/p>\n<p>&nbsp;<\/p>\n","protected":false},"excerpt":{"rendered":"<p>\u00c9 neste s\u00e1bado, 12, \u00e0s 21h, que Marcelo Jeneci, jovem talento da m\u00fasica brasileira, vem ao Teatro Municipal de Barueri apresentar seu novo espet\u00e1culo em formato solo e intimista. O [&hellip;]<\/p>\n","protected":false},"author":2,"featured_media":3221,"template":"","meta":{"_tribe_events_status":"","_tribe_events_status_reason":"","footnotes":""},"tags":[4063,4064],"tribe_events_cat":[6738,6750,6756],"class_list":["post-3220","tribe_events","type-tribe_events","status-publish","has-post-thumbnail","hentry","tag-marcelo-jeneci","tag-marcelo-jeneci-em-barueri","tribe_events_cat-culturais","tribe_events_cat-musicais","tribe_events_cat-shows","cat_culturais","cat_musicais","cat_shows"],"_links":{"self":[{"href":"https:\/\/baruerieventos.com.br\/site\/wp-json\/wp\/v2\/tribe_events\/3220","targetHints":{"allow":["GET"]}}],"collection":[{"href":"https:\/\/baruerieventos.com.br\/site\/wp-json\/wp\/v2\/tribe_events"}],"about":[{"href":"https:\/\/baruerieventos.com.br\/site\/wp-json\/wp\/v2\/types\/tribe_events"}],"author":[{"embeddable":true,"href":"https:\/\/baruerieventos.com.br\/site\/wp-json\/wp\/v2\/users\/2"}],"version-history":[{"count":0,"href":"https:\/\/baruerieventos.com.br\/site\/wp-json\/wp\/v2\/tribe_events\/3220\/revisions"}],"wp:featuredmedia":[{"embeddable":true,"href":"https:\/\/baruerieventos.com.br\/site\/wp-json\/"}],"wp:attachment":[{"href":"https:\/\/baruerieventos.com.br\/site\/wp-json\/wp\/v2\/media?parent=3220"}],"wp:term":[{"taxonomy":"post_tag","embeddable":true,"href":"https:\/\/baruerieventos.com.br\/site\/wp-json\/wp\/v2\/tags?post=3220"},{"taxonomy":"tribe_events_cat","embeddable":true,"href":"https:\/\/baruerieventos.com.br\/site\/wp-json\/wp\/v2\/tribe_events_cat?post=3220"}],"curies":[{"name":"wp","href":"https:\/\/api.w.org\/{rel}","templated":true}]}}

<p>É neste sábado, 12, às 21h, que Marcelo Jeneci, jovem talento da música brasileira, vem ao Teatro Municipal de Barueri apresentar seu novo espetáculo em formato solo e intimista.</p>
<p>O show traz sucessos de seus dois discos em novo formato e canções inéditas; o cantor <b>Marcelo Jeneci</b> se lança em um novo desafio: subir ao palco sozinho para apresentar o seu repertório de sucessos e algumas inéditas.</p>
<p>Pela primeira vez, o artista se despe completamente de toda a estrutura de banda para mostrar suas canções em estado bruto, do jeito que vieram ao mundo. O show solo nasceu da vontade de explorar ainda mais as funções de cantor, instrumentista e compositor que Jeneci vem amadurecendo ao longo de sua vida. Maturidade essa que se reflete no seu crescimento no palco e no reconhecimento cada vez maior de seu trabalho.</p>
<p>Jeneci Solo por Jeneci: <i>“Nesse novo show me coloco em ultra-exposição com liberdade musical absoluta pra aproximar ainda mais o ouvinte da minha célula íntima da criação. Entre piano, sintetizadores e sanfona no palco, poderei mostrar os dois mundos que colidiram em minha formação musical: o do instrumentista e o do cancioneiro/cantor. Trarei músicas que antecedem minha chegada ao universo da canção, como o soneto que fiz aos 15 anos, pontuando esse primeiro momento como compositor pianista. Já com a sanfona no colo, mostrarei outras e todas elas em seu estado translúcido. Voo livre pra dentro da estrutura interna de cada canção.”</i></p>
<div id="flyer"></div>
<p>&nbsp;</p>
<p><a href="https://ticketbrasil.com.br/show/5230-marcelojeneci-barueri-sp/ingressos/" target="_blank" rel="noopener noreferrer">Os ingressos já estão à venda online.</a></p>
<p>&nbsp;</p>
<p><iframe loading="lazy" src="https://www.youtube.com/embed/qaFYwQS8gQQ" width="560" height="315" frameborder="0" allowfullscreen="allowfullscreen"></iframe></p>
<p>Mais informações: 4198-0972.</p>
<p>&nbsp;</p>

<p>É neste sábado, 12, às 21h, que Marcelo Jeneci, jovem talento da música brasileira, vem ao Teatro Municipal de Barueri apresentar seu novo espetáculo em formato solo e intimista. O [&hellip;]</p>
