{"id":3723,"date":"2017-12-07T17:31:45","date_gmt":"2017-12-07T19:31:45","guid":{"rendered":"http:\/\/baruerieventos.com.br\/site\/?post_type=tribe_events&amp;p=3723"},"modified":"2017-12-07T17:31:45","modified_gmt":"2017-12-07T19:31:45","slug":"3723","status":"publish","type":"tribe_events","link":"https:\/\/baruerieventos.com.br\/site\/event\/3723\/","title":{"rendered":"Programa\u00e7\u00e3o de Natal de Barueri"},"content":{"rendered":"<p><span class=\"_4n-j _fbReactionComponent__eventDetailsContentTags fsl\" data-testid=\"event-permalink-details\">A Secretaria de Cultura e Turismo de Barueri apresenta o Natal Encantado de Barueri, Luzes, Artes e Sonhos, uma s\u00e9rie de eventos especiais para comemorar a data mais m\u00e1gica do ano!<\/span><\/p>\n<p>\u2013\u2013\u2013\u2013\u2013\u2013\u2013\u2013\u2013\u2013\u2013\u2013\u2013\u2013\u2013\u2013\u2013\u2013 PROGRAMA\u00c7\u00c3O \u2013\u2013\u2013\u2013\u2013\u2013\u2013\u2013\u2013\u2013\u2013\u2013\u2013\u2013\u2013\u2013\u2013\u2013<\/p>\n<p>[09\/12 &#8211; s\u00e1bado]<br \/>\n[20h] Abertura da Ilumina\u00e7\u00e3o de Natal &#8211; com Maestro Jo\u00e3o Carlos Martins e Orquestra Bachiana.<\/p>\n<p>[10\/12 &#8211; domingo]<br \/>\n[20h] Orquestra Renovasom.<\/p>\n<p>[11\/12 &#8211; segunda]<br \/>\n[20h] Suite do Ballet &#8216;O Quebra Nozes&#8217; &#8211; com Cicero Gomes e Coral das Oficinas de Artes.<\/p>\n<p>[12\/12 &#8211; ter\u00e7a]<br \/>\n[20h] Orquestra Promoart.<\/p>\n<p>[13\/12 &#8211; quarta]<br \/>\n[19h] Recital de Piano e N\u00facleo de Dan\u00e7a.<br \/>\n[20h] Recital de Piano e N\u00facleo de Dan\u00e7a.<\/p>\n<p>[14\/12 &#8211; quinta]<br \/>\n[20h] Banda Todas as Notas.<\/p>\n<p>[15\/12 &#8211; sexta]<br \/>\n[20h] Auto de Natal com Lira dos Autos.<\/p>\n<p>[16\/12 &#8211; s\u00e1bado]<br \/>\n[20h] Show Toquinho.<\/p>\n<p>[17\/12] &#8211; domingo]<br \/>\n[17h] Grupo Ensemble e Banda da Guarda Municipal de Barueri &#8211; com N\u00facleo de Dan\u00e7a.<br \/>\n[20h] Grupo Ensemble e Banda da Guarda Municipal de Barueri &#8211; com N\u00facleo de Dan\u00e7a.<\/p>\n<p>[18\/12 &#8211; segunda]<br \/>\n[20h] Orquestra de Cordas do N\u00facleo de M\u00fasica de Barueri.<\/p>\n<p>[19\/12 &#8211; ter\u00e7a]<br \/>\n[20h] Orquestra de Sopro do N\u00facleo de M\u00fasica de Barueri.<\/p>\n<p>[20\/12 &#8211; quarta]<br \/>\n[20h] Recital de Piano.<\/p>\n","protected":false},"excerpt":{"rendered":"<p>A Secretaria de Cultura e Turismo de Barueri apresenta o Natal Encantado de Barueri, Luzes, Artes e Sonhos, uma s\u00e9rie de eventos especiais para comemorar a data mais m\u00e1gica do [&hellip;]<\/p>\n","protected":false},"author":2,"featured_media":3724,"template":"","meta":{"_tribe_events_status":"","_tribe_events_status_reason":"","footnotes":""},"tags":[708,780,848,1491,1755,3265,4001,4763,4765,4770,4779,4780,5261,5390,5943],"tribe_events_cat":[6729,6738,6739,6741,6750,6756],"class_list":["post-3723","tribe_events","type-tribe_events","status-publish","has-post-thumbnail","hentry","tag-auto-de-natal-com-lira-dos-autos","tag-banda-da-guarda-municipal-de-barueri","tag-banda-todas-as-notas","tag-cicero-gomes","tag-coral-das-oficinas-de-artes","tag-grupo-ensemble","tag-maestro-joao-carlos-martins","tag-orquestra-bachiana","tag-orquestra-de-cordas-do-nucleo-de-musica-de-barueri","tag-orquestra-de-sopro-do-nucleo-de-musica-de-barueri","tag-orquestra-promoart","tag-orquestra-renovasom","tag-programacao-de-natal-em-barueri","tag-recital-de-piano","tag-show-toquinho","tribe_events_cat-arte","tribe_events_cat-culturais","tribe_events_cat-danca","tribe_events_cat-evento-gratuito","tribe_events_cat-musicais","tribe_events_cat-shows","cat_arte","cat_culturais","cat_danca","cat_evento-gratuito","cat_musicais","cat_shows"],"_links":{"self":[{"href":"https:\/\/baruerieventos.com.br\/site\/wp-json\/wp\/v2\/tribe_events\/3723","targetHints":{"allow":["GET"]}}],"collection":[{"href":"https:\/\/baruerieventos.com.br\/site\/wp-json\/wp\/v2\/tribe_events"}],"about":[{"href":"https:\/\/baruerieventos.com.br\/site\/wp-json\/wp\/v2\/types\/tribe_events"}],"author":[{"embeddable":true,"href":"https:\/\/baruerieventos.com.br\/site\/wp-json\/wp\/v2\/users\/2"}],"version-history":[{"count":0,"href":"https:\/\/baruerieventos.com.br\/site\/wp-json\/wp\/v2\/tribe_events\/3723\/revisions"}],"wp:featuredmedia":[{"embeddable":true,"href":"https:\/\/baruerieventos.com.br\/site\/wp-json\/"}],"wp:attachment":[{"href":"https:\/\/baruerieventos.com.br\/site\/wp-json\/wp\/v2\/media?parent=3723"}],"wp:term":[{"taxonomy":"post_tag","embeddable":true,"href":"https:\/\/baruerieventos.com.br\/site\/wp-json\/wp\/v2\/tags?post=3723"},{"taxonomy":"tribe_events_cat","embeddable":true,"href":"https:\/\/baruerieventos.com.br\/site\/wp-json\/wp\/v2\/tribe_events_cat?post=3723"}],"curies":[{"name":"wp","href":"https:\/\/api.w.org\/{rel}","templated":true}]}}

Programação de Natal de Barueri

<p><span class="_4n-j _fbReactionComponent__eventDetailsContentTags fsl" data-testid="event-permalink-details">A Secretaria de Cultura e Turismo de Barueri apresenta o Natal Encantado de Barueri, Luzes, Artes e Sonhos, uma série de eventos especiais para comemorar a data mais mágica do ano!</span></p>
<p>–––––––––––––––––– PROGRAMAÇÃO ––––––––––––––––––</p>
<p>[09/12 &#8211; sábado]<br />
[20h] Abertura da Iluminação de Natal &#8211; com Maestro João Carlos Martins e Orquestra Bachiana.</p>
<p>[10/12 &#8211; domingo]<br />
[20h] Orquestra Renovasom.</p>
<p>[11/12 &#8211; segunda]<br />
[20h] Suite do Ballet &#8216;O Quebra Nozes&#8217; &#8211; com Cicero Gomes e Coral das Oficinas de Artes.</p>
<p>[12/12 &#8211; terça]<br />
[20h] Orquestra Promoart.</p>
<p>[13/12 &#8211; quarta]<br />
[19h] Recital de Piano e Núcleo de Dança.<br />
[20h] Recital de Piano e Núcleo de Dança.</p>
<p>[14/12 &#8211; quinta]<br />
[20h] Banda Todas as Notas.</p>
<p>[15/12 &#8211; sexta]<br />
[20h] Auto de Natal com Lira dos Autos.</p>
<p>[16/12 &#8211; sábado]<br />
[20h] Show Toquinho.</p>
<p>[17/12] &#8211; domingo]<br />
[17h] Grupo Ensemble e Banda da Guarda Municipal de Barueri &#8211; com Núcleo de Dança.<br />
[20h] Grupo Ensemble e Banda da Guarda Municipal de Barueri &#8211; com Núcleo de Dança.</p>
<p>[18/12 &#8211; segunda]<br />
[20h] Orquestra de Cordas do Núcleo de Música de Barueri.</p>
<p>[19/12 &#8211; terça]<br />
[20h] Orquestra de Sopro do Núcleo de Música de Barueri.</p>
<p>[20/12 &#8211; quarta]<br />
[20h] Recital de Piano.</p>

<p>A Secretaria de Cultura e Turismo de Barueri apresenta o Natal Encantado de Barueri, Luzes, Artes e Sonhos, uma série de eventos especiais para comemorar a data mais mágica do [&hellip;]</p>
