{"id":3814,"date":"2018-02-08T16:19:58","date_gmt":"2018-02-08T18:19:58","guid":{"rendered":"http:\/\/baruerieventos.com.br\/site\/?post_type=tribe_events&amp;p=3814"},"modified":"2018-02-08T16:19:58","modified_gmt":"2018-02-08T18:19:58","slug":"desfile-de-carnaval-2018","status":"publish","type":"tribe_events","link":"https:\/\/baruerieventos.com.br\/site\/event\/desfile-de-carnaval-2018\/","title":{"rendered":"Desfile de Carnaval 2018"},"content":{"rendered":"<p>Com organiza\u00e7\u00e3o da\u00a0Liesb\u00a0(Liga Independente das Escolas de Samba de Barueri)\u00a0e apoio\u00a0estrutural\u00a0da Prefeitura de Barueri,\u00a0neste s\u00e1bado e domingo (dias 10 e\u00a011)\u00a0acontecem os Desfiles de Carnaval na cidade.<\/p>\n<p>O desfile oficial come\u00e7a \u00e0s 16h,\u00a0em frente ao\u00a0Gin\u00e1sio Poliesportivo Jos\u00e9 Corr\u00eaa\u00a0(na\u00a0avenida\u00a0Guilherme Perereca\u00a0Guglielmo, 1000,\u00a0Centro), mas a partir das 13h haver\u00e1 matin\u00ea.<\/p>\n<p>Como os desfiles come\u00e7am cedo,\u00a0o evento ser\u00e1 mais uma op\u00e7\u00e3o para as fam\u00edlias prestigiarem, levando as crian\u00e7as fantasiadas. A anima\u00e7\u00e3o ficar\u00e1 por conta do DJ Buda\u00a0e\u00a0haver\u00e1 marchinha, espuma, serpentina e muita m\u00fasica para toda a fam\u00edlia curtir e se divertir.\u00a0Durante a matin\u00ea ter\u00e1 premia\u00e7\u00e3o para as melhores fantasias.<\/p>\n<p>\u201cAp\u00f3s uma pausa de 16 anos agora teremos um desfile oficial na cidade de Barueri. Fizemos uma manifesta\u00e7\u00e3o cultural em 2015\u00a0e\u00a02016,\u00a0e com a nova dire\u00e7\u00e3o da\u00a0Liga\u00a0decidimos fazer um carnaval p\u00e9s\u00a0no ch\u00e3o para voltar a ganhar confian\u00e7a e credibilidade\u00a0com\u00a0a popula\u00e7\u00e3o\u201d, ressaltou Alexandre Andr\u00e9, presidente da\u00a0Liesb.<\/p>\n<p style=\"text-align: left;\"><strong>Programa\u00e7\u00e3o<\/strong><\/p>\n<p><strong>S\u00e1bado 10\/2\u00a0\u00a0<\/strong><\/p>\n<p>16h\u00a0\u2013\u00a0Corte\u00a02018<\/p>\n<p>17h \u2013 Mocidade\u00a0Mariha<\/p>\n<p>18h \u2013 Unidos do Paulista<\/p>\n<p>19h \u2013 S\u00e3o Jorge<\/p>\n<p>20h \u2013 Eng. Da Gente<\/p>\n<p>&nbsp;<\/p>\n<p><strong>Domingo 11\/02\u00a0<\/strong><\/p>\n<p>16h \u2013 Unidos do Jardim\u00a0Belval<\/p>\n<p>17h \u2013 Ganga<\/p>\n<p>18h \u2013 Cacique da Vila<\/p>\n<p>19h \u2013 Uni\u00e3o das Vilas<\/p>\n<p>20h \u2013 Oba \u2013 Oba<\/p>\n","protected":false},"excerpt":{"rendered":"<p>Com organiza\u00e7\u00e3o da\u00a0Liesb\u00a0(Liga Independente das Escolas de Samba de Barueri)\u00a0e apoio\u00a0estrutural\u00a0da Prefeitura de Barueri,\u00a0neste s\u00e1bado e domingo (dias 10 e\u00a011)\u00a0acontecem os Desfiles de Carnaval na cidade. O desfile oficial come\u00e7a [&hellip;]<\/p>\n","protected":false},"author":2,"featured_media":3810,"template":"","meta":{"_tribe_events_status":"","_tribe_events_status_reason":"","footnotes":""},"tags":[353,1143,2051,2052,2058,2059,2365,3104,3880,3888,4331,4637,5213,5675,6404,6409,6410],"tribe_events_cat":[6738,6739,6741,6750,6756],"class_list":["post-3814","tribe_events","type-tribe_events","status-publish","has-post-thumbnail","hentry","tag-alexandre-andre","tag-cacique-da-vila","tag-desfile-de-carnaval-2018","tag-desfile-de-carnaval-em-barueri","tag-desfiles-de-carnaval","tag-desfiles-de-carnaval-na-cidade","tag-eng-da-gente","tag-ganga","tag-liesb","tag-liga-independente-das-escolas-de-samba-de-barueri","tag-mocidade-mariha","tag-oba-oba","tag-presidente-da-liesb","tag-sao-jorge","tag-uniao-das-vilas","tag-unidos-do-jardim-belval","tag-unidos-do-paulista","tribe_events_cat-culturais","tribe_events_cat-danca","tribe_events_cat-evento-gratuito","tribe_events_cat-musicais","tribe_events_cat-shows","cat_culturais","cat_danca","cat_evento-gratuito","cat_musicais","cat_shows"],"_links":{"self":[{"href":"https:\/\/baruerieventos.com.br\/site\/wp-json\/wp\/v2\/tribe_events\/3814","targetHints":{"allow":["GET"]}}],"collection":[{"href":"https:\/\/baruerieventos.com.br\/site\/wp-json\/wp\/v2\/tribe_events"}],"about":[{"href":"https:\/\/baruerieventos.com.br\/site\/wp-json\/wp\/v2\/types\/tribe_events"}],"author":[{"embeddable":true,"href":"https:\/\/baruerieventos.com.br\/site\/wp-json\/wp\/v2\/users\/2"}],"version-history":[{"count":0,"href":"https:\/\/baruerieventos.com.br\/site\/wp-json\/wp\/v2\/tribe_events\/3814\/revisions"}],"wp:featuredmedia":[{"embeddable":true,"href":"https:\/\/baruerieventos.com.br\/site\/wp-json\/"}],"wp:attachment":[{"href":"https:\/\/baruerieventos.com.br\/site\/wp-json\/wp\/v2\/media?parent=3814"}],"wp:term":[{"taxonomy":"post_tag","embeddable":true,"href":"https:\/\/baruerieventos.com.br\/site\/wp-json\/wp\/v2\/tags?post=3814"},{"taxonomy":"tribe_events_cat","embeddable":true,"href":"https:\/\/baruerieventos.com.br\/site\/wp-json\/wp\/v2\/tribe_events_cat?post=3814"}],"curies":[{"name":"wp","href":"https:\/\/api.w.org\/{rel}","templated":true}]}}

<p>Com organização da Liesb (Liga Independente das Escolas de Samba de Barueri) e apoio estrutural da Prefeitura de Barueri, neste sábado e domingo (dias 10 e 11) acontecem os Desfiles de Carnaval na cidade.</p>
<p>O desfile oficial começa às 16h, em frente ao Ginásio Poliesportivo José Corrêa (na avenida Guilherme Perereca Guglielmo, 1000, Centro), mas a partir das 13h haverá matinê.</p>
<p>Como os desfiles começam cedo, o evento será mais uma opção para as famílias prestigiarem, levando as crianças fantasiadas. A animação ficará por conta do DJ Buda e haverá marchinha, espuma, serpentina e muita música para toda a família curtir e se divertir. Durante a matinê terá premiação para as melhores fantasias.</p>
<p>“Após uma pausa de 16 anos agora teremos um desfile oficial na cidade de Barueri. Fizemos uma manifestação cultural em 2015 e 2016, e com a nova direção da Liga decidimos fazer um carnaval pés no chão para voltar a ganhar confiança e credibilidade com a população”, ressaltou Alexandre André, presidente da Liesb.</p>
<p style="text-align: left;"><strong>Programação</strong></p>
<p><strong>Sábado 10/2  </strong></p>
<p>16h – Corte 2018</p>
<p>17h – Mocidade Mariha</p>
<p>18h – Unidos do Paulista</p>
<p>19h – São Jorge</p>
<p>20h – Eng. Da Gente</p>
<p>&nbsp;</p>
<p><strong>Domingo 11/02 </strong></p>
<p>16h – Unidos do Jardim Belval</p>
<p>17h – Ganga</p>
<p>18h – Cacique da Vila</p>
<p>19h – União das Vilas</p>
<p>20h – Oba – Oba</p>

<p>Com organização da Liesb (Liga Independente das Escolas de Samba de Barueri) e apoio estrutural da Prefeitura de Barueri, neste sábado e domingo (dias 10 e 11) acontecem os Desfiles de Carnaval na cidade. O desfile oficial começa [&hellip;]</p>
