{"id":3982,"date":"2018-03-27T17:53:12","date_gmt":"2018-03-27T20:53:12","guid":{"rendered":"http:\/\/baruerieventos.com.br\/site\/?post_type=tribe_events&amp;p=3982"},"modified":"2018-03-27T17:53:12","modified_gmt":"2018-03-27T20:53:12","slug":"paixao-de-cristo-em-barueri","status":"publish","type":"tribe_events","link":"https:\/\/baruerieventos.com.br\/site\/event\/paixao-de-cristo-em-barueri\/","title":{"rendered":"Paix\u00e3o de Cristo em Barueri"},"content":{"rendered":"<div class=\"m_-4050862486955039969OutlineElement m_-4050862486955039969Ltr m_-4050862486955039969SCXW50224022\">\n<p class=\"m_-4050862486955039969Paragraph m_-4050862486955039969SCXW50224022\"><span class=\"m_-4050862486955039969TextRun m_-4050862486955039969SCXW50224022\" lang=\"PT-BR\">Encenado h\u00e1 mais de 26 anos na cidade, o espet\u00e1culo Paix\u00e3o de Cristo ganha novo espa\u00e7o e ser\u00e1 apresentado nos pr\u00f3ximos dias 30 e 31 de mar\u00e7o\u00a0<\/span><span class=\"m_-4050862486955039969TextRun m_-4050862486955039969SCXW50224022\" lang=\"PT-BR\">(sexta-feira\u00a0<\/span><span class=\"m_-4050862486955039969TextRun m_-4050862486955039969SCXW50224022\" lang=\"PT-BR\">e s\u00e1bado)\u00a0<\/span><span class=\"m_-4050862486955039969TextRun m_-4050862486955039969SCXW50224022\" lang=\"PT-BR\">e<\/span><span class=\"m_-4050862486955039969TextRun m_-4050862486955039969SCXW50224022\" lang=\"PT-BR\">\u00a0no dia 1\u00ba de abril (domingo), no Parque Municipal Dom Jos\u00e9.\u00a0 O novo local possibilitar\u00e1 a constru\u00e7\u00e3o de cen\u00e1rios ainda maiores<\/span><span class=\"m_-4050862486955039969TextRun m_-4050862486955039969SCXW50224022\" lang=\"PT-BR\">.\u00a0<\/span><span class=\"m_-4050862486955039969EOP m_-4050862486955039969SCXW50224022\">\u00a0<\/span><\/p>\n<\/div>\n<div class=\"m_-4050862486955039969OutlineElement m_-4050862486955039969Ltr m_-4050862486955039969SCXW50224022\">\n<p class=\"m_-4050862486955039969Paragraph m_-4050862486955039969SCXW50224022\"><span class=\"m_-4050862486955039969TextRun m_-4050862486955039969SCXW50224022\" lang=\"PT-BR\">A montagem no Parque Municipal conta com um elenco de cerca de 200 artistas e instala\u00e7\u00e3o coberta para o p\u00fablico, com cerca de 1.600 lugares. Este ano, n\u00e3o haver\u00e1 distribui\u00e7\u00e3o de ingressos e a entrada permanece gratuita.<\/span><span class=\"m_-4050862486955039969EOP m_-4050862486955039969SCXW50224022\">\u00a0<\/span><\/p>\n<\/div>\n<div class=\"m_-4050862486955039969OutlineElement m_-4050862486955039969Ltr m_-4050862486955039969SCXW50224022\">\n<p class=\"m_-4050862486955039969Paragraph m_-4050862486955039969SCXW50224022\"><span class=\"m_-4050862486955039969TextRun m_-4050862486955039969SCXW50224022\" lang=\"PT-BR\">\u201cFicamos muitos felizes com o reconhecimento e prest\u00edgio demonstrado pelo secret\u00e1rio de Cultura, Jean Gaspar. O convite para encenarmos no Parque s\u00f3 evidencia o crescimento do espet\u00e1culo ao longo dos anos e a aceita\u00e7\u00e3o do p\u00fablico<\/span><span class=\"m_-4050862486955039969TextRun m_-4050862486955039969SCXW50224022\" lang=\"PT-BR\">,\u00a0<\/span><span class=\"m_-4050862486955039969TextRun m_-4050862486955039969SCXW50224022\" lang=\"PT-BR\">al\u00e9m de nos dar o desafio de apresentar algo muito maior\u201d, afirma<\/span><span class=\"m_-4050862486955039969TextRun m_-4050862486955039969SCXW50224022\" lang=\"PT-BR\">\u00a0<\/span><span class=\"m_-4050862486955039969TextRun m_-4050862486955039969SCXW50224022\" lang=\"PT-BR\">o<\/span><span class=\"m_-4050862486955039969TextRun m_-4050862486955039969SCXW50224022\" lang=\"PT-BR\">\u00a0diretor geral do espet\u00e1culo, Dimas Campos.<\/span><span class=\"m_-4050862486955039969EOP m_-4050862486955039969SCXW50224022\">\u00a0<\/span><\/p>\n<\/div>\n<div class=\"m_-4050862486955039969OutlineElement m_-4050862486955039969Ltr m_-4050862486955039969SCXW50224022\">\n<p class=\"m_-4050862486955039969Paragraph m_-4050862486955039969SCXW50224022\"><span class=\"m_-4050862486955039969TextRun m_-4050862486955039969SCXW50224022\" lang=\"PT-BR\">Mesmo com a mudan\u00e7a de local\u00a0<\/span><span class=\"m_-4050862486955039969TextRun m_-4050862486955039969SCXW50224022\" lang=\"PT-BR\">(o drama era\u00a0<\/span><span class=\"m_-4050862486955039969TextRun m_-4050862486955039969SCXW50224022\" lang=\"PT-BR\">encenado<\/span><span class=\"m_-4050862486955039969TextRun m_-4050862486955039969SCXW50224022\" lang=\"PT-BR\">\u00a0no\u00a0<\/span><span class=\"m_-4050862486955039969TextRun m_-4050862486955039969SCXW50224022\" lang=\"PT-BR\">TMB),\u00a0<\/span><span class=\"m_-4050862486955039969TextRun m_-4050862486955039969SCXW50224022\" lang=\"PT-BR\">o<\/span><span class=\"m_-4050862486955039969TextRun m_-4050862486955039969SCXW50224022\" lang=\"PT-BR\">\u00a0grupo de atores promete manter sua ess\u00eancia de estar pr\u00f3ximo<\/span><span class=\"m_-4050862486955039969TextRun m_-4050862486955039969SCXW50224022\" lang=\"PT-BR\">\u00a0<\/span><span class=\"m_-4050862486955039969TextRun m_-4050862486955039969SCXW50224022\" lang=\"PT-BR\">do p\u00fablico, promovendo uma grande intera\u00e7\u00e3o durante o espet\u00e1culo com cenas musicais, dan\u00e7as e m\u00fasica ao vivo, que fazem com que a Paix\u00e3o de Cristo em Barueri se diferencie de outras apresenta\u00e7\u00f5es<\/span><span class=\"m_-4050862486955039969TextRun m_-4050862486955039969SCXW50224022\" lang=\"PT-BR\">.<\/span><span class=\"m_-4050862486955039969TextRun m_-4050862486955039969SCXW50224022\" lang=\"PT-BR\">\u00a0Cerca de 80% das m\u00fasicas do espet\u00e1culo s\u00e3o autorais.<\/span><span class=\"m_-4050862486955039969EOP m_-4050862486955039969SCXW50224022\">\u00a0<\/span><\/p>\n<p class=\"m_-4050862486955039969Paragraph m_-4050862486955039969SCXW50224022\">Programa\u00e7\u00e3o:<\/p>\n<div><\/div>\n<div>\n<div class=\"m_2862592639495327447OutlineElement m_2862592639495327447Ltr m_2862592639495327447SCXW194320107\">\n<p class=\"m_2862592639495327447Paragraph m_2862592639495327447SCXW194320107\"><strong><span class=\"m_2862592639495327447TextRun m_2862592639495327447Highlight m_2862592639495327447SCXW194320107\" lang=\"PT-BR\"><span class=\"m_2862592639495327447NormalTextRun m_2862592639495327447SCXW194320107\">Sexta-feira: 30 de mar\u00e7o \u2013 20h<\/span><\/span><span class=\"m_2862592639495327447EOP m_2862592639495327447SCXW194320107\"><br \/>\n<\/span><\/strong><\/p>\n<\/div>\n<div class=\"m_2862592639495327447OutlineElement m_2862592639495327447Ltr m_2862592639495327447SCXW194320107\">\n<p class=\"m_2862592639495327447Paragraph m_2862592639495327447SCXW194320107\"><strong><span class=\"m_2862592639495327447TextRun m_2862592639495327447Highlight m_2862592639495327447SCXW194320107\" lang=\"PT-BR\"><span class=\"m_2862592639495327447NormalTextRun m_2862592639495327447SCXW194320107\">S\u00e1bado: 31 de mar\u00e7o \u2013 16h<\/span><\/span><span class=\"m_2862592639495327447EOP m_2862592639495327447SCXW194320107\"><br \/>\n<\/span><\/strong><\/p>\n<\/div>\n<div class=\"m_2862592639495327447OutlineElement m_2862592639495327447Ltr m_2862592639495327447SCXW194320107\">\n<p class=\"m_2862592639495327447Paragraph m_2862592639495327447SCXW194320107\"><strong><span class=\"m_2862592639495327447TextRun m_2862592639495327447Highlight m_2862592639495327447SCXW194320107\" lang=\"PT-BR\"><span class=\"m_2862592639495327447NormalTextRun m_2862592639495327447SCXW194320107\">Domingo: 1\u00ba de abril \u2013 19h<\/span><\/span><\/strong><\/p>\n<\/div>\n<\/div>\n<\/div>\n","protected":false},"excerpt":{"rendered":"<p>Encenado h\u00e1 mais de 26 anos na cidade, o espet\u00e1culo Paix\u00e3o de Cristo ganha novo espa\u00e7o e ser\u00e1 apresentado nos pr\u00f3ximos dias 30 e 31 de mar\u00e7o\u00a0(sexta-feira\u00a0e s\u00e1bado)\u00a0e\u00a0no dia 1\u00ba [&hellip;]<\/p>\n","protected":false},"author":2,"featured_media":3983,"template":"","meta":{"_tribe_events_status":"","_tribe_events_status_reason":"","footnotes":""},"tags":[2491,4833,4900],"tribe_events_cat":[6729,6738,6741,6750,6753,6756,6757],"class_list":["post-3982","tribe_events","type-tribe_events","status-publish","has-post-thumbnail","hentry","tag-espetaculo-paixao-de-cristo","tag-paixao-de-cristo-em-barueri","tag-parque-municipal-dom-jose","tribe_events_cat-arte","tribe_events_cat-culturais","tribe_events_cat-evento-gratuito","tribe_events_cat-musicais","tribe_events_cat-religioso","tribe_events_cat-shows","tribe_events_cat-teatro","cat_arte","cat_culturais","cat_evento-gratuito","cat_musicais","cat_religioso","cat_shows","cat_teatro"],"_links":{"self":[{"href":"https:\/\/baruerieventos.com.br\/site\/wp-json\/wp\/v2\/tribe_events\/3982","targetHints":{"allow":["GET"]}}],"collection":[{"href":"https:\/\/baruerieventos.com.br\/site\/wp-json\/wp\/v2\/tribe_events"}],"about":[{"href":"https:\/\/baruerieventos.com.br\/site\/wp-json\/wp\/v2\/types\/tribe_events"}],"author":[{"embeddable":true,"href":"https:\/\/baruerieventos.com.br\/site\/wp-json\/wp\/v2\/users\/2"}],"version-history":[{"count":0,"href":"https:\/\/baruerieventos.com.br\/site\/wp-json\/wp\/v2\/tribe_events\/3982\/revisions"}],"wp:featuredmedia":[{"embeddable":true,"href":"https:\/\/baruerieventos.com.br\/site\/wp-json\/"}],"wp:attachment":[{"href":"https:\/\/baruerieventos.com.br\/site\/wp-json\/wp\/v2\/media?parent=3982"}],"wp:term":[{"taxonomy":"post_tag","embeddable":true,"href":"https:\/\/baruerieventos.com.br\/site\/wp-json\/wp\/v2\/tags?post=3982"},{"taxonomy":"tribe_events_cat","embeddable":true,"href":"https:\/\/baruerieventos.com.br\/site\/wp-json\/wp\/v2\/tribe_events_cat?post=3982"}],"curies":[{"name":"wp","href":"https:\/\/api.w.org\/{rel}","templated":true}]}}

Paixão de Cristo em Barueri

<div class="m_-4050862486955039969OutlineElement m_-4050862486955039969Ltr m_-4050862486955039969SCXW50224022">
<p class="m_-4050862486955039969Paragraph m_-4050862486955039969SCXW50224022"><span class="m_-4050862486955039969TextRun m_-4050862486955039969SCXW50224022" lang="PT-BR">Encenado há mais de 26 anos na cidade, o espetáculo Paixão de Cristo ganha novo espaço e será apresentado nos próximos dias 30 e 31 de março </span><span class="m_-4050862486955039969TextRun m_-4050862486955039969SCXW50224022" lang="PT-BR">(sexta-feira </span><span class="m_-4050862486955039969TextRun m_-4050862486955039969SCXW50224022" lang="PT-BR">e sábado) </span><span class="m_-4050862486955039969TextRun m_-4050862486955039969SCXW50224022" lang="PT-BR">e</span><span class="m_-4050862486955039969TextRun m_-4050862486955039969SCXW50224022" lang="PT-BR"> no dia 1º de abril (domingo), no Parque Municipal Dom José.  O novo local possibilitará a construção de cenários ainda maiores</span><span class="m_-4050862486955039969TextRun m_-4050862486955039969SCXW50224022" lang="PT-BR">. </span><span class="m_-4050862486955039969EOP m_-4050862486955039969SCXW50224022"> </span></p>
</div>
<div class="m_-4050862486955039969OutlineElement m_-4050862486955039969Ltr m_-4050862486955039969SCXW50224022">
<p class="m_-4050862486955039969Paragraph m_-4050862486955039969SCXW50224022"><span class="m_-4050862486955039969TextRun m_-4050862486955039969SCXW50224022" lang="PT-BR">A montagem no Parque Municipal conta com um elenco de cerca de 200 artistas e instalação coberta para o público, com cerca de 1.600 lugares. Este ano, não haverá distribuição de ingressos e a entrada permanece gratuita.</span><span class="m_-4050862486955039969EOP m_-4050862486955039969SCXW50224022"> </span></p>
</div>
<div class="m_-4050862486955039969OutlineElement m_-4050862486955039969Ltr m_-4050862486955039969SCXW50224022">
<p class="m_-4050862486955039969Paragraph m_-4050862486955039969SCXW50224022"><span class="m_-4050862486955039969TextRun m_-4050862486955039969SCXW50224022" lang="PT-BR">“Ficamos muitos felizes com o reconhecimento e prestígio demonstrado pelo secretário de Cultura, Jean Gaspar. O convite para encenarmos no Parque só evidencia o crescimento do espetáculo ao longo dos anos e a aceitação do público</span><span class="m_-4050862486955039969TextRun m_-4050862486955039969SCXW50224022" lang="PT-BR">, </span><span class="m_-4050862486955039969TextRun m_-4050862486955039969SCXW50224022" lang="PT-BR">além de nos dar o desafio de apresentar algo muito maior”, afirma</span><span class="m_-4050862486955039969TextRun m_-4050862486955039969SCXW50224022" lang="PT-BR"> </span><span class="m_-4050862486955039969TextRun m_-4050862486955039969SCXW50224022" lang="PT-BR">o</span><span class="m_-4050862486955039969TextRun m_-4050862486955039969SCXW50224022" lang="PT-BR"> diretor geral do espetáculo, Dimas Campos.</span><span class="m_-4050862486955039969EOP m_-4050862486955039969SCXW50224022"> </span></p>
</div>
<div class="m_-4050862486955039969OutlineElement m_-4050862486955039969Ltr m_-4050862486955039969SCXW50224022">
<p class="m_-4050862486955039969Paragraph m_-4050862486955039969SCXW50224022"><span class="m_-4050862486955039969TextRun m_-4050862486955039969SCXW50224022" lang="PT-BR">Mesmo com a mudança de local </span><span class="m_-4050862486955039969TextRun m_-4050862486955039969SCXW50224022" lang="PT-BR">(o drama era </span><span class="m_-4050862486955039969TextRun m_-4050862486955039969SCXW50224022" lang="PT-BR">encenado</span><span class="m_-4050862486955039969TextRun m_-4050862486955039969SCXW50224022" lang="PT-BR"> no </span><span class="m_-4050862486955039969TextRun m_-4050862486955039969SCXW50224022" lang="PT-BR">TMB), </span><span class="m_-4050862486955039969TextRun m_-4050862486955039969SCXW50224022" lang="PT-BR">o</span><span class="m_-4050862486955039969TextRun m_-4050862486955039969SCXW50224022" lang="PT-BR"> grupo de atores promete manter sua essência de estar próximo</span><span class="m_-4050862486955039969TextRun m_-4050862486955039969SCXW50224022" lang="PT-BR"> </span><span class="m_-4050862486955039969TextRun m_-4050862486955039969SCXW50224022" lang="PT-BR">do público, promovendo uma grande interação durante o espetáculo com cenas musicais, danças e música ao vivo, que fazem com que a Paixão de Cristo em Barueri se diferencie de outras apresentações</span><span class="m_-4050862486955039969TextRun m_-4050862486955039969SCXW50224022" lang="PT-BR">.</span><span class="m_-4050862486955039969TextRun m_-4050862486955039969SCXW50224022" lang="PT-BR"> Cerca de 80% das músicas do espetáculo são autorais.</span><span class="m_-4050862486955039969EOP m_-4050862486955039969SCXW50224022"> </span></p>
<p class="m_-4050862486955039969Paragraph m_-4050862486955039969SCXW50224022">Programação:</p>
<div></div>
<div>
<div class="m_2862592639495327447OutlineElement m_2862592639495327447Ltr m_2862592639495327447SCXW194320107">
<p class="m_2862592639495327447Paragraph m_2862592639495327447SCXW194320107"><strong><span class="m_2862592639495327447TextRun m_2862592639495327447Highlight m_2862592639495327447SCXW194320107" lang="PT-BR"><span class="m_2862592639495327447NormalTextRun m_2862592639495327447SCXW194320107">Sexta-feira: 30 de março – 20h</span></span><span class="m_2862592639495327447EOP m_2862592639495327447SCXW194320107"><br />
</span></strong></p>
</div>
<div class="m_2862592639495327447OutlineElement m_2862592639495327447Ltr m_2862592639495327447SCXW194320107">
<p class="m_2862592639495327447Paragraph m_2862592639495327447SCXW194320107"><strong><span class="m_2862592639495327447TextRun m_2862592639495327447Highlight m_2862592639495327447SCXW194320107" lang="PT-BR"><span class="m_2862592639495327447NormalTextRun m_2862592639495327447SCXW194320107">Sábado: 31 de março – 16h</span></span><span class="m_2862592639495327447EOP m_2862592639495327447SCXW194320107"><br />
</span></strong></p>
</div>
<div class="m_2862592639495327447OutlineElement m_2862592639495327447Ltr m_2862592639495327447SCXW194320107">
<p class="m_2862592639495327447Paragraph m_2862592639495327447SCXW194320107"><strong><span class="m_2862592639495327447TextRun m_2862592639495327447Highlight m_2862592639495327447SCXW194320107" lang="PT-BR"><span class="m_2862592639495327447NormalTextRun m_2862592639495327447SCXW194320107">Domingo: 1º de abril – 19h</span></span></strong></p>
</div>
</div>
</div>

<p>Encenado há mais de 26 anos na cidade, o espetáculo Paixão de Cristo ganha novo espaço e será apresentado nos próximos dias 30 e 31 de março (sexta-feira e sábado) e no dia 1º [&hellip;]</p>
