{"id":4048,"date":"2018-04-02T12:48:09","date_gmt":"2018-04-02T15:48:09","guid":{"rendered":"http:\/\/baruerieventos.com.br\/site\/?post_type=tribe_events&amp;p=4048"},"modified":"2018-04-02T12:48:09","modified_gmt":"2018-04-02T15:48:09","slug":"palestra-com-a-coach-de-inteligencia-emocional-flavia-gimenes-voce-e-responsavel","status":"publish","type":"tribe_events","link":"https:\/\/baruerieventos.com.br\/site\/event\/palestra-com-a-coach-de-inteligencia-emocional-flavia-gimenes-voce-e-responsavel\/","title":{"rendered":"Palestra com a Coach de Intelig\u00eancia Emocional Fl\u00e1via Gimenes &#8220;Voc\u00ea \u00e9 Respons\u00e1vel&#8221;."},"content":{"rendered":"<p>Palestra Gratuita em Osasco com a Coach de Intelig\u00eancia Emocional Fl\u00e1via Gimenes &#8220;Voc\u00ea \u00e9 Respons\u00e1vel&#8221;.<\/p>\n<p>Sobre a palestrante:<br \/>\nFl\u00e1via Gimenes &#8211; Advogada e Profissional de Coaching com forma\u00e7\u00e3o em Professional Coach Certification (PCC) e Analista de Perfil Comportamental (DISC) pela Sociedade Latino Americana de Coaching e pela IAC &#8211; International Association of Coaching. Tamb\u00e9m possui conhecimentos em Intelig\u00eancia Emocional e em Programa\u00e7\u00e3o Neurolingu\u00edstica. Palestrante de temas ligados ao desenvolvimento de pessoas, qualidade de vida, gest\u00e3o de tempo e marketing de conte\u00fado. \u00c9 membro da Sociedade Latino Americana de Coaching. Coordenadora da Comiss\u00e3o de Cultura e Eventos da OAB 240\u00aa Subse\u00e7\u00e3o &#8211; Jandira.<\/p>\n","protected":false},"excerpt":{"rendered":"<p>Palestra Gratuita em Osasco com a Coach de Intelig\u00eancia Emocional Fl\u00e1via Gimenes &#8220;Voc\u00ea \u00e9 Respons\u00e1vel&#8221;. Sobre a palestrante: Fl\u00e1via Gimenes &#8211; Advogada e Profissional de Coaching com forma\u00e7\u00e3o em Professional [&hellip;]<\/p>\n","protected":false},"author":2,"featured_media":4044,"template":"","meta":{"_tribe_events_status":"","_tribe_events_status_reason":"","footnotes":""},"tags":[1590,2945,2946],"tribe_events_cat":[6728,6741,6752],"class_list":["post-4048","tribe_events","type-tribe_events","status-publish","has-post-thumbnail","hentry","tag-coach-de-inteligencia-emocional","tag-flavia-gimenes","tag-flavia-gimenes-voce-e-responsavel","tribe_events_cat-academicos","tribe_events_cat-evento-gratuito","tribe_events_cat-palestras","cat_academicos","cat_evento-gratuito","cat_palestras"],"_links":{"self":[{"href":"https:\/\/baruerieventos.com.br\/site\/wp-json\/wp\/v2\/tribe_events\/4048","targetHints":{"allow":["GET"]}}],"collection":[{"href":"https:\/\/baruerieventos.com.br\/site\/wp-json\/wp\/v2\/tribe_events"}],"about":[{"href":"https:\/\/baruerieventos.com.br\/site\/wp-json\/wp\/v2\/types\/tribe_events"}],"author":[{"embeddable":true,"href":"https:\/\/baruerieventos.com.br\/site\/wp-json\/wp\/v2\/users\/2"}],"version-history":[{"count":0,"href":"https:\/\/baruerieventos.com.br\/site\/wp-json\/wp\/v2\/tribe_events\/4048\/revisions"}],"wp:featuredmedia":[{"embeddable":true,"href":"https:\/\/baruerieventos.com.br\/site\/wp-json\/"}],"wp:attachment":[{"href":"https:\/\/baruerieventos.com.br\/site\/wp-json\/wp\/v2\/media?parent=4048"}],"wp:term":[{"taxonomy":"post_tag","embeddable":true,"href":"https:\/\/baruerieventos.com.br\/site\/wp-json\/wp\/v2\/tags?post=4048"},{"taxonomy":"tribe_events_cat","embeddable":true,"href":"https:\/\/baruerieventos.com.br\/site\/wp-json\/wp\/v2\/tribe_events_cat?post=4048"}],"curies":[{"name":"wp","href":"https:\/\/api.w.org\/{rel}","templated":true}]}}

Palestra com a Coach de Inteligência Emocional Flávia Gimenes &#8220;Você é Responsável&#8221;.

<p>Palestra Gratuita em Osasco com a Coach de Inteligência Emocional Flávia Gimenes &#8220;Você é Responsável&#8221;.</p>
<p>Sobre a palestrante:<br />
Flávia Gimenes &#8211; Advogada e Profissional de Coaching com formação em Professional Coach Certification (PCC) e Analista de Perfil Comportamental (DISC) pela Sociedade Latino Americana de Coaching e pela IAC &#8211; International Association of Coaching. Também possui conhecimentos em Inteligência Emocional e em Programação Neurolinguística. Palestrante de temas ligados ao desenvolvimento de pessoas, qualidade de vida, gestão de tempo e marketing de conteúdo. É membro da Sociedade Latino Americana de Coaching. Coordenadora da Comissão de Cultura e Eventos da OAB 240ª Subseção &#8211; Jandira.</p>

<p>Palestra Gratuita em Osasco com a Coach de Inteligência Emocional Flávia Gimenes &#8220;Você é Responsável&#8221;. Sobre a palestrante: Flávia Gimenes &#8211; Advogada e Profissional de Coaching com formação em Professional [&hellip;]</p>
