{"id":4073,"date":"2018-04-06T12:47:47","date_gmt":"2018-04-06T15:47:47","guid":{"rendered":"http:\/\/baruerieventos.com.br\/site\/?post_type=tribe_events&amp;p=4073"},"modified":"2018-04-06T12:47:47","modified_gmt":"2018-04-06T15:47:47","slug":"1o-feira-sustentavel-mcdonalds-barueri","status":"publish","type":"tribe_events","link":"https:\/\/baruerieventos.com.br\/site\/event\/1o-feira-sustentavel-mcdonalds-barueri\/","title":{"rendered":"1\u00ba Feira Sustent\u00e1vel McDonald\u2019s Barueri"},"content":{"rendered":"<p>O McDonald\u2019s vai realizar a 1\u00b0 Feira da Sustentabilidade neste s\u00e1bado, 7\/4, das 9h \u00e0s 13h, no estacionamento do McDonald\u2019s Barueri Drive (R. Henriqueta Mendes Guerra, 486 \u2013 Centro). O evento tem como foco disseminar entre a popula\u00e7\u00e3o os 17 objetivos de Desenvolvimento Sustent\u00e1vel da ONU: uma agenda de metas para a humanidade at\u00e9 2030. Entre as atra\u00e7\u00f5es, haver\u00e1 apresenta\u00e7\u00f5es culturais, posto de coleta de \u00f3leo de cozinha usado, oficina de compostagem, din\u00e2micas e jogos, entre outras.<\/p>\n<p>Entrada gratuita.<\/p>\n","protected":false},"excerpt":{"rendered":"<p>O McDonald\u2019s vai realizar a 1\u00b0 Feira da Sustentabilidade neste s\u00e1bado, 7\/4, das 9h \u00e0s 13h, no estacionamento do McDonald\u2019s Barueri Drive (R. Henriqueta Mendes Guerra, 486 \u2013 Centro). O [&hellip;]<\/p>\n","protected":false},"author":2,"featured_media":4074,"template":"","meta":{"_tribe_events_status":"","_tribe_events_status_reason":"","footnotes":""},"tags":[75,95,4202,4686,5139],"tribe_events_cat":[6732,6741,6742],"class_list":["post-4073","tribe_events","type-tribe_events","status-publish","has-post-thumbnail","hentry","tag-1-feira-da-sustentabilidade","tag-17-objetivos-de-desenvolvimento-sustentavel-da-onu","tag-mcdonalds","tag-oficina-de-compostagem","tag-posto-de-coleta-de-oleo-de-cozinha-usado","tribe_events_cat-beneficientes","tribe_events_cat-evento-gratuito","tribe_events_cat-feiras-e-exposicoes","cat_beneficientes","cat_evento-gratuito","cat_feiras-e-exposicoes"],"_links":{"self":[{"href":"https:\/\/baruerieventos.com.br\/site\/wp-json\/wp\/v2\/tribe_events\/4073","targetHints":{"allow":["GET"]}}],"collection":[{"href":"https:\/\/baruerieventos.com.br\/site\/wp-json\/wp\/v2\/tribe_events"}],"about":[{"href":"https:\/\/baruerieventos.com.br\/site\/wp-json\/wp\/v2\/types\/tribe_events"}],"author":[{"embeddable":true,"href":"https:\/\/baruerieventos.com.br\/site\/wp-json\/wp\/v2\/users\/2"}],"version-history":[{"count":0,"href":"https:\/\/baruerieventos.com.br\/site\/wp-json\/wp\/v2\/tribe_events\/4073\/revisions"}],"wp:featuredmedia":[{"embeddable":true,"href":"https:\/\/baruerieventos.com.br\/site\/wp-json\/"}],"wp:attachment":[{"href":"https:\/\/baruerieventos.com.br\/site\/wp-json\/wp\/v2\/media?parent=4073"}],"wp:term":[{"taxonomy":"post_tag","embeddable":true,"href":"https:\/\/baruerieventos.com.br\/site\/wp-json\/wp\/v2\/tags?post=4073"},{"taxonomy":"tribe_events_cat","embeddable":true,"href":"https:\/\/baruerieventos.com.br\/site\/wp-json\/wp\/v2\/tribe_events_cat?post=4073"}],"curies":[{"name":"wp","href":"https:\/\/api.w.org\/{rel}","templated":true}]}}

1º Feira Sustentável McDonald’s Barueri

<p>O McDonald’s vai realizar a 1° Feira da Sustentabilidade neste sábado, 7/4, das 9h às 13h, no estacionamento do McDonald’s Barueri Drive (R. Henriqueta Mendes Guerra, 486 – Centro). O evento tem como foco disseminar entre a população os 17 objetivos de Desenvolvimento Sustentável da ONU: uma agenda de metas para a humanidade até 2030. Entre as atrações, haverá apresentações culturais, posto de coleta de óleo de cozinha usado, oficina de compostagem, dinâmicas e jogos, entre outras.</p>
<p>Entrada gratuita.</p>

<p>O McDonald’s vai realizar a 1° Feira da Sustentabilidade neste sábado, 7/4, das 9h às 13h, no estacionamento do McDonald’s Barueri Drive (R. Henriqueta Mendes Guerra, 486 – Centro). O [&hellip;]</p>
