{"id":4140,"date":"2018-04-23T17:02:21","date_gmt":"2018-04-23T20:02:21","guid":{"rendered":"http:\/\/baruerieventos.com.br\/site\/?post_type=tribe_events&amp;p=4140"},"modified":"2018-04-23T17:02:21","modified_gmt":"2018-04-23T20:02:21","slug":"thaide-icone-do-rap-nacional-no-sesi-osasco-gratuito","status":"publish","type":"tribe_events","link":"https:\/\/baruerieventos.com.br\/site\/event\/thaide-icone-do-rap-nacional-no-sesi-osasco-gratuito\/","title":{"rendered":"Tha\u00edde, \u00edcone do Rap Nacional no Sesi Osasco &#8211; Gratuito"},"content":{"rendered":"<p style=\"font-weight: 400;\">Em comemora\u00e7\u00e3o aos 30 anos de sua carreira, apresenta o show\u00a0<em>Vamo que vamo que o som n\u00e3o pode parar!, que\u00a0<\/em>reivindica uma presen\u00e7a mais forte do movimento hip hop nas ruas da cidade. Ao tra\u00e7ar um paralelo entre a d\u00e9cada de 1970 e os dias atuais, o cantor refor\u00e7a as ra\u00edzes do g\u00eanero que deu voz a milhares de brasileiros.<\/p>\n<p style=\"font-weight: 400;\">Conhecido por seu trabalho como ator e rep\u00f3rter televiso, Tha\u00edde j\u00e1 atuou na s\u00e9rie Ant\u00f4nia, da Rede Globo, e tamb\u00e9m apresentou o programa Manos &amp; Minas, da TV Cultura, e A Liga, da TV Bandeirantes.<\/p>\n<p style=\"font-weight: 400;\">Em sua carreira como rapper, Tha\u00edde escreveu cerca de 100 can\u00e7\u00f5es, divididas em seis \u00e1lbuns gravados com seu antigo parceiro, DJ Hum (respons\u00e1vel pela produ\u00e7\u00e3o musical), um disco solo e diversas colet\u00e2neas. Sua hist\u00f3ria de sucesso virou livro e ele se destaca por utilizar um discurso descontra\u00eddo e pac\u00edfico para ensinar a todos sobre o Brasil que n\u00e3o \u00e9 mostrado nos cart\u00f5es-postais e nem reportado nos meios de comunica\u00e7\u00e3o convencionais.<\/p>\n<p style=\"font-weight: 400;\">\u00a0<strong>Ficha t\u00e9cnica<\/strong><\/p>\n<p style=\"font-weight: 400;\">Voz: Thaide I Voz: Mista Pump Killa voz | Voz: Arnaldo Tifu I DJ QAP<\/p>\n<p style=\"font-weight: 400;\"><strong>\u00a0<\/strong><strong>Repert\u00f3rio<\/strong><\/p>\n<ol style=\"font-weight: 400;\">\n<li><em>Malandragem \u00e9 viver<\/em><\/li>\n<li><em>Mama<\/em><\/li>\n<li><em>Respeito \u00e9 pra quem<\/em><\/li>\n<li><em>Vamo que vamo<\/em><\/li>\n<li><em>Rapapeando<\/em><\/li>\n<li><em>Fala de Amor<\/em><\/li>\n<li><em>SoulRap<\/em><\/li>\n<li><em>Simples<\/em><\/li>\n<\/ol>\n<p style=\"font-weight: 400;\"><em>\u00a0<\/em><strong><u>SESI-SP M\u00fasica<\/u><\/strong><\/p>\n<p style=\"font-weight: 400;\">Criado em 2006, o projeto SESI-SP M\u00fasica oferece ao p\u00fablico apresenta\u00e7\u00f5es gratuitas de m\u00fasica erudita, popular, nacional e internacional, em todo o Estado de S\u00e3o Paulo. A programa\u00e7\u00e3o inclui variadas forma\u00e7\u00f5es musicais, como duos, trios, quartetos, orquestras de c\u00e2mara e grupos instrumentais. Entre os diversos g\u00eaneros contemplados est\u00e3o blues, jazz, choro, rock, samba, reggae, hip-hop,\u00a0<em>soul<\/em>\u00a0e\u00a0<em>world music<\/em>. O objetivo \u00e9 promover o acesso do trabalhador da ind\u00fastria e da comunidade \u00e0s diferentes linguagens para a forma\u00e7\u00e3o de p\u00fablico e difus\u00e3o da cultura e da arte musical.<\/p>\n<p style=\"font-weight: 400;\">\u00a0<strong><u>SERVI\u00c7O<\/u><\/strong><\/p>\n<p style=\"font-weight: 400;\">Local: SESI Osasco \u2013 Rua Calixto Barbieri, 23\/83<\/p>\n<p style=\"font-weight: 400;\">\n<p style=\"font-weight: 400;\">Datas e hor\u00e1rios: s\u00e1bado, 28 de abril, 19h<\/p>\n<p style=\"font-weight: 400;\">Capacidade:\u00a01000\u00a0pessoas<\/p>\n<p style=\"font-weight: 400;\">Dura\u00e7\u00e3o: 60 minutos<\/p>\n<p style=\"font-weight: 400;\">Classifica\u00e7\u00e3o indicativa: Livre<\/p>\n<p style=\"font-weight: 400;\">G\u00eanero: Adulto<\/p>\n<p style=\"font-weight: 400;\">Informa\u00e7\u00f5es: (11) 3602-6200<\/p>\n<p style=\"font-weight: 400;\">Entrada gratuita \u2013 Reservas antecipadas pelo Meu SESI (<a href=\"http:\/\/www.sesisp.org.br\/meu-sesi\" data-saferedirecturl=\"https:\/\/www.google.com\/url?hl=pt-BR&amp;q=http:\/\/www.sesisp.org.br\/meu-sesi&amp;source=gmail&amp;ust=1524599169324000&amp;usg=AFQjCNEuZ-Pxrw7Jr1U7EjH8LgdS0lgUBw\">www.sesisp.org.br\/meu-sesi<\/a>). Os ingressos ser\u00e3o distribu\u00eddos 01 hora antes do in\u00edcio do espet\u00e1culo.<\/p>\n","protected":false},"excerpt":{"rendered":"<p>Em comemora\u00e7\u00e3o aos 30 anos de sua carreira, apresenta o show\u00a0Vamo que vamo que o som n\u00e3o pode parar!, que\u00a0reivindica uma presen\u00e7a mais forte do movimento hip hop nas ruas [&hellip;]<\/p>\n","protected":false},"author":2,"featured_media":4144,"template":"","meta":{"_tribe_events_status":"","_tribe_events_status_reason":"","footnotes":""},"tags":[2171,2175,3372,4030,4319,5373,5485,5853,5858,6235,6236],"tribe_events_cat":[6729,6739,6741,6756],"class_list":["post-4140","tribe_events","type-tribe_events","status-publish","has-post-thumbnail","hentry","tag-dj-qap","tag-dj-thaide","tag-hip-hop","tag-malandragem-e-viver","tag-mista-pump-killa-voz","tag-rapper","tag-rnaldo-tifu","tag-sesi-osasco","tag-sesi-sp-musica","tag-thaide","tag-thaide-escreveu-cerca-de-100-cancoes","tribe_events_cat-arte","tribe_events_cat-danca","tribe_events_cat-evento-gratuito","tribe_events_cat-shows","cat_arte","cat_danca","cat_evento-gratuito","cat_shows"],"_links":{"self":[{"href":"https:\/\/baruerieventos.com.br\/site\/wp-json\/wp\/v2\/tribe_events\/4140","targetHints":{"allow":["GET"]}}],"collection":[{"href":"https:\/\/baruerieventos.com.br\/site\/wp-json\/wp\/v2\/tribe_events"}],"about":[{"href":"https:\/\/baruerieventos.com.br\/site\/wp-json\/wp\/v2\/types\/tribe_events"}],"author":[{"embeddable":true,"href":"https:\/\/baruerieventos.com.br\/site\/wp-json\/wp\/v2\/users\/2"}],"version-history":[{"count":0,"href":"https:\/\/baruerieventos.com.br\/site\/wp-json\/wp\/v2\/tribe_events\/4140\/revisions"}],"wp:featuredmedia":[{"embeddable":true,"href":"https:\/\/baruerieventos.com.br\/site\/wp-json\/"}],"wp:attachment":[{"href":"https:\/\/baruerieventos.com.br\/site\/wp-json\/wp\/v2\/media?parent=4140"}],"wp:term":[{"taxonomy":"post_tag","embeddable":true,"href":"https:\/\/baruerieventos.com.br\/site\/wp-json\/wp\/v2\/tags?post=4140"},{"taxonomy":"tribe_events_cat","embeddable":true,"href":"https:\/\/baruerieventos.com.br\/site\/wp-json\/wp\/v2\/tribe_events_cat?post=4140"}],"curies":[{"name":"wp","href":"https:\/\/api.w.org\/{rel}","templated":true}]}}

Thaíde, ícone do Rap Nacional no Sesi Osasco &#8211; Gratuito

<p style="font-weight: 400;">Em comemoração aos 30 anos de sua carreira, apresenta o show <em>Vamo que vamo que o som não pode parar!, que </em>reivindica uma presença mais forte do movimento hip hop nas ruas da cidade. Ao traçar um paralelo entre a década de 1970 e os dias atuais, o cantor reforça as raízes do gênero que deu voz a milhares de brasileiros.</p>
<p style="font-weight: 400;">Conhecido por seu trabalho como ator e repórter televiso, Thaíde já atuou na série Antônia, da Rede Globo, e também apresentou o programa Manos &amp; Minas, da TV Cultura, e A Liga, da TV Bandeirantes.</p>
<p style="font-weight: 400;">Em sua carreira como rapper, Thaíde escreveu cerca de 100 canções, divididas em seis álbuns gravados com seu antigo parceiro, DJ Hum (responsável pela produção musical), um disco solo e diversas coletâneas. Sua história de sucesso virou livro e ele se destaca por utilizar um discurso descontraído e pacífico para ensinar a todos sobre o Brasil que não é mostrado nos cartões-postais e nem reportado nos meios de comunicação convencionais.</p>
<p style="font-weight: 400;"> <strong>Ficha técnica</strong></p>
<p style="font-weight: 400;">Voz: Thaide I Voz: Mista Pump Killa voz | Voz: Arnaldo Tifu I DJ QAP</p>
<p style="font-weight: 400;"><strong> </strong><strong>Repertório</strong></p>
<ol style="font-weight: 400;">
<li><em>Malandragem é viver</em></li>
<li><em>Mama</em></li>
<li><em>Respeito é pra quem</em></li>
<li><em>Vamo que vamo</em></li>
<li><em>Rapapeando</em></li>
<li><em>Fala de Amor</em></li>
<li><em>SoulRap</em></li>
<li><em>Simples</em></li>
</ol>
<p style="font-weight: 400;"><em> </em><strong><u>SESI-SP Música</u></strong></p>
<p style="font-weight: 400;">Criado em 2006, o projeto SESI-SP Música oferece ao público apresentações gratuitas de música erudita, popular, nacional e internacional, em todo o Estado de São Paulo. A programação inclui variadas formações musicais, como duos, trios, quartetos, orquestras de câmara e grupos instrumentais. Entre os diversos gêneros contemplados estão blues, jazz, choro, rock, samba, reggae, hip-hop, <em>soul</em> e <em>world music</em>. O objetivo é promover o acesso do trabalhador da indústria e da comunidade às diferentes linguagens para a formação de público e difusão da cultura e da arte musical.</p>
<p style="font-weight: 400;"> <strong><u>SERVIÇO</u></strong></p>
<p style="font-weight: 400;">Local: SESI Osasco – Rua Calixto Barbieri, 23/83</p>
<p style="font-weight: 400;">
<p style="font-weight: 400;">Datas e horários: sábado, 28 de abril, 19h</p>
<p style="font-weight: 400;">Capacidade: 1000 pessoas</p>
<p style="font-weight: 400;">Duração: 60 minutos</p>
<p style="font-weight: 400;">Classificação indicativa: Livre</p>
<p style="font-weight: 400;">Gênero: Adulto</p>
<p style="font-weight: 400;">Informações: (11) 3602-6200</p>
<p style="font-weight: 400;">Entrada gratuita – Reservas antecipadas pelo Meu SESI (<a href="http://www.sesisp.org.br/meu-sesi" data-saferedirecturl="https://www.google.com/url?hl=pt-BR&amp;q=http://www.sesisp.org.br/meu-sesi&amp;source=gmail&amp;ust=1524599169324000&amp;usg=AFQjCNEuZ-Pxrw7Jr1U7EjH8LgdS0lgUBw">www.sesisp.org.br/meu-sesi</a>). Os ingressos serão distribuídos 01 hora antes do início do espetáculo.</p>

<p>Em comemoração aos 30 anos de sua carreira, apresenta o show Vamo que vamo que o som não pode parar!, que reivindica uma presença mais forte do movimento hip hop nas ruas [&hellip;]</p>
