{"id":4174,"date":"2018-05-02T13:02:33","date_gmt":"2018-05-02T16:02:33","guid":{"rendered":"http:\/\/baruerieventos.com.br\/site\/?post_type=tribe_events&amp;p=4174"},"modified":"2018-05-02T13:02:33","modified_gmt":"2018-05-02T16:02:33","slug":"peca-teatral-adeus-palhacos-mortos","status":"publish","type":"tribe_events","link":"https:\/\/baruerieventos.com.br\/site\/event\/peca-teatral-adeus-palhacos-mortos\/","title":{"rendered":"Pe\u00e7a teatral &#8220;Adeus, Palha\u00e7os Mortos!&#8221;"},"content":{"rendered":"<p>O que se pode esperar da seguinte situa\u00e7\u00e3o:\u00a0tr\u00eas grandes artistas circenses se reencontram acidentalmente para um teste numa ag\u00eancia de empregos, sabendo que apenas um ser\u00e1 escolhido? Assim come\u00e7a a pe\u00e7a teatral &#8220;Adeus, Palha\u00e7os Mortos!&#8221;, espet\u00e1culo com <strong>entrada franca<\/strong> em apresenta\u00e7\u00e3o no\u00a0 s\u00e1bado (dia 5), \u00e0s 20h, no Teatro Municipal.<\/p>\n<p>O texto da\u00a0companhia Academia de Palha\u00e7os\u00a0\u00e9 uma\u00a0adapta\u00e7\u00e3o da obra\u00a0<i>Petit Boulot Pour Vieux Clown<\/i>\u00a0do dramaturgo romeno Matei Visniec. O espet\u00e1culo \u201cfaz uma releitura cr\u00edtica de seus nove anos de trajet\u00f3ria art\u00edstica no universo do teatro popular circense, a partir da provoca\u00e7\u00e3o do diretor Jos\u00e9 Roberto Jardim\u201d, de acordo com a produ\u00e7\u00e3o da pe\u00e7a.<\/p>\n<p>\u201c\u00c9 uma ode ao of\u00edcio do ator e uma profunda reflex\u00e3o sobre os fundamentos filos\u00f3ficos da carreira de artista\u201d, diz o texto que acompanha o espet\u00e1culo. A estreia aconteceu em 2016 na cidade de S\u00e3o Paulo e teve uma \u00f3tima recep\u00e7\u00e3o na cr\u00edtica especializada, al\u00e9m de ter representado o\u00a0<i>Brasil World Stage Design<\/i>\u00a0em Taiwan. &#8220;Adeus, Palha\u00e7os Mortos!&#8221; foi vencedor no pr\u00eamio Shell na categoria cenografia e ganhou tamb\u00e9m como melhor espet\u00e1culo de grupo e melhor dire\u00e7\u00e3o no pr\u00eamio Aplauso Brasil.<\/p>\n<p>A Academia de Palha\u00e7os foi fundada por atores vindos do curso de artes c\u00eanicas da Unicamp (Universidade de Campinas). A Companhia iniciou uma investiga\u00e7\u00e3o c\u00eanica sobre o palha\u00e7o de picadeiro brasileiro e em seus dez espet\u00e1culos produzidos at\u00e9 o momento transitou pelo universo do ator popular. O grupo foi obrigado a se reinventar h\u00e1 alguns anos por causa de um inc\u00eandio que destruiu cen\u00e1rios, figurinos, palco, equipamentos de som e ilumina\u00e7\u00e3o. Dois de seus pr\u00f3prios integrantes desistiram do teatro e os tr\u00eas que restaram: Laiza Dantas, Paula Hemsi e Rodrigo Pocid\u00f4nio, resolveram recome\u00e7ar. Convidaram o diretor Jos\u00e9 Roberto Jardim com a inten\u00e7\u00e3o de reler sua trajet\u00f3ria art\u00edstica a partir de outras lentes.<\/p>\n<p>Texto original: Matei Visniec<\/p>\n<p>Dire\u00e7\u00e3o e adapta\u00e7\u00e3o: Jos\u00e9 Roberto Jardim<\/p>\n<p>Elenco: La\u00edza Dantas, Paula Hemsi e Rodrigo Pocid\u00f4nio,<\/p>\n<p>Dire\u00e7\u00e3o musical e trilha sonora original ao vivo.<\/p>\n","protected":false},"excerpt":{"rendered":"<p>O que se pode esperar da seguinte situa\u00e7\u00e3o:\u00a0tr\u00eas grandes artistas circenses se reencontram acidentalmente para um teste numa ag\u00eancia de empregos, sabendo que apenas um ser\u00e1 escolhido? Assim come\u00e7a a [&hellip;]<\/p>\n","protected":false},"author":2,"featured_media":4175,"template":"","meta":{"_tribe_events_status":"","_tribe_events_status_reason":"","footnotes":""},"tags":[262,282,3705,3790,4170,4643,4868,4932,4971,5532],"tribe_events_cat":[6729,6738,6741,6750,6757],"class_list":["post-4174","tribe_events","type-tribe_events","status-publish","has-post-thumbnail","hentry","tag-academia-de-palhacos","tag-adeus","tag-jose-roberto-jardim","tag-laiza-dantas","tag-matei-visniec","tag-obra-petit-boulot-pour-vieux-clown","tag-palhacos-mortos","tag-paula-hemsi","tag-peca-teatral-adeus","tag-rodrigo-pocidonio","tribe_events_cat-arte","tribe_events_cat-culturais","tribe_events_cat-evento-gratuito","tribe_events_cat-musicais","tribe_events_cat-teatro","cat_arte","cat_culturais","cat_evento-gratuito","cat_musicais","cat_teatro"],"_links":{"self":[{"href":"https:\/\/baruerieventos.com.br\/site\/wp-json\/wp\/v2\/tribe_events\/4174","targetHints":{"allow":["GET"]}}],"collection":[{"href":"https:\/\/baruerieventos.com.br\/site\/wp-json\/wp\/v2\/tribe_events"}],"about":[{"href":"https:\/\/baruerieventos.com.br\/site\/wp-json\/wp\/v2\/types\/tribe_events"}],"author":[{"embeddable":true,"href":"https:\/\/baruerieventos.com.br\/site\/wp-json\/wp\/v2\/users\/2"}],"version-history":[{"count":0,"href":"https:\/\/baruerieventos.com.br\/site\/wp-json\/wp\/v2\/tribe_events\/4174\/revisions"}],"wp:featuredmedia":[{"embeddable":true,"href":"https:\/\/baruerieventos.com.br\/site\/wp-json\/"}],"wp:attachment":[{"href":"https:\/\/baruerieventos.com.br\/site\/wp-json\/wp\/v2\/media?parent=4174"}],"wp:term":[{"taxonomy":"post_tag","embeddable":true,"href":"https:\/\/baruerieventos.com.br\/site\/wp-json\/wp\/v2\/tags?post=4174"},{"taxonomy":"tribe_events_cat","embeddable":true,"href":"https:\/\/baruerieventos.com.br\/site\/wp-json\/wp\/v2\/tribe_events_cat?post=4174"}],"curies":[{"name":"wp","href":"https:\/\/api.w.org\/{rel}","templated":true}]}}

Peça teatral &#8220;Adeus, Palhaços Mortos!&#8221;

<p>O que se pode esperar da seguinte situação: três grandes artistas circenses se reencontram acidentalmente para um teste numa agência de empregos, sabendo que apenas um será escolhido? Assim começa a peça teatral &#8220;Adeus, Palhaços Mortos!&#8221;, espetáculo com <strong>entrada franca</strong> em apresentação no  sábado (dia 5), às 20h, no Teatro Municipal.</p>
<p>O texto da companhia Academia de Palhaços é uma adaptação da obra <i>Petit Boulot Pour Vieux Clown</i> do dramaturgo romeno Matei Visniec. O espetáculo “faz uma releitura crítica de seus nove anos de trajetória artística no universo do teatro popular circense, a partir da provocação do diretor José Roberto Jardim”, de acordo com a produção da peça.</p>
<p>“É uma ode ao ofício do ator e uma profunda reflexão sobre os fundamentos filosóficos da carreira de artista”, diz o texto que acompanha o espetáculo. A estreia aconteceu em 2016 na cidade de São Paulo e teve uma ótima recepção na crítica especializada, além de ter representado o <i>Brasil World Stage Design</i> em Taiwan. &#8220;Adeus, Palhaços Mortos!&#8221; foi vencedor no prêmio Shell na categoria cenografia e ganhou também como melhor espetáculo de grupo e melhor direção no prêmio Aplauso Brasil.</p>
<p>A Academia de Palhaços foi fundada por atores vindos do curso de artes cênicas da Unicamp (Universidade de Campinas). A Companhia iniciou uma investigação cênica sobre o palhaço de picadeiro brasileiro e em seus dez espetáculos produzidos até o momento transitou pelo universo do ator popular. O grupo foi obrigado a se reinventar há alguns anos por causa de um incêndio que destruiu cenários, figurinos, palco, equipamentos de som e iluminação. Dois de seus próprios integrantes desistiram do teatro e os três que restaram: Laiza Dantas, Paula Hemsi e Rodrigo Pocidônio, resolveram recomeçar. Convidaram o diretor José Roberto Jardim com a intenção de reler sua trajetória artística a partir de outras lentes.</p>
<p>Texto original: Matei Visniec</p>
<p>Direção e adaptação: José Roberto Jardim</p>
<p>Elenco: Laíza Dantas, Paula Hemsi e Rodrigo Pocidônio,</p>
<p>Direção musical e trilha sonora original ao vivo.</p>

<p>O que se pode esperar da seguinte situação: três grandes artistas circenses se reencontram acidentalmente para um teste numa agência de empregos, sabendo que apenas um será escolhido? Assim começa a [&hellip;]</p>
