{"id":4178,"date":"2018-05-02T13:22:17","date_gmt":"2018-05-02T16:22:17","guid":{"rendered":"http:\/\/baruerieventos.com.br\/site\/?post_type=tribe_events&amp;p=4178"},"modified":"2018-05-02T13:22:17","modified_gmt":"2018-05-02T16:22:17","slug":"espetaculo-no-teatro-b-em-cadeira-de-rodas","status":"publish","type":"tribe_events","link":"https:\/\/baruerieventos.com.br\/site\/event\/espetaculo-no-teatro-b-em-cadeira-de-rodas\/","title":{"rendered":"Espet\u00e1culo no Teatro : \u201cB&#8230; em Cadeira de Rodas&#8221;"},"content":{"rendered":"<p>O drama\u00a0\u201cB&#8230; em Cadeira de Rodas\u201d com \u00fanica apresenta\u00e7\u00e3o na pr\u00f3xima sexta-feira, dia 4 de maio, \u00e0s 20h30, no Teatro Municipal de Barueri, \u00e9 um dos destaques da programa\u00e7\u00e3o cultural da cidade. O texto escrito em 1975 pelo dramaturgo ga\u00facho Ronald Radde fala de dois homens em posi\u00e7\u00f5es sociais diferentes, trancados numa casa solit\u00e1ria, longe de tudo.<\/p>\n<p>De um lado, um patr\u00e3o deficiente f\u00edsico, preso a uma cadeira de rodas, sem conseguir movimentar as pernas. Do outro, seu cuidador, jovem empregado que tem que satisfazer todas as ordens do patr\u00e3o, e ainda ajuda-lo em suas refei\u00e7\u00f5es e necessidades fisiol\u00f3gicas. Na trama, fica explicito um jogo de poder e submiss\u00e3o, no qual o patr\u00e3o tenta, de todas as formas, submeter o empregado ao seu jugo.<\/p>\n<p>Fica impl\u00edcita uma tens\u00e3o sexual entre os dois homens, usada como parte do jogo. Um jogo de sedu\u00e7\u00e3o para que cada um consiga o que quer. Ou ser\u00e1 que o desejo realmente existe? Nesse embate o final pode ser surpreendente.<b><\/b><\/p>\n<p>De acordo com a produ\u00e7\u00e3o do espet\u00e1culo, a pe\u00e7a foi montada pela primeira vez em 1976, em plena ditadura militar. O texto representa a insatisfa\u00e7\u00e3o do autor com a situa\u00e7\u00e3o vigente no Brasil, \u00e0 \u00e9poca em que as liberdades democr\u00e1ticas foram tolhidas, pessoas eram oprimidas e perseguidas. Por meio do teatro, Ronald Radde (1945-2016) encontrou uma forma de representar e debater os temas proibidos pela censura, seus medos, ang\u00fastias e tamb\u00e9m uma possibilidade de fazer com que as pessoas refletissem sobre estes acontecimentos.<\/p>\n<p>&nbsp;<\/p>\n","protected":false},"excerpt":{"rendered":"<p>O drama\u00a0\u201cB&#8230; em Cadeira de Rodas\u201d com \u00fanica apresenta\u00e7\u00e3o na pr\u00f3xima sexta-feira, dia 4 de maio, \u00e0s 20h30, no Teatro Municipal de Barueri, \u00e9 um dos destaques da programa\u00e7\u00e3o cultural [&hellip;]<\/p>\n","protected":false},"author":2,"featured_media":4179,"template":"","meta":{"_tribe_events_status":"","_tribe_events_status_reason":"","footnotes":""},"tags":[722,2240,2243,5555],"tribe_events_cat":[6729,6738,6741,6757],"class_list":["post-4178","tribe_events","type-tribe_events","status-publish","has-post-thumbnail","hentry","tag-b-em-cadeira-de-rodas","tag-drama-b-em-cadeira-de-rodas","tag-dramaturgo-gaucho-ronald-radde","tag-ronald-radde","tribe_events_cat-arte","tribe_events_cat-culturais","tribe_events_cat-evento-gratuito","tribe_events_cat-teatro","cat_arte","cat_culturais","cat_evento-gratuito","cat_teatro"],"_links":{"self":[{"href":"https:\/\/baruerieventos.com.br\/site\/wp-json\/wp\/v2\/tribe_events\/4178","targetHints":{"allow":["GET"]}}],"collection":[{"href":"https:\/\/baruerieventos.com.br\/site\/wp-json\/wp\/v2\/tribe_events"}],"about":[{"href":"https:\/\/baruerieventos.com.br\/site\/wp-json\/wp\/v2\/types\/tribe_events"}],"author":[{"embeddable":true,"href":"https:\/\/baruerieventos.com.br\/site\/wp-json\/wp\/v2\/users\/2"}],"version-history":[{"count":0,"href":"https:\/\/baruerieventos.com.br\/site\/wp-json\/wp\/v2\/tribe_events\/4178\/revisions"}],"wp:featuredmedia":[{"embeddable":true,"href":"https:\/\/baruerieventos.com.br\/site\/wp-json\/"}],"wp:attachment":[{"href":"https:\/\/baruerieventos.com.br\/site\/wp-json\/wp\/v2\/media?parent=4178"}],"wp:term":[{"taxonomy":"post_tag","embeddable":true,"href":"https:\/\/baruerieventos.com.br\/site\/wp-json\/wp\/v2\/tags?post=4178"},{"taxonomy":"tribe_events_cat","embeddable":true,"href":"https:\/\/baruerieventos.com.br\/site\/wp-json\/wp\/v2\/tribe_events_cat?post=4178"}],"curies":[{"name":"wp","href":"https:\/\/api.w.org\/{rel}","templated":true}]}}

Espetáculo no Teatro : “B&#8230; em Cadeira de Rodas&#8221;

<p>O drama “B&#8230; em Cadeira de Rodas” com única apresentação na próxima sexta-feira, dia 4 de maio, às 20h30, no Teatro Municipal de Barueri, é um dos destaques da programação cultural da cidade. O texto escrito em 1975 pelo dramaturgo gaúcho Ronald Radde fala de dois homens em posições sociais diferentes, trancados numa casa solitária, longe de tudo.</p>
<p>De um lado, um patrão deficiente físico, preso a uma cadeira de rodas, sem conseguir movimentar as pernas. Do outro, seu cuidador, jovem empregado que tem que satisfazer todas as ordens do patrão, e ainda ajuda-lo em suas refeições e necessidades fisiológicas. Na trama, fica explicito um jogo de poder e submissão, no qual o patrão tenta, de todas as formas, submeter o empregado ao seu jugo.</p>
<p>Fica implícita uma tensão sexual entre os dois homens, usada como parte do jogo. Um jogo de sedução para que cada um consiga o que quer. Ou será que o desejo realmente existe? Nesse embate o final pode ser surpreendente.<b></b></p>
<p>De acordo com a produção do espetáculo, a peça foi montada pela primeira vez em 1976, em plena ditadura militar. O texto representa a insatisfação do autor com a situação vigente no Brasil, à época em que as liberdades democráticas foram tolhidas, pessoas eram oprimidas e perseguidas. Por meio do teatro, Ronald Radde (1945-2016) encontrou uma forma de representar e debater os temas proibidos pela censura, seus medos, angústias e também uma possibilidade de fazer com que as pessoas refletissem sobre estes acontecimentos.</p>
<p>&nbsp;</p>

<p>O drama “B&#8230; em Cadeira de Rodas” com única apresentação na próxima sexta-feira, dia 4 de maio, às 20h30, no Teatro Municipal de Barueri, é um dos destaques da programação cultural [&hellip;]</p>
