{"id":4227,"date":"2018-05-15T12:51:02","date_gmt":"2018-05-15T15:51:02","guid":{"rendered":"http:\/\/baruerieventos.com.br\/site\/?post_type=tribe_events&amp;p=4227"},"modified":"2018-05-15T12:51:02","modified_gmt":"2018-05-15T15:51:02","slug":"espetaculo-caminho-da-roca-chega-ao-palco-do-sesi-osasco","status":"publish","type":"tribe_events","link":"https:\/\/baruerieventos.com.br\/site\/event\/espetaculo-caminho-da-roca-chega-ao-palco-do-sesi-osasco\/","title":{"rendered":"Espet\u00e1culo &#8220;Caminho da Ro\u00e7a&#8221; chega ao palco do SESI Osasco"},"content":{"rendered":"<p style=\"font-weight: 400;\"><strong>OM LENDAS E CONTOS CAIPIRAS, ESPET\u00c1CULO NO SESI OSASCO DESTACA O PODER DA IMAGINA\u00c7\u00c3O<\/strong><\/p>\n<p style=\"font-weight: 400;\"><em>A pe\u00e7a inspirada em hist\u00f3rias que preencheram a inf\u00e2ncia de milhares de brasileiros acontece nos dias 18 e 19 de maio. Entrada gratuita.<\/em><\/p>\n<p style=\"font-weight: 400;\"><strong>\u00a0<\/strong>Guiado por moda de viola e personagens do folclore nacional, o espet\u00e1culo\u00a0<em>Caminho da Ro\u00e7a\u00a0<\/em>chega ao palco do SESI Osasco em sess\u00e3o dupla: dia 18 de maio, sexta, \u00e0s 15h, e 19, s\u00e1bado, \u00e0s 16h.<\/p>\n<p style=\"font-weight: 400;\">Os ingressos gratuitos podem ser reservados pelo sistema Meu SESI, no site\u00a0<a href=\"http:\/\/www.sesisp.org.br\/meu-sesi\" data-saferedirecturl=\"https:\/\/www.google.com\/url?hl=pt-BR&amp;q=http:\/\/www.sesisp.org.br\/meu-sesi&amp;source=gmail&amp;ust=1526485106389000&amp;usg=AFQjCNGK-cyqxnRUMpPIrOL-88RrEfvm2w\">www.sesisp.org.br\/meu-sesi<\/a>.<\/p>\n<p>Quando duas comadres se perdem no misterioso caminho da ro\u00e7a, repleto de aventuras, elas recebem a miss\u00e3o de passar adiante as hist\u00f3rias fant\u00e1sticas do vilarejo. Se falharem, as narrativas ser\u00e3o perdidas para sempre. Ao som da viola encantada e guiadas pelo Saci-Perer\u00ea, que as protege da Mula sem Cabe\u00e7a, elas dar\u00e3o vida aos personagens que antes estavam apenas na imagina\u00e7\u00e3o.<\/p>\n<p style=\"font-weight: 400;\">Seja pelo cheiro de bolo de milho ou pela trilha sonora de moda de viola, o espet\u00e1culo\u00a0<em>Caminho da Ro\u00e7a\u00a0<\/em>resgata a ess\u00eancia da cultura caipira sob o olhar maravilhado da crian\u00e7a. A pr\u00f3pria palavra \u201ccaipira\u201d traz em sua origem o cen\u00e1rio l\u00fadico e buc\u00f3lico retratado na montagem. \u00c9 a jun\u00e7\u00e3o de caapora, habitador do mato, com curupira, ser fant\u00e1stico que vive na floresta.<\/p>\n<p style=\"font-weight: 400;\">Como todo bom caipira, os personagens tamb\u00e9m trazem causos e contos de assombra\u00e7\u00e3o, folclore e supersti\u00e7\u00f5es. Enquanto uma av\u00f3 conta a sua neta a hist\u00f3ria das comadres, a pe\u00e7a conecta diferentes gera\u00e7\u00f5es e mostra ao p\u00fablico que os maiores contadores de hist\u00f3rias est\u00e3o dentro de n\u00f3s.<\/p>\n<p style=\"font-weight: 400;\"><strong><u>Ficha t\u00e9cnica<\/u><\/strong><\/p>\n<p style=\"font-weight: 400;\">Dire\u00e7\u00e3o: Eric Nowinski | Dramaturgia: Paulo Rog\u00e9rio Lopes e Simone Grande | Elenco: Antonia Matos e Simone Grande | Atriz substituta: Giuliana Cer | Cen\u00e1rio e figurino: Carolina Bassi | Assistentes de cenografia e figurino: Patr\u00edcia Tiemi e Mariana Godone | Desenho de luz: Eric Nowinski | Dire\u00e7\u00e3o musical: Nina Blauth | Cria\u00e7\u00e3o musical: Antonia Matos, Nina Blauth e Simone Grande | Composi\u00e7\u00e3o &#8220;Catira do Passarinho&#8221;:\u00a0\u00a0Celso Pan | Prepara\u00e7\u00e3o vocal: Suzana Salles | Efeitos sonoros: Daniel Krotoszynski &#8211; DNAudio | Assistente de Palco: Diego Dac e Paulo Pellegrini | Administra\u00e7\u00e3o:\u00a0\u00a0Regiane Moraes | Produ\u00e7\u00e3o: Joice Portes<\/p>\n<p style=\"font-weight: 400;\">\n<p style=\"font-weight: 400;\">Local: SESI Osasco \u2013 Rua Calixto Barbieri, 23\/83<\/p>\n<p style=\"font-weight: 400;\">\n<p style=\"font-weight: 400;\">Datas e hor\u00e1rios: dia 18 de maio, sexta, \u00e0s 15h, e 19, s\u00e1bado, \u00e0s 16h<\/p>\n<p style=\"font-weight: 400;\">Dura\u00e7\u00e3o: 60 minutos<br \/>\nClassifica\u00e7\u00e3o indicativa: Livre<br \/>\nModalidade: Infantil<br \/>\nG\u00eanero: Drama musical<br \/>\nInforma\u00e7\u00f5es: (11) 3602-6200 ramal 7<\/p>\n<p style=\"font-weight: 400;\">Site:\u00a0<a href=\"http:\/\/www.osasco.sesisp.org.br\/\" data-saferedirecturl=\"https:\/\/www.google.com\/url?hl=pt-BR&amp;q=http:\/\/www.osasco.sesisp.org.br&amp;source=gmail&amp;ust=1526485106390000&amp;usg=AFQjCNFWFce7l62LkK0DrEWbQSjsp_gnaA\">www.osasco.sesisp.org.br<\/a><br \/>\nEntrada gratuita \u2013 Reservas antecipadas pelo Meu SESI (<a href=\"http:\/\/www.sesisp.org.br\/meu-sesi\" data-saferedirecturl=\"https:\/\/www.google.com\/url?hl=pt-BR&amp;q=http:\/\/www.sesisp.org.br\/meu-sesi&amp;source=gmail&amp;ust=1526485106390000&amp;usg=AFQjCNEQG2B0EyhkLc0ruVyXmcVkLk4uEw\">www.sesisp.org.br\/meu-sesi<\/a>). Os ingressos ser\u00e3o distribu\u00eddos 01 hora antes do in\u00edcio do espet\u00e1culo.<\/p>\n<p style=\"font-weight: 400;\">\n<p style=\"font-weight: 400;\">\n","protected":false},"excerpt":{"rendered":"<p>OM LENDAS E CONTOS CAIPIRAS, ESPET\u00c1CULO NO SESI OSASCO DESTACA O PODER DA IMAGINA\u00c7\u00c3O A pe\u00e7a inspirada em hist\u00f3rias que preencheram a inf\u00e2ncia de milhares de brasileiros acontece nos dias [&hellip;]<\/p>\n","protected":false},"author":2,"featured_media":4228,"template":"","meta":{"_tribe_events_status":"","_tribe_events_status_reason":"","footnotes":""},"tags":[512,1159,1184,1323,1360,1942,1965,2115,2393,2468,3180,3662,4133,4538,4924,4956,4960,5405,5603,5853,5961,6011],"tribe_events_cat":[6738,6741,6748,6757],"class_list":["post-4227","tribe_events","type-tribe_events","status-publish","has-post-thumbnail","hentry","tag-antonia-matos","tag-caipira","tag-caminho-da-roca-resgata-a-essencia-da-cultura-caipira","tag-carolina-bassi","tag-catira-do-passarinho","tag-curupira","tag-daniel-krotoszynski-dnaudio","tag-diego-dac","tag-eric-nowinski","tag-espetaculo-caminho-da-roca","tag-giuliana-cer","tag-joice-portes","tag-mariana-godone","tag-nina-blauth","tag-patricia-tiemi","tag-paulo-pellegrini","tag-paulo-rogerio-lopes","tag-regiane-moraes","tag-saci-perere","tag-sesi-osasco","tag-simone-grande","tag-som-da-viola","tribe_events_cat-culturais","tribe_events_cat-evento-gratuito","tribe_events_cat-infantil","tribe_events_cat-teatro","cat_culturais","cat_evento-gratuito","cat_infantil","cat_teatro"],"_links":{"self":[{"href":"https:\/\/baruerieventos.com.br\/site\/wp-json\/wp\/v2\/tribe_events\/4227","targetHints":{"allow":["GET"]}}],"collection":[{"href":"https:\/\/baruerieventos.com.br\/site\/wp-json\/wp\/v2\/tribe_events"}],"about":[{"href":"https:\/\/baruerieventos.com.br\/site\/wp-json\/wp\/v2\/types\/tribe_events"}],"author":[{"embeddable":true,"href":"https:\/\/baruerieventos.com.br\/site\/wp-json\/wp\/v2\/users\/2"}],"version-history":[{"count":0,"href":"https:\/\/baruerieventos.com.br\/site\/wp-json\/wp\/v2\/tribe_events\/4227\/revisions"}],"wp:featuredmedia":[{"embeddable":true,"href":"https:\/\/baruerieventos.com.br\/site\/wp-json\/"}],"wp:attachment":[{"href":"https:\/\/baruerieventos.com.br\/site\/wp-json\/wp\/v2\/media?parent=4227"}],"wp:term":[{"taxonomy":"post_tag","embeddable":true,"href":"https:\/\/baruerieventos.com.br\/site\/wp-json\/wp\/v2\/tags?post=4227"},{"taxonomy":"tribe_events_cat","embeddable":true,"href":"https:\/\/baruerieventos.com.br\/site\/wp-json\/wp\/v2\/tribe_events_cat?post=4227"}],"curies":[{"name":"wp","href":"https:\/\/api.w.org\/{rel}","templated":true}]}}

Espetáculo &#8220;Caminho da Roça&#8221; chega ao palco do SESI Osasco

<p style="font-weight: 400;"><strong>OM LENDAS E CONTOS CAIPIRAS, ESPETÁCULO NO SESI OSASCO DESTACA O PODER DA IMAGINAÇÃO</strong></p>
<p style="font-weight: 400;"><em>A peça inspirada em histórias que preencheram a infância de milhares de brasileiros acontece nos dias 18 e 19 de maio. Entrada gratuita.</em></p>
<p style="font-weight: 400;"><strong> </strong>Guiado por moda de viola e personagens do folclore nacional, o espetáculo <em>Caminho da Roça </em>chega ao palco do SESI Osasco em sessão dupla: dia 18 de maio, sexta, às 15h, e 19, sábado, às 16h.</p>
<p style="font-weight: 400;">Os ingressos gratuitos podem ser reservados pelo sistema Meu SESI, no site <a href="http://www.sesisp.org.br/meu-sesi" data-saferedirecturl="https://www.google.com/url?hl=pt-BR&amp;q=http://www.sesisp.org.br/meu-sesi&amp;source=gmail&amp;ust=1526485106389000&amp;usg=AFQjCNGK-cyqxnRUMpPIrOL-88RrEfvm2w">www.sesisp.org.br/meu-sesi</a>.</p>
<p>Quando duas comadres se perdem no misterioso caminho da roça, repleto de aventuras, elas recebem a missão de passar adiante as histórias fantásticas do vilarejo. Se falharem, as narrativas serão perdidas para sempre. Ao som da viola encantada e guiadas pelo Saci-Pererê, que as protege da Mula sem Cabeça, elas darão vida aos personagens que antes estavam apenas na imaginação.</p>
<p style="font-weight: 400;">Seja pelo cheiro de bolo de milho ou pela trilha sonora de moda de viola, o espetáculo <em>Caminho da Roça </em>resgata a essência da cultura caipira sob o olhar maravilhado da criança. A própria palavra “caipira” traz em sua origem o cenário lúdico e bucólico retratado na montagem. É a junção de caapora, habitador do mato, com curupira, ser fantástico que vive na floresta.</p>
<p style="font-weight: 400;">Como todo bom caipira, os personagens também trazem causos e contos de assombração, folclore e superstições. Enquanto uma avó conta a sua neta a história das comadres, a peça conecta diferentes gerações e mostra ao público que os maiores contadores de histórias estão dentro de nós.</p>
<p style="font-weight: 400;"><strong><u>Ficha técnica</u></strong></p>
<p style="font-weight: 400;">Direção: Eric Nowinski | Dramaturgia: Paulo Rogério Lopes e Simone Grande | Elenco: Antonia Matos e Simone Grande | Atriz substituta: Giuliana Cer | Cenário e figurino: Carolina Bassi | Assistentes de cenografia e figurino: Patrícia Tiemi e Mariana Godone | Desenho de luz: Eric Nowinski | Direção musical: Nina Blauth | Criação musical: Antonia Matos, Nina Blauth e Simone Grande | Composição &#8220;Catira do Passarinho&#8221;:  Celso Pan | Preparação vocal: Suzana Salles | Efeitos sonoros: Daniel Krotoszynski &#8211; DNAudio | Assistente de Palco: Diego Dac e Paulo Pellegrini | Administração:  Regiane Moraes | Produção: Joice Portes</p>
<p style="font-weight: 400;">
<p style="font-weight: 400;">Local: SESI Osasco – Rua Calixto Barbieri, 23/83</p>
<p style="font-weight: 400;">
<p style="font-weight: 400;">Datas e horários: dia 18 de maio, sexta, às 15h, e 19, sábado, às 16h</p>
<p style="font-weight: 400;">Duração: 60 minutos<br />
Classificação indicativa: Livre<br />
Modalidade: Infantil<br />
Gênero: Drama musical<br />
Informações: (11) 3602-6200 ramal 7</p>
<p style="font-weight: 400;">Site: <a href="http://www.osasco.sesisp.org.br/" data-saferedirecturl="https://www.google.com/url?hl=pt-BR&amp;q=http://www.osasco.sesisp.org.br&amp;source=gmail&amp;ust=1526485106390000&amp;usg=AFQjCNFWFce7l62LkK0DrEWbQSjsp_gnaA">www.osasco.sesisp.org.br</a><br />
Entrada gratuita – Reservas antecipadas pelo Meu SESI (<a href="http://www.sesisp.org.br/meu-sesi" data-saferedirecturl="https://www.google.com/url?hl=pt-BR&amp;q=http://www.sesisp.org.br/meu-sesi&amp;source=gmail&amp;ust=1526485106390000&amp;usg=AFQjCNEQG2B0EyhkLc0ruVyXmcVkLk4uEw">www.sesisp.org.br/meu-sesi</a>). Os ingressos serão distribuídos 01 hora antes do início do espetáculo.</p>
<p style="font-weight: 400;">
<p style="font-weight: 400;">

<p>OM LENDAS E CONTOS CAIPIRAS, ESPETÁCULO NO SESI OSASCO DESTACA O PODER DA IMAGINAÇÃO A peça inspirada em histórias que preencheram a infância de milhares de brasileiros acontece nos dias [&hellip;]</p>
