{"id":4406,"date":"2018-08-04T00:13:39","date_gmt":"2018-08-04T03:13:39","guid":{"rendered":"http:\/\/baruerieventos.com.br\/site\/?post_type=tribe_events&amp;p=4406"},"modified":"2018-08-04T00:13:39","modified_gmt":"2018-08-04T03:13:39","slug":"espetaculo-nosotros-uma-revoada-latino-americana","status":"publish","type":"tribe_events","link":"https:\/\/baruerieventos.com.br\/site\/event\/espetaculo-nosotros-uma-revoada-latino-americana\/","title":{"rendered":"Espet\u00e1culo Nosotros &#8211; Uma Revoada Latino-americana!"},"content":{"rendered":"<p>O SESI Osasco recebe nos dias 3 e 4 de agosto, \u00e0s 20h, o espet\u00e1culo <em> Nosotros &#8211; Uma Revoada Latino-americana!,<\/em> um trabalho realizado pela Fraternal Cia. de Arte e Malas-Artes.<\/p>\n<p>Os ingressos podem ser reservados pelo sistema Meu SESI, no site <a href=\"http:\/\/www.sesisp.org.br\/meu-sesi\" data-saferedirecturl=\"https:\/\/www.google.com\/url?hl=pt-BR&amp;q=http:\/\/www.sesisp.org.br\/meu-sesi&amp;source=gmail&amp;ust=1533437890563000&amp;usg=AFQjCNEfhB2m2m7bEhYsWMmp1cWTWnzGZg\">www.sesisp.org.br\/meu-sesi<\/a>.<\/p>\n<p>A Cia tamb\u00e9m vai ministrar a Oficina de Viv\u00eancia Fraternal, para complementar a experi\u00eancia. A aula acontece no dia 4 de agosto, \u00e0s 16h e tem como objetivo compartilhar um pouco do processo de cria\u00e7\u00e3o da companhia, que vai desde a constru\u00e7\u00e3o do texto at\u00e9 a finaliza\u00e7\u00e3o da pe\u00e7a.<\/p>\n<p><em>Nosotros<\/em> nasceu ap\u00f3s um ano de pesquisa sobre o universo m\u00edtico e social dos imigrantes latino-americanos de S\u00e3o Paulo. Na pe\u00e7a, uma trupe de saltimbancos, conduzidos por imigrantes, narra a hist\u00f3ria de Juanito: um t\u00edpico andino que sai de seu local de origem para tentar uma vida melhor em uma terra sem mal chamada <em>Nosotros<\/em>. A hist\u00f3ria \u00e9 permeada por desafios, comicidade, m\u00fasica, sonhos e ang\u00fastias, daqueles que ousam se aventurar por terras desconhecidas.<\/p>\n<p>De acordo com dados extraoficiais disponibilizados pelo CAMI &#8211; Centro de Apoio ao Imigrante, na cidade de S\u00e3o Paulo vivem mais de 500 mil latino-americanos. Esse n\u00famero expressivo inspirou a companhia e a motivou a fazer uma imers\u00e3o na experi\u00eancia imigrat\u00f3ria, indo al\u00e9m do olhar sociol\u00f3gico, econ\u00f4mico e geogr\u00e1fico, colhendo relatos que identificassem de onde vinham essas pessoas, quais cren\u00e7as, ritos, costumes traziam consigo e o que esperavam do futuro.<\/p>\n<p>O intuito do espet\u00e1culo \u00e9 questionar: por que n\u00f3s brasileiros conhecemos t\u00e3o pouco sobre a cultura de nossos vizinhos t\u00e3o pr\u00f3ximos e t\u00e3o distantes ao mesmo tempo? Por que os imigrantes latinos e nossa popula\u00e7\u00e3o ind\u00edgena s\u00e3o quase invis\u00edveis? Afinal, somos ou n\u00e3o somos todos latino-americanos?<\/p>\n<div><b>Classifica\u00e7\u00e3o: <\/b>Livre<\/div>\n<div><b>G\u00eanero: <\/b>Com\u00e9dia<\/div>\n","protected":false},"excerpt":{"rendered":"<p>O SESI Osasco recebe nos dias 3 e 4 de agosto, \u00e0s 20h, o espet\u00e1culo Nosotros &#8211; Uma Revoada Latino-americana!, um trabalho realizado pela Fraternal Cia. de Arte e Malas-Artes. [&hellip;]<\/p>\n","protected":false},"author":2,"featured_media":4407,"template":"","meta":{"_tribe_events_status":"","_tribe_events_status_reason":"","footnotes":""},"tags":[3030,4695],"tribe_events_cat":[],"class_list":["post-4406","tribe_events","type-tribe_events","status-publish","has-post-thumbnail","hentry","tag-fraternal-cia-de-arte-e-malas-artes","tag-oficina-de-vivencia-fraternal"],"_links":{"self":[{"href":"https:\/\/baruerieventos.com.br\/site\/wp-json\/wp\/v2\/tribe_events\/4406","targetHints":{"allow":["GET"]}}],"collection":[{"href":"https:\/\/baruerieventos.com.br\/site\/wp-json\/wp\/v2\/tribe_events"}],"about":[{"href":"https:\/\/baruerieventos.com.br\/site\/wp-json\/wp\/v2\/types\/tribe_events"}],"author":[{"embeddable":true,"href":"https:\/\/baruerieventos.com.br\/site\/wp-json\/wp\/v2\/users\/2"}],"version-history":[{"count":0,"href":"https:\/\/baruerieventos.com.br\/site\/wp-json\/wp\/v2\/tribe_events\/4406\/revisions"}],"wp:featuredmedia":[{"embeddable":true,"href":"https:\/\/baruerieventos.com.br\/site\/wp-json\/"}],"wp:attachment":[{"href":"https:\/\/baruerieventos.com.br\/site\/wp-json\/wp\/v2\/media?parent=4406"}],"wp:term":[{"taxonomy":"post_tag","embeddable":true,"href":"https:\/\/baruerieventos.com.br\/site\/wp-json\/wp\/v2\/tags?post=4406"},{"taxonomy":"tribe_events_cat","embeddable":true,"href":"https:\/\/baruerieventos.com.br\/site\/wp-json\/wp\/v2\/tribe_events_cat?post=4406"}],"curies":[{"name":"wp","href":"https:\/\/api.w.org\/{rel}","templated":true}]}}

Espetáculo Nosotros &#8211; Uma Revoada Latino-americana!

<p>O SESI Osasco recebe nos dias 3 e 4 de agosto, às 20h, o espetáculo <em> Nosotros &#8211; Uma Revoada Latino-americana!,</em> um trabalho realizado pela Fraternal Cia. de Arte e Malas-Artes.</p>
<p>Os ingressos podem ser reservados pelo sistema Meu SESI, no site <a href="http://www.sesisp.org.br/meu-sesi" data-saferedirecturl="https://www.google.com/url?hl=pt-BR&amp;q=http://www.sesisp.org.br/meu-sesi&amp;source=gmail&amp;ust=1533437890563000&amp;usg=AFQjCNEfhB2m2m7bEhYsWMmp1cWTWnzGZg">www.sesisp.org.br/meu-sesi</a>.</p>
<p>A Cia também vai ministrar a Oficina de Vivência Fraternal, para complementar a experiência. A aula acontece no dia 4 de agosto, às 16h e tem como objetivo compartilhar um pouco do processo de criação da companhia, que vai desde a construção do texto até a finalização da peça.</p>
<p><em>Nosotros</em> nasceu após um ano de pesquisa sobre o universo mítico e social dos imigrantes latino-americanos de São Paulo. Na peça, uma trupe de saltimbancos, conduzidos por imigrantes, narra a história de Juanito: um típico andino que sai de seu local de origem para tentar uma vida melhor em uma terra sem mal chamada <em>Nosotros</em>. A história é permeada por desafios, comicidade, música, sonhos e angústias, daqueles que ousam se aventurar por terras desconhecidas.</p>
<p>De acordo com dados extraoficiais disponibilizados pelo CAMI &#8211; Centro de Apoio ao Imigrante, na cidade de São Paulo vivem mais de 500 mil latino-americanos. Esse número expressivo inspirou a companhia e a motivou a fazer uma imersão na experiência imigratória, indo além do olhar sociológico, econômico e geográfico, colhendo relatos que identificassem de onde vinham essas pessoas, quais crenças, ritos, costumes traziam consigo e o que esperavam do futuro.</p>
<p>O intuito do espetáculo é questionar: por que nós brasileiros conhecemos tão pouco sobre a cultura de nossos vizinhos tão próximos e tão distantes ao mesmo tempo? Por que os imigrantes latinos e nossa população indígena são quase invisíveis? Afinal, somos ou não somos todos latino-americanos?</p>
<div><b>Classificação: </b>Livre</div>
<div><b>Gênero: </b>Comédia</div>

<p>O SESI Osasco recebe nos dias 3 e 4 de agosto, às 20h, o espetáculo Nosotros &#8211; Uma Revoada Latino-americana!, um trabalho realizado pela Fraternal Cia. de Arte e Malas-Artes. [&hellip;]</p>
