{"id":4416,"date":"2018-08-04T01:40:50","date_gmt":"2018-08-04T04:40:50","guid":{"rendered":"http:\/\/baruerieventos.com.br\/site\/?post_type=tribe_events&amp;p=4416"},"modified":"2018-08-04T01:40:50","modified_gmt":"2018-08-04T04:40:50","slug":"show-os-filhos-dos-caras-com-lucian-mello-leo-maia-e-wilson-simoninha","status":"publish","type":"tribe_events","link":"https:\/\/baruerieventos.com.br\/site\/event\/show-os-filhos-dos-caras-com-lucian-mello-leo-maia-e-wilson-simoninha\/","title":{"rendered":"Show &#8220;Os Filhos dos Caras&#8221; com Luciana Mello, L\u00e9o Maia e Wilson Simoninha."},"content":{"rendered":"<p>No dia 12 de agosto, Dia dos Pais o Parque Municipal Dom Jos\u00e9 recebe a apresenta\u00e7\u00e3o Os Filhos dos Caras, com Luciana Mello, L\u00e9o Maia e Wilson Simoninha.<\/p>\n<p>O show organizado pela Secretaria de Cultura e Turismo \u00e9 gratuito e acontece \u00e0s 11h no Palco Bosque. Traga o melhor pai para curtir conosco!<br \/>\nOs Filhos dos Caras \u00e9 uma homenagem dos filhos \u00e0 m\u00fasica e a seus pais, reunindo no mesmo palco herdeiros de grandes \u00eddolos brasileiros. Wilson Simoninha, Luciana Melo e L\u00e9o Maia mostram um pouco do seu repert\u00f3rio pr\u00f3prio e, acompanhados por um quinteto, resgatam seu DNA interpretando os grandes cl\u00e1ssicos de Wilson Simonal, Jair Rodrigues e Tim Maia.<br \/>\nHomenageando a vida e obra de seus ascendentes, em um movimento musical e amoroso, d\u00e3o de presente ao p\u00fablico novas mem\u00f3rias emocionais, afetivas e referenciais. E as mem\u00f3rias n\u00e3o envelhecem; t\u00eam a idade que sempre tiveram.<\/p>\n","protected":false},"excerpt":{"rendered":"<p>No dia 12 de agosto, Dia dos Pais o Parque Municipal Dom Jos\u00e9 recebe a apresenta\u00e7\u00e3o Os Filhos dos Caras, com Luciana Mello, L\u00e9o Maia e Wilson Simoninha. O show [&hellip;]<\/p>\n","protected":false},"author":2,"featured_media":4417,"template":"","meta":{"_tribe_events_status":"","_tribe_events_status_reason":"","footnotes":""},"tags":[3848,3849,3956,3957,4787,5878,6639],"tribe_events_cat":[6738,6741,6750],"class_list":["post-4416","tribe_events","type-tribe_events","status-publish","has-post-thumbnail","hentry","tag-leo-maia-e-wilson-simoninha","tag-leo-maia-em-barueri","tag-luciana-mello","tag-luciana-mello-em-barueri","tag-os-filhos-dos-caras","tag-show-os-filhos-dos-caras-com-lucian-mello","tag-wilson-simoninha-em-barueri","tribe_events_cat-culturais","tribe_events_cat-evento-gratuito","tribe_events_cat-musicais","cat_culturais","cat_evento-gratuito","cat_musicais"],"_links":{"self":[{"href":"https:\/\/baruerieventos.com.br\/site\/wp-json\/wp\/v2\/tribe_events\/4416","targetHints":{"allow":["GET"]}}],"collection":[{"href":"https:\/\/baruerieventos.com.br\/site\/wp-json\/wp\/v2\/tribe_events"}],"about":[{"href":"https:\/\/baruerieventos.com.br\/site\/wp-json\/wp\/v2\/types\/tribe_events"}],"author":[{"embeddable":true,"href":"https:\/\/baruerieventos.com.br\/site\/wp-json\/wp\/v2\/users\/2"}],"version-history":[{"count":0,"href":"https:\/\/baruerieventos.com.br\/site\/wp-json\/wp\/v2\/tribe_events\/4416\/revisions"}],"wp:featuredmedia":[{"embeddable":true,"href":"https:\/\/baruerieventos.com.br\/site\/wp-json\/"}],"wp:attachment":[{"href":"https:\/\/baruerieventos.com.br\/site\/wp-json\/wp\/v2\/media?parent=4416"}],"wp:term":[{"taxonomy":"post_tag","embeddable":true,"href":"https:\/\/baruerieventos.com.br\/site\/wp-json\/wp\/v2\/tags?post=4416"},{"taxonomy":"tribe_events_cat","embeddable":true,"href":"https:\/\/baruerieventos.com.br\/site\/wp-json\/wp\/v2\/tribe_events_cat?post=4416"}],"curies":[{"name":"wp","href":"https:\/\/api.w.org\/{rel}","templated":true}]}}

Show &#8220;Os Filhos dos Caras&#8221; com Luciana Mello, Léo Maia e Wilson Simoninha.

<p>No dia 12 de agosto, Dia dos Pais o Parque Municipal Dom José recebe a apresentação Os Filhos dos Caras, com Luciana Mello, Léo Maia e Wilson Simoninha.</p>
<p>O show organizado pela Secretaria de Cultura e Turismo é gratuito e acontece às 11h no Palco Bosque. Traga o melhor pai para curtir conosco!<br />
Os Filhos dos Caras é uma homenagem dos filhos à música e a seus pais, reunindo no mesmo palco herdeiros de grandes ídolos brasileiros. Wilson Simoninha, Luciana Melo e Léo Maia mostram um pouco do seu repertório próprio e, acompanhados por um quinteto, resgatam seu DNA interpretando os grandes clássicos de Wilson Simonal, Jair Rodrigues e Tim Maia.<br />
Homenageando a vida e obra de seus ascendentes, em um movimento musical e amoroso, dão de presente ao público novas memórias emocionais, afetivas e referenciais. E as memórias não envelhecem; têm a idade que sempre tiveram.</p>

<p>No dia 12 de agosto, Dia dos Pais o Parque Municipal Dom José recebe a apresentação Os Filhos dos Caras, com Luciana Mello, Léo Maia e Wilson Simoninha. O show [&hellip;]</p>
