{"id":4422,"date":"2018-08-08T18:08:35","date_gmt":"2018-08-08T21:08:35","guid":{"rendered":"http:\/\/baruerieventos.com.br\/site\/?post_type=tribe_events&amp;p=4422"},"modified":"2018-08-08T18:08:35","modified_gmt":"2018-08-08T21:08:35","slug":"espetaculo-pes-descalcos-em-osasco","status":"publish","type":"tribe_events","link":"https:\/\/baruerieventos.com.br\/site\/event\/espetaculo-pes-descalcos-em-osasco\/","title":{"rendered":"Espet\u00e1culo &#8220;P\u00e9s Descal\u00e7os&#8221; em Osasco"},"content":{"rendered":"<p style=\"font-weight: 400;\"><em>A pe\u00e7a P\u00e9s Descal\u00e7os mostra como a imagina\u00e7\u00e3o pode construir um mundo inteiro, nos dias 10 e 11 de agosto, com entrada gratuita<\/em><\/p>\n<p style=\"font-weight: 400;\">\u00a0Com uma linguagem descontra\u00edda e bonecos animados, a cia Morpheus Teatro leva a pe\u00e7a P\u00e9s Descal\u00e7os ao palco do SESI Osasco em duas sess\u00f5es: no dia 10 de agosto, sexta, \u00e0s 15h, e 11 de agosto, s\u00e1bado, \u00e0s 16h.<\/p>\n<p style=\"font-weight: 400;\">Os ingressos gratuitos podem ser reservados pelo sistema Meu SESI, no site\u00a0<a href=\"http:\/\/www.sesisp.org.br\/meu-sesi\" data-saferedirecturl=\"https:\/\/www.google.com\/url?hl=pt-BR&amp;q=http:\/\/www.sesisp.org.br\/meu-sesi&amp;source=gmail&amp;ust=1533847103193000&amp;usg=AFQjCNH7KT6EKLyoYDgfIm5eed4zaYyD2g\">www.sesisp.org.br\/meu-sesi<\/a>.<\/p>\n<p>No tanque de areia do parquinho, o t\u00edmido Rodolfo, surge um mundo de possibilidades e contrastes. Apesar das diferen\u00e7as, as crian\u00e7as se permitem conhecer, coexistir e cooperar um com o outro. Com falas descontra\u00eddas e di\u00e1logos simples, a pe\u00e7a retrata a beleza do encontro, da aceita\u00e7\u00e3o e da for\u00e7a da imagina\u00e7\u00e3o.<\/p>\n<p style=\"font-weight: 400;\"><em>P\u00e9s Descal\u00e7os\u00a0<\/em>utiliza o teatro de bonecos para narrar temas como medo e solid\u00e3o com lirismo e bom-humor. Enquanto apresenta o encontro entre duas crian\u00e7as, o espet\u00e1culo d\u00e1 vida a um mundo sem muros e limita\u00e7\u00f5es constru\u00eddo dentro de um simples tanque de areia. O p\u00fablico \u00e9 convidado a \u2018tirar os sapatos\u2019, desnudar os p\u00e9s e os preconceitos para, quem sabe, resgatar o melhor da inf\u00e2ncia.<\/p>\n<p style=\"font-weight: 400;\"><strong><u>Ficha t\u00e9cnica<\/u><\/strong><\/p>\n<p style=\"font-weight: 400;\">Dire\u00e7\u00e3o e texto: Ver\u00f4nica Gerchman | Atores: Dani Boni. Jo\u00e3o Araujo, Ver\u00f4nica Gerchman e Z\u00e9Antonio Do Carmmo | M\u00fasico: Jo\u00e3o Araujo | Cantora: Dani Boni | Constru\u00e7\u00e3o de bonecos, cen\u00e1rio e ilumina\u00e7\u00e3o: Morpheus Teatro | Opera\u00e7\u00e3o T\u00e9cnica: Morpheus Teatro | Constru\u00e7\u00e3o da Trilha Sonora: Dani Boni, Mavutsinim, Mateus Pires e Yuri de Franco, | Figurinos: Denise Fran\u00e7a e Luana de Lucca | Fotos: Karim Sauro | Produ\u00e7\u00e3o Executiva: Deborah Corr\u00eaa<\/p>\n<p style=\"font-weight: 400;\"><strong>Local: SESI Osasco\u00a0<\/strong><\/p>\n<p style=\"font-weight: 400;\">Datas e hor\u00e1rios:\u00a010 de agosto, sexta, \u00e0s 15h, e 11 de agosto, s\u00e1bado, \u00e0s 16h<\/p>\n<p style=\"font-weight: 400;\">Dura\u00e7\u00e3o: 50 minutos &#8211; Classifica\u00e7\u00e3o indicativa: Livre<\/p>\n<p style=\"font-weight: 400;\">G\u00eanero: Teatro de bonecos &#8211;\u00a0Modalidade: Infantojuvenil<\/p>\n<p style=\"font-weight: 400;\">Informa\u00e7\u00f5es: (11) 3602-6216<\/p>\n<p style=\"font-weight: 400;\"><strong>Entrada gratuita\u00a0\u00a0<\/strong><\/p>\n","protected":false},"excerpt":{"rendered":"<p>A pe\u00e7a P\u00e9s Descal\u00e7os mostra como a imagina\u00e7\u00e3o pode construir um mundo inteiro, nos dias 10 e 11 de agosto, com entrada gratuita \u00a0Com uma linguagem descontra\u00edda e bonecos animados, [&hellip;]<\/p>\n","protected":false},"author":1,"featured_media":4423,"template":"","meta":{"_tribe_events_status":"","_tribe_events_status_reason":"","footnotes":""},"tags":[1961,1993,2022,3619,3750,3944,4173,4191,4351,6473,6691,6703],"tribe_events_cat":[6729,6738,6741,6748,6757],"class_list":["post-4422","tribe_events","type-tribe_events","status-publish","has-post-thumbnail","hentry","tag-dani-boni","tag-deborah-correa","tag-denise-franca","tag-joao-araujo","tag-karim-sauro","tag-luana-de-lucca","tag-mateus-pires","tag-mavutsinim","tag-morpheus-teatro","tag-veronica-gerchman","tag-yuri-de-franco","tag-zeantonio-do-carmmo","tribe_events_cat-arte","tribe_events_cat-culturais","tribe_events_cat-evento-gratuito","tribe_events_cat-infantil","tribe_events_cat-teatro","cat_arte","cat_culturais","cat_evento-gratuito","cat_infantil","cat_teatro"],"_links":{"self":[{"href":"https:\/\/baruerieventos.com.br\/site\/wp-json\/wp\/v2\/tribe_events\/4422","targetHints":{"allow":["GET"]}}],"collection":[{"href":"https:\/\/baruerieventos.com.br\/site\/wp-json\/wp\/v2\/tribe_events"}],"about":[{"href":"https:\/\/baruerieventos.com.br\/site\/wp-json\/wp\/v2\/types\/tribe_events"}],"author":[{"embeddable":true,"href":"https:\/\/baruerieventos.com.br\/site\/wp-json\/wp\/v2\/users\/1"}],"version-history":[{"count":0,"href":"https:\/\/baruerieventos.com.br\/site\/wp-json\/wp\/v2\/tribe_events\/4422\/revisions"}],"wp:featuredmedia":[{"embeddable":true,"href":"https:\/\/baruerieventos.com.br\/site\/wp-json\/"}],"wp:attachment":[{"href":"https:\/\/baruerieventos.com.br\/site\/wp-json\/wp\/v2\/media?parent=4422"}],"wp:term":[{"taxonomy":"post_tag","embeddable":true,"href":"https:\/\/baruerieventos.com.br\/site\/wp-json\/wp\/v2\/tags?post=4422"},{"taxonomy":"tribe_events_cat","embeddable":true,"href":"https:\/\/baruerieventos.com.br\/site\/wp-json\/wp\/v2\/tribe_events_cat?post=4422"}],"curies":[{"name":"wp","href":"https:\/\/api.w.org\/{rel}","templated":true}]}}

Espetáculo &#8220;Pés Descalços&#8221; em Osasco

<p style="font-weight: 400;"><em>A peça Pés Descalços mostra como a imaginação pode construir um mundo inteiro, nos dias 10 e 11 de agosto, com entrada gratuita</em></p>
<p style="font-weight: 400;"> Com uma linguagem descontraída e bonecos animados, a cia Morpheus Teatro leva a peça Pés Descalços ao palco do SESI Osasco em duas sessões: no dia 10 de agosto, sexta, às 15h, e 11 de agosto, sábado, às 16h.</p>
<p style="font-weight: 400;">Os ingressos gratuitos podem ser reservados pelo sistema Meu SESI, no site <a href="http://www.sesisp.org.br/meu-sesi" data-saferedirecturl="https://www.google.com/url?hl=pt-BR&amp;q=http://www.sesisp.org.br/meu-sesi&amp;source=gmail&amp;ust=1533847103193000&amp;usg=AFQjCNH7KT6EKLyoYDgfIm5eed4zaYyD2g">www.sesisp.org.br/meu-sesi</a>.</p>
<p>No tanque de areia do parquinho, o tímido Rodolfo, surge um mundo de possibilidades e contrastes. Apesar das diferenças, as crianças se permitem conhecer, coexistir e cooperar um com o outro. Com falas descontraídas e diálogos simples, a peça retrata a beleza do encontro, da aceitação e da força da imaginação.</p>
<p style="font-weight: 400;"><em>Pés Descalços </em>utiliza o teatro de bonecos para narrar temas como medo e solidão com lirismo e bom-humor. Enquanto apresenta o encontro entre duas crianças, o espetáculo dá vida a um mundo sem muros e limitações construído dentro de um simples tanque de areia. O público é convidado a ‘tirar os sapatos’, desnudar os pés e os preconceitos para, quem sabe, resgatar o melhor da infância.</p>
<p style="font-weight: 400;"><strong><u>Ficha técnica</u></strong></p>
<p style="font-weight: 400;">Direção e texto: Verônica Gerchman | Atores: Dani Boni. João Araujo, Verônica Gerchman e ZéAntonio Do Carmmo | Músico: João Araujo | Cantora: Dani Boni | Construção de bonecos, cenário e iluminação: Morpheus Teatro | Operação Técnica: Morpheus Teatro | Construção da Trilha Sonora: Dani Boni, Mavutsinim, Mateus Pires e Yuri de Franco, | Figurinos: Denise França e Luana de Lucca | Fotos: Karim Sauro | Produção Executiva: Deborah Corrêa</p>
<p style="font-weight: 400;"><strong>Local: SESI Osasco </strong></p>
<p style="font-weight: 400;">Datas e horários: 10 de agosto, sexta, às 15h, e 11 de agosto, sábado, às 16h</p>
<p style="font-weight: 400;">Duração: 50 minutos &#8211; Classificação indicativa: Livre</p>
<p style="font-weight: 400;">Gênero: Teatro de bonecos &#8211; Modalidade: Infantojuvenil</p>
<p style="font-weight: 400;">Informações: (11) 3602-6216</p>
<p style="font-weight: 400;"><strong>Entrada gratuita  </strong></p>

<p>A peça Pés Descalços mostra como a imaginação pode construir um mundo inteiro, nos dias 10 e 11 de agosto, com entrada gratuita  Com uma linguagem descontraída e bonecos animados, [&hellip;]</p>
