{"id":4489,"date":"2018-09-10T20:28:52","date_gmt":"2018-09-10T23:28:52","guid":{"rendered":"http:\/\/baruerieventos.com.br\/site\/?post_type=tribe_events&amp;p=4489"},"modified":"2018-09-10T20:28:52","modified_gmt":"2018-09-10T23:28:52","slug":"embalos-de-sabado-a-noite-no-cineclube-sesi-osasco","status":"publish","type":"tribe_events","link":"https:\/\/baruerieventos.com.br\/site\/event\/embalos-de-sabado-a-noite-no-cineclube-sesi-osasco\/","title":{"rendered":"Embalos de S\u00e1bado a Noite  no Cineclube SESI Osasco"},"content":{"rendered":"<p style=\"font-weight: 400;\"><strong>Embalos de S\u00e1bado a Noite \u00e9 exibido no Cineclube desta quinta, no SESI Osasco<\/strong><\/p>\n<p style=\"font-weight: 400;\"><em>Sess\u00e3o acontecer\u00e1 \u00e0s 19h30. Os ingressos s\u00e3o gratuitos e as reservas podem ser feitas pelo Meu SESI.<\/em><\/p>\n<p style=\"font-weight: 400;\">O Cineclube desta quinta, dia 13 de setembro, exibir\u00e1, \u00e0s 19h30, um dos cl\u00e1ssicos do cinema que marcaram gera\u00e7\u00f5es. O filme\u00a0<em>Embalos de S\u00e1bado a Noite<\/em>\u00a0chega as telonas do SESI Osasco, relembrando os tempos \u00e1ureos da discoteca. O t\u00edtulo desta semana faz parte da mostra \u201cT\u00fanel de Tempo\u201d, que apresentar\u00e1 durante o m\u00eas de setembro os grandes sucessos que apresentam conex\u00e3o com a trajet\u00f3ria da dan\u00e7a e dos ritmos musicais norte-americanos.<\/p>\n<p style=\"font-weight: 400;\">As reservas dos ingressos e a programa\u00e7\u00e3o completa est\u00e3o dispon\u00edveis no Meu SESI (<a href=\"http:\/\/www.sesisp.org.br\/meu-sesi\" data-saferedirecturl=\"https:\/\/www.google.com\/url?q=http:\/\/www.sesisp.org.br\/meu-sesi&amp;source=gmail&amp;ust=1536702837136000&amp;usg=AFQjCNGbQEzd8OtbAsM0J16ipuDFi00Znw\">http:\/\/www.sesisp.org.br\/meu-sesi<\/a>).<\/p>\n<p style=\"font-weight: 400;\"><u><\/u><strong><u>Sinopse:<\/u><\/strong><\/p>\n<p style=\"font-weight: 400;\">\u00a0<strong>Embalos de S\u00e1bado a Noite |\u00a0<em>Saturday Night Fever<\/em>\u00a0(legendado)<\/strong><\/p>\n<p style=\"font-weight: 400;\">EUA, 1977, exibi\u00e7\u00e3o digital em Blu-ray Disc, Colorido, 119 min, legendado em portugu\u00eas<\/p>\n<p style=\"font-weight: 400;\">John Travolta vive um papel sensual e inteligente, como o problem\u00e1tico Tony Manero &#8211; vendedor de uma loja de tintas no Brooklyn durante o dia e imbat\u00edvel rei das pistas de discoteca \u00e0 noite. Todo s\u00e1bado, Tony veste sua camisa de cor vibrante, cal\u00e7as esvoa\u00e7antes, sapatos de plataforma e vai para o \u00fanico lugar onde \u00e9 considerado um deus e n\u00e3o um tipo qualquer. Mas na noite, longe das luzes piscantes e do globo espelhado, h\u00e1 uma tr\u00e1gica hist\u00f3ria de desilus\u00e3o, viol\u00eancia e m\u00e1goa.<\/p>\n<p style=\"font-weight: 400;\">\u00a0<strong>Musical, 119 min.\u00a0<\/strong><\/p>\n<p style=\"font-weight: 400;\"><strong>Indica\u00e7\u00e3o de Censura: 12 &#8211; N\u00e3o recomendado para menores de 12 anos<\/strong><\/p>\n<p style=\"font-weight: 400;\">\u00a0Dire\u00e7\u00e3o: John Badham | Elenco: Barry Miller, John Travolta, Joseph Cali\u00a0 eKaren Lynn Gorney<\/p>\n<p style=\"font-weight: 400;\">\n","protected":false},"excerpt":{"rendered":"<p>Embalos de S\u00e1bado a Noite \u00e9 exibido no Cineclube desta quinta, no SESI Osasco Sess\u00e3o acontecer\u00e1 \u00e0s 19h30. Os ingressos s\u00e3o gratuitos e as reservas podem ser feitas pelo Meu [&hellip;]<\/p>\n","protected":false},"author":2,"featured_media":4490,"template":"","meta":{"_tribe_events_status":"","_tribe_events_status_reason":"","footnotes":""},"tags":[1514,1516,2334,3661,5706,6213],"tribe_events_cat":[6734,6741],"class_list":["post-4489","tribe_events","type-tribe_events","status-publish","has-post-thumbnail","hentry","tag-cineclube","tag-cineclube-sesi-osasco","tag-embalos-de-sabado-a-noite","tag-john-travolta","tag-saturday-night-fever","tag-tempos-aureos-da-discoteca","tribe_events_cat-cinema","tribe_events_cat-evento-gratuito","cat_cinema","cat_evento-gratuito"],"_links":{"self":[{"href":"https:\/\/baruerieventos.com.br\/site\/wp-json\/wp\/v2\/tribe_events\/4489","targetHints":{"allow":["GET"]}}],"collection":[{"href":"https:\/\/baruerieventos.com.br\/site\/wp-json\/wp\/v2\/tribe_events"}],"about":[{"href":"https:\/\/baruerieventos.com.br\/site\/wp-json\/wp\/v2\/types\/tribe_events"}],"author":[{"embeddable":true,"href":"https:\/\/baruerieventos.com.br\/site\/wp-json\/wp\/v2\/users\/2"}],"version-history":[{"count":0,"href":"https:\/\/baruerieventos.com.br\/site\/wp-json\/wp\/v2\/tribe_events\/4489\/revisions"}],"wp:featuredmedia":[{"embeddable":true,"href":"https:\/\/baruerieventos.com.br\/site\/wp-json\/"}],"wp:attachment":[{"href":"https:\/\/baruerieventos.com.br\/site\/wp-json\/wp\/v2\/media?parent=4489"}],"wp:term":[{"taxonomy":"post_tag","embeddable":true,"href":"https:\/\/baruerieventos.com.br\/site\/wp-json\/wp\/v2\/tags?post=4489"},{"taxonomy":"tribe_events_cat","embeddable":true,"href":"https:\/\/baruerieventos.com.br\/site\/wp-json\/wp\/v2\/tribe_events_cat?post=4489"}],"curies":[{"name":"wp","href":"https:\/\/api.w.org\/{rel}","templated":true}]}}

Embalos de Sábado a Noite  no Cineclube SESI Osasco

<p style="font-weight: 400;"><strong>Embalos de Sábado a Noite é exibido no Cineclube desta quinta, no SESI Osasco</strong></p>
<p style="font-weight: 400;"><em>Sessão acontecerá às 19h30. Os ingressos são gratuitos e as reservas podem ser feitas pelo Meu SESI.</em></p>
<p style="font-weight: 400;">O Cineclube desta quinta, dia 13 de setembro, exibirá, às 19h30, um dos clássicos do cinema que marcaram gerações. O filme <em>Embalos de Sábado a Noite</em> chega as telonas do SESI Osasco, relembrando os tempos áureos da discoteca. O título desta semana faz parte da mostra “Túnel de Tempo”, que apresentará durante o mês de setembro os grandes sucessos que apresentam conexão com a trajetória da dança e dos ritmos musicais norte-americanos.</p>
<p style="font-weight: 400;">As reservas dos ingressos e a programação completa estão disponíveis no Meu SESI (<a href="http://www.sesisp.org.br/meu-sesi" data-saferedirecturl="https://www.google.com/url?q=http://www.sesisp.org.br/meu-sesi&amp;source=gmail&amp;ust=1536702837136000&amp;usg=AFQjCNGbQEzd8OtbAsM0J16ipuDFi00Znw">http://www.sesisp.org.br/meu-sesi</a>).</p>
<p style="font-weight: 400;"><u></u><strong><u>Sinopse:</u></strong></p>
<p style="font-weight: 400;"> <strong>Embalos de Sábado a Noite | <em>Saturday Night Fever</em> (legendado)</strong></p>
<p style="font-weight: 400;">EUA, 1977, exibição digital em Blu-ray Disc, Colorido, 119 min, legendado em português</p>
<p style="font-weight: 400;">John Travolta vive um papel sensual e inteligente, como o problemático Tony Manero &#8211; vendedor de uma loja de tintas no Brooklyn durante o dia e imbatível rei das pistas de discoteca à noite. Todo sábado, Tony veste sua camisa de cor vibrante, calças esvoaçantes, sapatos de plataforma e vai para o único lugar onde é considerado um deus e não um tipo qualquer. Mas na noite, longe das luzes piscantes e do globo espelhado, há uma trágica história de desilusão, violência e mágoa.</p>
<p style="font-weight: 400;"> <strong>Musical, 119 min. </strong></p>
<p style="font-weight: 400;"><strong>Indicação de Censura: 12 &#8211; Não recomendado para menores de 12 anos</strong></p>
<p style="font-weight: 400;"> Direção: John Badham | Elenco: Barry Miller, John Travolta, Joseph Cali  eKaren Lynn Gorney</p>
<p style="font-weight: 400;">

<p>Embalos de Sábado a Noite é exibido no Cineclube desta quinta, no SESI Osasco Sessão acontecerá às 19h30. Os ingressos são gratuitos e as reservas podem ser feitas pelo Meu [&hellip;]</p>
