{"id":4519,"date":"2018-09-20T15:48:10","date_gmt":"2018-09-20T18:48:10","guid":{"rendered":"http:\/\/baruerieventos.com.br\/site\/?post_type=tribe_events&amp;p=4519"},"modified":"2018-09-20T15:48:10","modified_gmt":"2018-09-20T18:48:10","slug":"segunda-edicao-do-desapega-e-leva","status":"publish","type":"tribe_events","link":"https:\/\/baruerieventos.com.br\/site\/event\/segunda-edicao-do-desapega-e-leva\/","title":{"rendered":"Segunda edi\u00e7\u00e3o do Desapega e Leva"},"content":{"rendered":"<p style=\"font-weight: 400;\"><strong>Segunda edi\u00e7\u00e3o do Desapega e Leva, do Iguatemi Alphaville, incentiva clientes a doar pe\u00e7as de roupa \u00e0 institui\u00e7\u00e3o de caridade\u00a0<\/strong><strong><em>\u00a0<\/em><\/strong><\/p>\n<p style=\"font-weight: 400;\"><em>Em troca, participantes ganham descontos exclusivos em lojas do shopping<\/em><\/p>\n<p style=\"font-weight: 400;\">Com o objetivo de impulsionar o ciclo de vida da moda e promover a solidariedade, o Iguatemi Alphaville realiza a segunda edi\u00e7\u00e3o do Desapega e Leva. Lan\u00e7ada no ano passado, a campanha reverte doa\u00e7\u00f5es de pe\u00e7as de roupa e acess\u00f3rios em bom estado para uma institui\u00e7\u00e3o de caridade da regi\u00e3o. Todos os clientes que participarem da campanha com suas doa\u00e7\u00f5es receber\u00e3o vouchers de descontos exclusivos para compras nas mais de 50 lojas que integram a a\u00e7\u00e3o.<\/p>\n<p style=\"font-weight: 400;\">No espa\u00e7o de arrecada\u00e7\u00e3o, localizado no Piso Xingu, promotoras especializadas far\u00e3o a avalia\u00e7\u00e3o das pe\u00e7as, de 14 a 23 de setembro. Ap\u00f3s a an\u00e1lise, o participante ter\u00e1 direito de selecionar um voucher por cada item doado com descontos a partir de 20%, v\u00e1lidos para pe\u00e7as selecionadas. S\u00f3 ser\u00e1 permitido a escolha de um voucher por loja, em um menu com todas as op\u00e7\u00f5es dispon\u00edveis, que dever\u00e3o ser trocados durante o per\u00edodo da campanha.<\/p>\n<p style=\"font-weight: 400;\">\u201cO Desapega e Leva traz o DNA de moda da Iguatemi para uma campanha que impulsiona o ciclo de vida do guarda-roupa e ainda apoia uma institui\u00e7\u00e3o filantr\u00f3pica, a Rainha da Paz. A grande novidade desta segunda edi\u00e7\u00e3o \u00e9 o maior per\u00edodo da a\u00e7\u00e3o, que passou de 4 para 10 dias\u201d, explica Amanda Zeni, respons\u00e1vel pelo Marketing do Iguatemi Alphaville.<\/p>\n<p style=\"font-weight: 400;\">Poder\u00e3o ser doados roupas, cal\u00e7ados e acess\u00f3rios, como bolsas e len\u00e7os em bom estado. N\u00e3o ser\u00e3o aceitas pe\u00e7as \u00edntimas, rasgadas, pu\u00eddas, cortadas, manchadas, entre outras.<\/p>\n<p style=\"font-weight: 400;\"><strong>Campanha \u201cDesapega e Leva\u201d<\/strong><\/p>\n<p style=\"font-weight: 400;\"><strong>Quando:\u00a0<\/strong>De 14 a 23 de setembro de 2018<\/p>\n<p style=\"font-weight: 400;\"><strong>Hor\u00e1rio:\u00a0<\/strong>De segunda \u00e0 s\u00e1bado das 10h \u00e0s 22h \/\/ domingos, das 14h \u00e0s 20h<\/p>\n<p style=\"font-weight: 400;\"><strong>Onde:<\/strong>\u00a0Piso Xingu do Shopping Iguatemi Alphaville<\/p>\n<p style=\"font-weight: 400;\"><strong>Mais Informa\u00e7\u00f5es:<\/strong>\u00a0<a href=\"http:\/\/www.iguatemialphaville.com.br\/\" data-saferedirecturl=\"https:\/\/www.google.com\/url?q=http:\/\/www.iguatemialphaville.com.br&amp;source=gmail&amp;ust=1537553910175000&amp;usg=AFQjCNHhyDiRVHAug_jevCggjH-bknp3Hg\">www.iguatemialphaville.com.br<\/a><\/p>\n","protected":false},"excerpt":{"rendered":"<p>Segunda edi\u00e7\u00e3o do Desapega e Leva, do Iguatemi Alphaville, incentiva clientes a doar pe\u00e7as de roupa \u00e0 institui\u00e7\u00e3o de caridade\u00a0\u00a0 Em troca, participantes ganham descontos exclusivos em lojas do shopping [&hellip;]<\/p>\n","protected":false},"author":2,"featured_media":4520,"template":"","meta":{"_tribe_events_status":"","_tribe_events_status_reason":"","footnotes":""},"tags":[410,2034,3500,3501,4591,5294,5368],"tribe_events_cat":[6732],"class_list":["post-4519","tribe_events","type-tribe_events","status-publish","has-post-thumbnail","hentry","tag-amanda-zeni","tag-desapega-e-leva","tag-instituicao-de-caridade-da-regiao","tag-instituicao-filantropica-a-rainha-da-paz","tag-o-desapega-e-leva-traz-o-dna-de-moda-da-iguatemi","tag-promover-a-solidariedade","tag-rainha-da-paz","tribe_events_cat-beneficientes","cat_beneficientes"],"_links":{"self":[{"href":"https:\/\/baruerieventos.com.br\/site\/wp-json\/wp\/v2\/tribe_events\/4519","targetHints":{"allow":["GET"]}}],"collection":[{"href":"https:\/\/baruerieventos.com.br\/site\/wp-json\/wp\/v2\/tribe_events"}],"about":[{"href":"https:\/\/baruerieventos.com.br\/site\/wp-json\/wp\/v2\/types\/tribe_events"}],"author":[{"embeddable":true,"href":"https:\/\/baruerieventos.com.br\/site\/wp-json\/wp\/v2\/users\/2"}],"version-history":[{"count":0,"href":"https:\/\/baruerieventos.com.br\/site\/wp-json\/wp\/v2\/tribe_events\/4519\/revisions"}],"wp:featuredmedia":[{"embeddable":true,"href":"https:\/\/baruerieventos.com.br\/site\/wp-json\/"}],"wp:attachment":[{"href":"https:\/\/baruerieventos.com.br\/site\/wp-json\/wp\/v2\/media?parent=4519"}],"wp:term":[{"taxonomy":"post_tag","embeddable":true,"href":"https:\/\/baruerieventos.com.br\/site\/wp-json\/wp\/v2\/tags?post=4519"},{"taxonomy":"tribe_events_cat","embeddable":true,"href":"https:\/\/baruerieventos.com.br\/site\/wp-json\/wp\/v2\/tribe_events_cat?post=4519"}],"curies":[{"name":"wp","href":"https:\/\/api.w.org\/{rel}","templated":true}]}}

Segunda edição do Desapega e Leva

<p style="font-weight: 400;"><strong>Segunda edição do Desapega e Leva, do Iguatemi Alphaville, incentiva clientes a doar peças de roupa à instituição de caridade </strong><strong><em> </em></strong></p>
<p style="font-weight: 400;"><em>Em troca, participantes ganham descontos exclusivos em lojas do shopping</em></p>
<p style="font-weight: 400;">Com o objetivo de impulsionar o ciclo de vida da moda e promover a solidariedade, o Iguatemi Alphaville realiza a segunda edição do Desapega e Leva. Lançada no ano passado, a campanha reverte doações de peças de roupa e acessórios em bom estado para uma instituição de caridade da região. Todos os clientes que participarem da campanha com suas doações receberão vouchers de descontos exclusivos para compras nas mais de 50 lojas que integram a ação.</p>
<p style="font-weight: 400;">No espaço de arrecadação, localizado no Piso Xingu, promotoras especializadas farão a avaliação das peças, de 14 a 23 de setembro. Após a análise, o participante terá direito de selecionar um voucher por cada item doado com descontos a partir de 20%, válidos para peças selecionadas. Só será permitido a escolha de um voucher por loja, em um menu com todas as opções disponíveis, que deverão ser trocados durante o período da campanha.</p>
<p style="font-weight: 400;">“O Desapega e Leva traz o DNA de moda da Iguatemi para uma campanha que impulsiona o ciclo de vida do guarda-roupa e ainda apoia uma instituição filantrópica, a Rainha da Paz. A grande novidade desta segunda edição é o maior período da ação, que passou de 4 para 10 dias”, explica Amanda Zeni, responsável pelo Marketing do Iguatemi Alphaville.</p>
<p style="font-weight: 400;">Poderão ser doados roupas, calçados e acessórios, como bolsas e lenços em bom estado. Não serão aceitas peças íntimas, rasgadas, puídas, cortadas, manchadas, entre outras.</p>
<p style="font-weight: 400;"><strong>Campanha “Desapega e Leva”</strong></p>
<p style="font-weight: 400;"><strong>Quando: </strong>De 14 a 23 de setembro de 2018</p>
<p style="font-weight: 400;"><strong>Horário: </strong>De segunda à sábado das 10h às 22h // domingos, das 14h às 20h</p>
<p style="font-weight: 400;"><strong>Onde:</strong> Piso Xingu do Shopping Iguatemi Alphaville</p>
<p style="font-weight: 400;"><strong>Mais Informações:</strong> <a href="http://www.iguatemialphaville.com.br/" data-saferedirecturl="https://www.google.com/url?q=http://www.iguatemialphaville.com.br&amp;source=gmail&amp;ust=1537553910175000&amp;usg=AFQjCNHhyDiRVHAug_jevCggjH-bknp3Hg">www.iguatemialphaville.com.br</a></p>

<p>Segunda edição do Desapega e Leva, do Iguatemi Alphaville, incentiva clientes a doar peças de roupa à instituição de caridade   Em troca, participantes ganham descontos exclusivos em lojas do shopping [&hellip;]</p>
