{"id":4541,"date":"2018-10-04T16:24:18","date_gmt":"2018-10-04T19:24:18","guid":{"rendered":"http:\/\/baruerieventos.com.br\/site\/?post_type=tribe_events&amp;p=4541"},"modified":"2018-10-04T16:24:18","modified_gmt":"2018-10-04T19:24:18","slug":"4541","status":"publish","type":"tribe_events","link":"https:\/\/baruerieventos.com.br\/site\/event\/4541\/","title":{"rendered":"Dia das Crian\u00e7as no Parque Municipal de Barueri"},"content":{"rendered":"<p>O pr\u00f3ximo final de semana ser\u00e1 de muita atividade cultural para toda a fam\u00edlia, j\u00e1 antecipando o Dia das Crian\u00e7as. No s\u00e1bado (dia 6) e no domingo (dia 7), acontece no Parque Municipal Dom Jos\u00e9, o EmCena Brasil. Para o dia 12 (Dia das Crian\u00e7as), a Secretaria de Cultura e Turismo tamb\u00e9m est\u00e1 preparando uma programa\u00e7\u00e3o repleta de atra\u00e7\u00f5es.<\/p>\n<p>Em parceria com a Secretaria de Cultura e Turismo de Barueri, a Companhia Abar\u00e9teatro, com apoio da Secretaria de Cultura do Estado, realiza no pr\u00f3ximo final de semana o EmCena Brasil em um palco m\u00f3vel montado em um cont\u00eainer e uma tenda adaptada com lugares para 500 pessoas. Haver\u00e1 apresenta\u00e7\u00f5es de teatro para o p\u00fablico adulto e infantil, al\u00e9m de circo, sess\u00f5es de cinema e atividades recreativas para as crian\u00e7as.<\/p>\n<p>O EmCena Brasil \u00e9 um projeto de caravana de cultura itinerante que roda o Brasil desde 2005. J\u00e1 passou por mais de 350 cidades e apresentou o espet\u00e1culo para mais de 1,5 milh\u00e3o de pessoas.<\/p>\n<p>Confira a programa\u00e7\u00e3o no Parque Municipal (rua Angela Mirella, 500. Vila Porto):<\/p>\n<p><b>S\u00e1bado, dia 6<\/b><\/p>\n<p>15h \u2013 Conta\u00e7\u00e3o de Hist\u00f3ria \u201cA Mala Estampada com a Cia M\u00e3o Livre\u201d, com Conta\u00e7\u00e3o de Hist\u00f3rias e Oficina de Flor Coletiva de Papel<\/p>\n<p>17h \u2013 Espet\u00e1culos para Crian\u00e7as \u201cBem me Quer, Mal me Quer\u201d, com a Cia Abar\u00e9teatro<\/p>\n<p>18h &#8211; Sess\u00e3o Cinema, Cine Curta Brasil<\/p>\n<p>19h &#8211; Espet\u00e1culo de circo \u201cCirco de Dois\u201d<\/p>\n<p><b>Domingo, dia 7<\/b><\/p>\n<p>15h \u2013 Teatro de Bonecos \u201cA Folia no Terreiro do seu Man\u00e9 Pacar\u00fa\u201d, com o Mamulengo da Folia, Oficina de Recicl\u00e1veis e Gibiteca com leitura monitorada<\/p>\n<p>17h \u2013 Espet\u00e1culo para Crian\u00e7as \u201cO Reino Brux\u00f3lico da Bruxa Serafina Chinfrim\u201d<\/p>\n<div>\n<p>18h \u2013 Espet\u00e1culo de Teatro para Adultos \u201cA Mandr\u00e1gora\u201d, de Nicolau Maquiavel, dire\u00e7\u00e3o de Roberto Rosa e grande elenco<\/p>\n<\/div>\n","protected":false},"excerpt":{"rendered":"<p>O pr\u00f3ximo final de semana ser\u00e1 de muita atividade cultural para toda a fam\u00edlia, j\u00e1 antecipando o Dia das Crian\u00e7as. No s\u00e1bado (dia 6) e no domingo (dia 7), acontece [&hellip;]<\/p>\n","protected":false},"author":2,"featured_media":4544,"template":"","meta":{"_tribe_events_status":"","_tribe_events_status_reason":"","footnotes":""},"tags":[221,222,237,1285,1510,2077,2079,2335,2478,2499,3144,4029,4535,4627,4689,4692,5494,6163],"tribe_events_cat":[6738,6741,6748,6757],"class_list":["post-4541","tribe_events","type-tribe_events","status-publish","has-post-thumbnail","hentry","tag-a-mala-estampada-com-a-cia-mao-livre","tag-a-mandragora","tag-abareteatro","tag-caravana-de-cultura-itinerante","tag-cine-curta-brasil","tag-dia-das-criancas","tag-dia-das-criancas-no-parque-municipal-de-barueri","tag-emcena-brasil","tag-espetaculo-de-circo-circo-de-dois","tag-espetaculos-para-criancas-bem-me-quer","tag-gibiteca-com-leitura-monitorada","tag-mal-me-quer","tag-nicolau-maquiavel","tag-o-reino-bruxolico-da-bruxa-serafina-chinfrim","tag-oficina-de-flor-coletiva-de-papel","tag-oficina-de-reciclaveis","tag-roberto-rosa","tag-teatro-de-bonecos","tribe_events_cat-culturais","tribe_events_cat-evento-gratuito","tribe_events_cat-infantil","tribe_events_cat-teatro","cat_culturais","cat_evento-gratuito","cat_infantil","cat_teatro"],"_links":{"self":[{"href":"https:\/\/baruerieventos.com.br\/site\/wp-json\/wp\/v2\/tribe_events\/4541","targetHints":{"allow":["GET"]}}],"collection":[{"href":"https:\/\/baruerieventos.com.br\/site\/wp-json\/wp\/v2\/tribe_events"}],"about":[{"href":"https:\/\/baruerieventos.com.br\/site\/wp-json\/wp\/v2\/types\/tribe_events"}],"author":[{"embeddable":true,"href":"https:\/\/baruerieventos.com.br\/site\/wp-json\/wp\/v2\/users\/2"}],"version-history":[{"count":0,"href":"https:\/\/baruerieventos.com.br\/site\/wp-json\/wp\/v2\/tribe_events\/4541\/revisions"}],"wp:featuredmedia":[{"embeddable":true,"href":"https:\/\/baruerieventos.com.br\/site\/wp-json\/"}],"wp:attachment":[{"href":"https:\/\/baruerieventos.com.br\/site\/wp-json\/wp\/v2\/media?parent=4541"}],"wp:term":[{"taxonomy":"post_tag","embeddable":true,"href":"https:\/\/baruerieventos.com.br\/site\/wp-json\/wp\/v2\/tags?post=4541"},{"taxonomy":"tribe_events_cat","embeddable":true,"href":"https:\/\/baruerieventos.com.br\/site\/wp-json\/wp\/v2\/tribe_events_cat?post=4541"}],"curies":[{"name":"wp","href":"https:\/\/api.w.org\/{rel}","templated":true}]}}

Dia das Crianças no Parque Municipal de Barueri

<p>O próximo final de semana será de muita atividade cultural para toda a família, já antecipando o Dia das Crianças. No sábado (dia 6) e no domingo (dia 7), acontece no Parque Municipal Dom José, o EmCena Brasil. Para o dia 12 (Dia das Crianças), a Secretaria de Cultura e Turismo também está preparando uma programação repleta de atrações.</p>
<p>Em parceria com a Secretaria de Cultura e Turismo de Barueri, a Companhia Abaréteatro, com apoio da Secretaria de Cultura do Estado, realiza no próximo final de semana o EmCena Brasil em um palco móvel montado em um contêiner e uma tenda adaptada com lugares para 500 pessoas. Haverá apresentações de teatro para o público adulto e infantil, além de circo, sessões de cinema e atividades recreativas para as crianças.</p>
<p>O EmCena Brasil é um projeto de caravana de cultura itinerante que roda o Brasil desde 2005. Já passou por mais de 350 cidades e apresentou o espetáculo para mais de 1,5 milhão de pessoas.</p>
<p>Confira a programação no Parque Municipal (rua Angela Mirella, 500. Vila Porto):</p>
<p><b>Sábado, dia 6</b></p>
<p>15h – Contação de História “A Mala Estampada com a Cia Mão Livre”, com Contação de Histórias e Oficina de Flor Coletiva de Papel</p>
<p>17h – Espetáculos para Crianças “Bem me Quer, Mal me Quer”, com a Cia Abaréteatro</p>
<p>18h &#8211; Sessão Cinema, Cine Curta Brasil</p>
<p>19h &#8211; Espetáculo de circo “Circo de Dois”</p>
<p><b>Domingo, dia 7</b></p>
<p>15h – Teatro de Bonecos “A Folia no Terreiro do seu Mané Pacarú”, com o Mamulengo da Folia, Oficina de Recicláveis e Gibiteca com leitura monitorada</p>
<p>17h – Espetáculo para Crianças “O Reino Bruxólico da Bruxa Serafina Chinfrim”</p>
<div>
<p>18h – Espetáculo de Teatro para Adultos “A Mandrágora”, de Nicolau Maquiavel, direção de Roberto Rosa e grande elenco</p>
</div>

<p>O próximo final de semana será de muita atividade cultural para toda a família, já antecipando o Dia das Crianças. No sábado (dia 6) e no domingo (dia 7), acontece [&hellip;]</p>
