{"id":4746,"date":"2018-11-28T16:43:13","date_gmt":"2018-11-28T18:43:13","guid":{"rendered":"http:\/\/baruerieventos.com.br\/site\/?post_type=tribe_events&amp;p=4746"},"modified":"2018-11-28T16:43:13","modified_gmt":"2018-11-28T18:43:13","slug":"dia-nacional-do-samba-com-fundo-de-quintal-em-barueri","status":"publish","type":"tribe_events","link":"https:\/\/baruerieventos.com.br\/site\/event\/dia-nacional-do-samba-com-fundo-de-quintal-em-barueri\/","title":{"rendered":"Dia Nacional do Samba com Fundo de Quintal em Barueri"},"content":{"rendered":"<div class=\"m_-1565673952663604847OutlineElement m_-1565673952663604847Ltr m_-1565673952663604847SCXW197174533\">\n<p class=\"m_-1565673952663604847Paragraph m_-1565673952663604847SCXW197174533\"><span class=\"m_-1565673952663604847TextRun m_-1565673952663604847SCXW197174533\" lang=\"PT-BR\">O Dia Nacional do Samba no pr\u00f3ximo domingo\u00a0<\/span><span class=\"m_-1565673952663604847TextRun m_-1565673952663604847SCXW197174533\" lang=\"PT-BR\">(<\/span><span class=\"m_-1565673952663604847TextRun m_-1565673952663604847SCXW197174533\" lang=\"PT-BR\">dia 2\u00a0<\/span><span class=\"m_-1565673952663604847TextRun m_-1565673952663604847SCXW197174533\" lang=\"PT-BR\">de dezembro)\u00a0<\/span><span class=\"m_-1565673952663604847TextRun m_-1565673952663604847SCXW197174533\" lang=\"PT-BR\">vai ser comemorado em grande estilo em Barueri. A Secretaria de Cultura e Turismo traz para a cidade o Fundo de Quintal, um dos mais premiados e reconhecidos grupos de samba do pa\u00eds, com mais de 40 anos de sucessos.\u00a0<\/span><span class=\"m_-1565673952663604847EOP m_-1565673952663604847SCXW197174533\">\u00a0<\/span><\/p>\n<\/div>\n<div class=\"m_-1565673952663604847OutlineElement m_-1565673952663604847Ltr m_-1565673952663604847SCXW197174533\">\n<p class=\"m_-1565673952663604847Paragraph m_-1565673952663604847SCXW197174533\"><span class=\"m_-1565673952663604847EOP m_-1565673952663604847SCXW197174533\">\u00a0<\/span><span class=\"m_-1565673952663604847TextRun m_-1565673952663604847SCXW197174533\" lang=\"PT-BR\">A festa come\u00e7a \u00e0s 14h em um palco especialmente montado para a ocasi\u00e3o, pr\u00f3ximo ao estacionamento do\u00a0<\/span><span class=\"m_-1565673952663604847TextRun m_-1565673952663604847SCXW197174533\" lang=\"PT-BR\">G<\/span><span class=\"m_-1565673952663604847TextRun m_-1565673952663604847SCXW197174533\" lang=\"PT-BR\">in\u00e1sio Jos\u00e9 Corr<\/span><span class=\"m_-1565673952663604847TextRun m_-1565673952663604847SCXW197174533\" lang=\"PT-BR\">\u00ea<\/span><span class=\"m_-1565673952663604847TextRun m_-1565673952663604847SCXW197174533\" lang=\"PT-BR\">a. A comemora\u00e7\u00e3o tem ainda os shows do instrumentista e professor de m\u00fasica Sergio \u201cAfinidade\u201d, da Casa de Oficinas de Artes da Secretaria e do N\u00facleo de Samba Paulista Bumbo do Japi, grupo criado em Jundia\u00ed em 2012 por m\u00fasicos e pesquisadores do al\u00e9m da bateria da Escola de Samba Cad\u00eancia Paulista, fundada justamente no dia 2 de dezembro de 2014.<\/span><\/p>\n<\/div>\n<div class=\"m_-1565673952663604847OutlineElement m_-1565673952663604847Ltr m_-1565673952663604847SCXW197174533\">\n<p class=\"m_-1565673952663604847Paragraph m_-1565673952663604847SCXW197174533\"><span class=\"m_-1565673952663604847TextRun m_-1565673952663604847SCXW197174533\" lang=\"PT-BR\">\u00a0<\/span> <span class=\"m_-1565673952663604847TextRun m_-1565673952663604847SCXW197174533\" lang=\"PT-BR\">A grande atra\u00e7\u00e3o do evento em Barueri, o grupo Fundo de Quintal, vem \u00e0 cidade para cantar seus grandes sucessos. Famoso em todo o Brasil, \u00e9 tamb\u00e9m o \u201cber\u00e7o\u201d de como Jorge Arag\u00e3o, Almir Guineto, Arlindo Cruz\u00a0<\/span><span class=\"m_-1565673952663604847TextRun m_-1565673952663604847SCXW197174533\" lang=\"PT-BR\">e\u00a0<\/span><span class=\"m_-1565673952663604847TextRun m_-1565673952663604847SCXW197174533\" lang=\"PT-BR\">Walter Sete Cordas, entre outros.\u00a0<\/span><span class=\"m_-1565673952663604847EOP m_-1565673952663604847SCXW197174533\">\u00a0<\/span><\/p>\n<\/div>\n<p>&nbsp;<\/p>\n","protected":false},"excerpt":{"rendered":"<p>O Dia Nacional do Samba no pr\u00f3ximo domingo\u00a0(dia 2\u00a0de dezembro)\u00a0vai ser comemorado em grande estilo em Barueri. A Secretaria de Cultura e Turismo traz para a cidade o Fundo de [&hellip;]<\/p>\n","protected":false},"author":2,"featured_media":4747,"template":"","meta":{"_tribe_events_status":"","_tribe_events_status_reason":"","footnotes":""},"tags":[945,1338,2107,2514,3045,4569,5637,5647,5826],"tribe_events_cat":[6738,6739,6740,6741,6750],"class_list":["post-4746","tribe_events","type-tribe_events","status-publish","has-post-thumbnail","hentry","tag-bateria-da-escola-de-samba-cadencia-paulista","tag-casa-de-oficinas-de-artes-da-secretaria","tag-dia-nacional-do-samba-com-fundo-de-quintal-em-barueri","tag-estacionamento-do-ginasio-jose-correa","tag-fundo-de-quintal","tag-nucleo-de-samba-paulista-bumbo-do-japi","tag-samba-paulista","tag-sambistas-consagrados","tag-sergio-afinidade","tribe_events_cat-culturais","tribe_events_cat-danca","tribe_events_cat-esportivos","tribe_events_cat-evento-gratuito","tribe_events_cat-musicais","cat_culturais","cat_danca","cat_esportivos","cat_evento-gratuito","cat_musicais"],"_links":{"self":[{"href":"https:\/\/baruerieventos.com.br\/site\/wp-json\/wp\/v2\/tribe_events\/4746","targetHints":{"allow":["GET"]}}],"collection":[{"href":"https:\/\/baruerieventos.com.br\/site\/wp-json\/wp\/v2\/tribe_events"}],"about":[{"href":"https:\/\/baruerieventos.com.br\/site\/wp-json\/wp\/v2\/types\/tribe_events"}],"author":[{"embeddable":true,"href":"https:\/\/baruerieventos.com.br\/site\/wp-json\/wp\/v2\/users\/2"}],"version-history":[{"count":0,"href":"https:\/\/baruerieventos.com.br\/site\/wp-json\/wp\/v2\/tribe_events\/4746\/revisions"}],"wp:featuredmedia":[{"embeddable":true,"href":"https:\/\/baruerieventos.com.br\/site\/wp-json\/"}],"wp:attachment":[{"href":"https:\/\/baruerieventos.com.br\/site\/wp-json\/wp\/v2\/media?parent=4746"}],"wp:term":[{"taxonomy":"post_tag","embeddable":true,"href":"https:\/\/baruerieventos.com.br\/site\/wp-json\/wp\/v2\/tags?post=4746"},{"taxonomy":"tribe_events_cat","embeddable":true,"href":"https:\/\/baruerieventos.com.br\/site\/wp-json\/wp\/v2\/tribe_events_cat?post=4746"}],"curies":[{"name":"wp","href":"https:\/\/api.w.org\/{rel}","templated":true}]}}

<div class="m_-1565673952663604847OutlineElement m_-1565673952663604847Ltr m_-1565673952663604847SCXW197174533">
<p class="m_-1565673952663604847Paragraph m_-1565673952663604847SCXW197174533"><span class="m_-1565673952663604847TextRun m_-1565673952663604847SCXW197174533" lang="PT-BR">O Dia Nacional do Samba no próximo domingo </span><span class="m_-1565673952663604847TextRun m_-1565673952663604847SCXW197174533" lang="PT-BR">(</span><span class="m_-1565673952663604847TextRun m_-1565673952663604847SCXW197174533" lang="PT-BR">dia 2 </span><span class="m_-1565673952663604847TextRun m_-1565673952663604847SCXW197174533" lang="PT-BR">de dezembro) </span><span class="m_-1565673952663604847TextRun m_-1565673952663604847SCXW197174533" lang="PT-BR">vai ser comemorado em grande estilo em Barueri. A Secretaria de Cultura e Turismo traz para a cidade o Fundo de Quintal, um dos mais premiados e reconhecidos grupos de samba do país, com mais de 40 anos de sucessos. </span><span class="m_-1565673952663604847EOP m_-1565673952663604847SCXW197174533"> </span></p>
</div>
<div class="m_-1565673952663604847OutlineElement m_-1565673952663604847Ltr m_-1565673952663604847SCXW197174533">
<p class="m_-1565673952663604847Paragraph m_-1565673952663604847SCXW197174533"><span class="m_-1565673952663604847EOP m_-1565673952663604847SCXW197174533"> </span><span class="m_-1565673952663604847TextRun m_-1565673952663604847SCXW197174533" lang="PT-BR">A festa começa às 14h em um palco especialmente montado para a ocasião, próximo ao estacionamento do </span><span class="m_-1565673952663604847TextRun m_-1565673952663604847SCXW197174533" lang="PT-BR">G</span><span class="m_-1565673952663604847TextRun m_-1565673952663604847SCXW197174533" lang="PT-BR">inásio José Corr</span><span class="m_-1565673952663604847TextRun m_-1565673952663604847SCXW197174533" lang="PT-BR">ê</span><span class="m_-1565673952663604847TextRun m_-1565673952663604847SCXW197174533" lang="PT-BR">a. A comemoração tem ainda os shows do instrumentista e professor de música Sergio “Afinidade”, da Casa de Oficinas de Artes da Secretaria e do Núcleo de Samba Paulista Bumbo do Japi, grupo criado em Jundiaí em 2012 por músicos e pesquisadores do além da bateria da Escola de Samba Cadência Paulista, fundada justamente no dia 2 de dezembro de 2014.</span></p>
</div>
<div class="m_-1565673952663604847OutlineElement m_-1565673952663604847Ltr m_-1565673952663604847SCXW197174533">
<p class="m_-1565673952663604847Paragraph m_-1565673952663604847SCXW197174533"><span class="m_-1565673952663604847TextRun m_-1565673952663604847SCXW197174533" lang="PT-BR"> </span> <span class="m_-1565673952663604847TextRun m_-1565673952663604847SCXW197174533" lang="PT-BR">A grande atração do evento em Barueri, o grupo Fundo de Quintal, vem à cidade para cantar seus grandes sucessos. Famoso em todo o Brasil, é também o “berço” de como Jorge Aragão, Almir Guineto, Arlindo Cruz </span><span class="m_-1565673952663604847TextRun m_-1565673952663604847SCXW197174533" lang="PT-BR">e </span><span class="m_-1565673952663604847TextRun m_-1565673952663604847SCXW197174533" lang="PT-BR">Walter Sete Cordas, entre outros. </span><span class="m_-1565673952663604847EOP m_-1565673952663604847SCXW197174533"> </span></p>
</div>
<p>&nbsp;</p>

<p>O Dia Nacional do Samba no próximo domingo (dia 2 de dezembro) vai ser comemorado em grande estilo em Barueri. A Secretaria de Cultura e Turismo traz para a cidade o Fundo de [&hellip;]</p>
