{"id":4749,"date":"2018-11-28T16:55:29","date_gmt":"2018-11-28T18:55:29","guid":{"rendered":"http:\/\/baruerieventos.com.br\/site\/?post_type=tribe_events&amp;p=4749"},"modified":"2018-11-28T16:55:29","modified_gmt":"2018-11-28T18:55:29","slug":"cultura-no-parque-com-violeiro-jean-carrero","status":"publish","type":"tribe_events","link":"https:\/\/baruerieventos.com.br\/site\/event\/cultura-no-parque-com-violeiro-jean-carrero\/","title":{"rendered":"Cultura no Parque com &#8220;Violeiro Jean Carrero&#8221;."},"content":{"rendered":"<div class=\"m_-1565673952663604847OutlineElement m_-1565673952663604847Ltr m_-1565673952663604847SCXW197174533\">\n<p class=\"m_-1565673952663604847Paragraph m_-1565673952663604847SCXW197174533\"><span class=\"m_-1565673952663604847TextRun m_-1565673952663604847SCXW197174533\" lang=\"PT-BR\">Domingo no Parque Municipal Dom Jos\u00e9, \u00e0s 11h, o m\u00fasico de\u00a0<\/span><span class=\"m_-1565673952663604847TextRun m_-1565673952663604847SCXW197174533\" lang=\"PT-BR\">Barueri \u201c<\/span><span class=\"m_-1565673952663604847TextRun m_-1565673952663604847SCXW197174533\" lang=\"PT-BR\">Violeiro Jean Carreiro\u201d leva ao palco do bosque os grandes sucessos da m\u00fasica caipira. <\/span><\/p>\n<p class=\"m_-1565673952663604847Paragraph m_-1565673952663604847SCXW197174533\"><span class=\"m_-1565673952663604847TextRun m_-1565673952663604847SCXW197174533\" lang=\"PT-BR\">Jean segue carreira solo desde o ano passado<\/span><span class=\"m_-1565673952663604847TextRun m_-1565673952663604847SCXW197174533\" lang=\"PT-BR\">\u00a0e\u00a0<\/span><span class=\"m_-1565673952663604847TextRun m_-1565673952663604847SCXW197174533\" lang=\"PT-BR\">gravou\u00a0<\/span><span class=\"m_-1565673952663604847TextRun m_-1565673952663604847SCXW197174533\" lang=\"PT-BR\">ainda\u00a0<\/span><span class=\"m_-1565673952663604847TextRun m_-1565673952663604847SCXW197174533\" lang=\"PT-BR\">seu primeiro CD \u201cViola Doce Presente\u201d. O Cultura no Parque acontece todo domingo, \u00e0s 11h e a entrada \u00e9 franca.<\/span><span class=\"m_-1565673952663604847EOP m_-1565673952663604847SCXW197174533\">\u00a0<\/span><\/p>\n<\/div>\n<div class=\"m_-1565673952663604847OutlineElement m_-1565673952663604847Ltr m_-1565673952663604847SCXW197174533\">\n<p class=\"m_-1565673952663604847Paragraph m_-1565673952663604847SCXW197174533\"><span class=\"m_-1565673952663604847EOP m_-1565673952663604847SCXW197174533\">\u00a0<\/span><\/p>\n<\/div>\n<div class=\"m_-1565673952663604847OutlineElement m_-1565673952663604847Ltr m_-1565673952663604847SCXW197174533\">\n<p class=\"m_-1565673952663604847Paragraph m_-1565673952663604847SCXW197174533\"><span class=\"m_-1565673952663604847TextRun m_-1565673952663604847SCXW197174533\" lang=\"PT-BR\">Onde:<\/span><span class=\"m_-1565673952663604847TextRun m_-1565673952663604847SCXW197174533\" lang=\"PT-BR\">\u00a0Parque Municipal Dom Jos\u00e9,\u00a0<\/span><span class=\"m_-1565673952663604847TextRun m_-1565673952663604847SCXW197174533\" lang=\"PT-BR\">rua<\/span><span class=\"m_-1565673952663604847TextRun m_-1565673952663604847SCXW197174533\" lang=\"PT-BR\">\u00a0\u00c2ngela Mirella, 500, Vila Porto.<\/span><span class=\"m_-1565673952663604847EOP m_-1565673952663604847SCXW197174533\">\u00a0<\/span><\/p>\n<\/div>\n<div class=\"m_-1565673952663604847OutlineElement m_-1565673952663604847Ltr m_-1565673952663604847SCXW197174533\">\n<p class=\"m_-1565673952663604847Paragraph m_-1565673952663604847SCXW197174533\"><span class=\"m_-1565673952663604847EOP m_-1565673952663604847SCXW197174533\">\u00a0<\/span><\/p>\n<\/div>\n","protected":false},"excerpt":{"rendered":"<p>Domingo no Parque Municipal Dom Jos\u00e9, \u00e0s 11h, o m\u00fasico de\u00a0Barueri \u201cVioleiro Jean Carreiro\u201d leva ao palco do bosque os grandes sucessos da m\u00fasica caipira. Jean segue carreira solo desde [&hellip;]<\/p>\n","protected":false},"author":2,"featured_media":4754,"template":"","meta":{"_tribe_events_status":"","_tribe_events_status_reason":"","footnotes":""},"tags":[1886,1889,3593,4424,4459,4900,6525,6531],"tribe_events_cat":[6738,6741,6750],"class_list":["post-4749","tribe_events","type-tribe_events","status-publish","has-post-thumbnail","hentry","tag-cultura-no-parque","tag-cultura-no-parque-com-violeiro-jean-carrero","tag-jean","tag-musica-caipira","tag-musico-de-barueri","tag-parque-municipal-dom-jose","tag-viola-doce-presente","tag-violeiro-jean-carreiro","tribe_events_cat-culturais","tribe_events_cat-evento-gratuito","tribe_events_cat-musicais","cat_culturais","cat_evento-gratuito","cat_musicais"],"_links":{"self":[{"href":"https:\/\/baruerieventos.com.br\/site\/wp-json\/wp\/v2\/tribe_events\/4749","targetHints":{"allow":["GET"]}}],"collection":[{"href":"https:\/\/baruerieventos.com.br\/site\/wp-json\/wp\/v2\/tribe_events"}],"about":[{"href":"https:\/\/baruerieventos.com.br\/site\/wp-json\/wp\/v2\/types\/tribe_events"}],"author":[{"embeddable":true,"href":"https:\/\/baruerieventos.com.br\/site\/wp-json\/wp\/v2\/users\/2"}],"version-history":[{"count":0,"href":"https:\/\/baruerieventos.com.br\/site\/wp-json\/wp\/v2\/tribe_events\/4749\/revisions"}],"wp:featuredmedia":[{"embeddable":true,"href":"https:\/\/baruerieventos.com.br\/site\/wp-json\/"}],"wp:attachment":[{"href":"https:\/\/baruerieventos.com.br\/site\/wp-json\/wp\/v2\/media?parent=4749"}],"wp:term":[{"taxonomy":"post_tag","embeddable":true,"href":"https:\/\/baruerieventos.com.br\/site\/wp-json\/wp\/v2\/tags?post=4749"},{"taxonomy":"tribe_events_cat","embeddable":true,"href":"https:\/\/baruerieventos.com.br\/site\/wp-json\/wp\/v2\/tribe_events_cat?post=4749"}],"curies":[{"name":"wp","href":"https:\/\/api.w.org\/{rel}","templated":true}]}}

<div class="m_-1565673952663604847OutlineElement m_-1565673952663604847Ltr m_-1565673952663604847SCXW197174533">
<p class="m_-1565673952663604847Paragraph m_-1565673952663604847SCXW197174533"><span class="m_-1565673952663604847TextRun m_-1565673952663604847SCXW197174533" lang="PT-BR">Domingo no Parque Municipal Dom José, às 11h, o músico de </span><span class="m_-1565673952663604847TextRun m_-1565673952663604847SCXW197174533" lang="PT-BR">Barueri “</span><span class="m_-1565673952663604847TextRun m_-1565673952663604847SCXW197174533" lang="PT-BR">Violeiro Jean Carreiro” leva ao palco do bosque os grandes sucessos da música caipira. </span></p>
<p class="m_-1565673952663604847Paragraph m_-1565673952663604847SCXW197174533"><span class="m_-1565673952663604847TextRun m_-1565673952663604847SCXW197174533" lang="PT-BR">Jean segue carreira solo desde o ano passado</span><span class="m_-1565673952663604847TextRun m_-1565673952663604847SCXW197174533" lang="PT-BR"> e </span><span class="m_-1565673952663604847TextRun m_-1565673952663604847SCXW197174533" lang="PT-BR">gravou </span><span class="m_-1565673952663604847TextRun m_-1565673952663604847SCXW197174533" lang="PT-BR">ainda </span><span class="m_-1565673952663604847TextRun m_-1565673952663604847SCXW197174533" lang="PT-BR">seu primeiro CD “Viola Doce Presente”. O Cultura no Parque acontece todo domingo, às 11h e a entrada é franca.</span><span class="m_-1565673952663604847EOP m_-1565673952663604847SCXW197174533"> </span></p>
</div>
<div class="m_-1565673952663604847OutlineElement m_-1565673952663604847Ltr m_-1565673952663604847SCXW197174533">
<p class="m_-1565673952663604847Paragraph m_-1565673952663604847SCXW197174533"><span class="m_-1565673952663604847EOP m_-1565673952663604847SCXW197174533"> </span></p>
</div>
<div class="m_-1565673952663604847OutlineElement m_-1565673952663604847Ltr m_-1565673952663604847SCXW197174533">
<p class="m_-1565673952663604847Paragraph m_-1565673952663604847SCXW197174533"><span class="m_-1565673952663604847TextRun m_-1565673952663604847SCXW197174533" lang="PT-BR">Onde:</span><span class="m_-1565673952663604847TextRun m_-1565673952663604847SCXW197174533" lang="PT-BR"> Parque Municipal Dom José, </span><span class="m_-1565673952663604847TextRun m_-1565673952663604847SCXW197174533" lang="PT-BR">rua</span><span class="m_-1565673952663604847TextRun m_-1565673952663604847SCXW197174533" lang="PT-BR"> Ângela Mirella, 500, Vila Porto.</span><span class="m_-1565673952663604847EOP m_-1565673952663604847SCXW197174533"> </span></p>
</div>
<div class="m_-1565673952663604847OutlineElement m_-1565673952663604847Ltr m_-1565673952663604847SCXW197174533">
<p class="m_-1565673952663604847Paragraph m_-1565673952663604847SCXW197174533"><span class="m_-1565673952663604847EOP m_-1565673952663604847SCXW197174533"> </span></p>
</div>

<p>Domingo no Parque Municipal Dom José, às 11h, o músico de Barueri “Violeiro Jean Carreiro” leva ao palco do bosque os grandes sucessos da música caipira. Jean segue carreira solo desde [&hellip;]</p>
