{"id":52,"date":"2015-03-21T03:49:35","date_gmt":"2015-03-21T03:49:35","guid":{"rendered":"http:\/\/baruerieventos.com.br\/site\/?post_type=tribe_events&amp;p=52"},"modified":"2015-03-21T03:49:35","modified_gmt":"2015-03-21T03:49:35","slug":"lancamento-do-livro-das-breves-historias-das-pessoas-que-dao-nome-as-ruas-de-barueri","status":"publish","type":"tribe_events","link":"https:\/\/baruerieventos.com.br\/site\/event\/lancamento-do-livro-das-breves-historias-das-pessoas-que-dao-nome-as-ruas-de-barueri\/","title":{"rendered":"Lan\u00e7amento do &#8221; Livro das Breves Hist\u00f3rias das Pessoas que d\u00e3o nome \u00e0s ruas de Barueri&#8221;."},"content":{"rendered":"<p><a href=\"https:\/\/baruerieventos.com.br\/site\/wp-content\/uploads\/2015\/03\/RuasBarueri.jpg\"><img loading=\"lazy\" decoding=\"async\" class=\"alignleft size-medium wp-image-54\" src=\"https:\/\/baruerieventos.com.br\/site\/wp-content\/uploads\/2015\/03\/RuasBarueri-221x300.jpg\" alt=\"RuasBarueri\" width=\"221\" height=\"300\" \/><\/a><\/p>\n<p>&nbsp;<\/p>\n<p>Em comemora\u00e7\u00e3o aos 66 anos do munic\u00edpio, a secretaria de Cultura e Turismo lan\u00e7ar\u00e1 a primeira edi\u00e7\u00e3o do \u201cLivro das Breves Hist\u00f3rias das Pessoas que d\u00e3o Nomes \u00e0s Ruas de Barueri\u201d.<\/p>\n<p>O livro conta a hist\u00f3ria de 249 pessoas que d\u00e3o nomes as ruas do munic\u00edpio.<\/p>\n<p>O livro foi idealizado pela Secretaria de Cultura e Turismo para comemorar no pr\u00f3ximo dia 26\/03 , os 66 anos de emancipa\u00e7\u00e3o pol\u00edtica da cidade.<\/p>\n","protected":false},"excerpt":{"rendered":"<p>&nbsp; Em comemora\u00e7\u00e3o aos 66 anos do munic\u00edpio, a secretaria de Cultura e Turismo lan\u00e7ar\u00e1 a primeira edi\u00e7\u00e3o do \u201cLivro das Breves Hist\u00f3rias das Pessoas que d\u00e3o Nomes \u00e0s Ruas [&hellip;]<\/p>\n","protected":false},"author":1,"featured_media":0,"template":"","meta":{"_tribe_events_status":"","_tribe_events_status_reason":"","footnotes":""},"tags":[3376,3797,3917,3919],"tribe_events_cat":[6749],"class_list":["post-52","tribe_events","type-tribe_events","status-publish","hentry","tag-historia-de-barueri","tag-lancamento-de-livro","tag-livro-da-historia-do-nome-da-rua","tag-livro-dos-nomes-de-rua","tribe_events_cat-lancamentos-de-obras-culturais","cat_lancamentos-de-obras-culturais"],"_links":{"self":[{"href":"https:\/\/baruerieventos.com.br\/site\/wp-json\/wp\/v2\/tribe_events\/52","targetHints":{"allow":["GET"]}}],"collection":[{"href":"https:\/\/baruerieventos.com.br\/site\/wp-json\/wp\/v2\/tribe_events"}],"about":[{"href":"https:\/\/baruerieventos.com.br\/site\/wp-json\/wp\/v2\/types\/tribe_events"}],"author":[{"embeddable":true,"href":"https:\/\/baruerieventos.com.br\/site\/wp-json\/wp\/v2\/users\/1"}],"version-history":[{"count":0,"href":"https:\/\/baruerieventos.com.br\/site\/wp-json\/wp\/v2\/tribe_events\/52\/revisions"}],"wp:attachment":[{"href":"https:\/\/baruerieventos.com.br\/site\/wp-json\/wp\/v2\/media?parent=52"}],"wp:term":[{"taxonomy":"post_tag","embeddable":true,"href":"https:\/\/baruerieventos.com.br\/site\/wp-json\/wp\/v2\/tags?post=52"},{"taxonomy":"tribe_events_cat","embeddable":true,"href":"https:\/\/baruerieventos.com.br\/site\/wp-json\/wp\/v2\/tribe_events_cat?post=52"}],"curies":[{"name":"wp","href":"https:\/\/api.w.org\/{rel}","templated":true}]}}

Lançamento do &#8221; Livro das Breves Histórias das Pessoas que dão nome às ruas de Barueri&#8221;.

<p><a href="https://baruerieventos.com.br/site/wp-content/uploads/2015/03/RuasBarueri.jpg"><img loading="lazy" decoding="async" class="alignleft size-medium wp-image-54" src="https://baruerieventos.com.br/site/wp-content/uploads/2015/03/RuasBarueri-221x300.jpg" alt="RuasBarueri" width="221" height="300" /></a></p>
<p>&nbsp;</p>
<p>Em comemoração aos 66 anos do município, a secretaria de Cultura e Turismo lançará a primeira edição do “Livro das Breves Histórias das Pessoas que dão Nomes às Ruas de Barueri”.</p>
<p>O livro conta a história de 249 pessoas que dão nomes as ruas do município.</p>
<p>O livro foi idealizado pela Secretaria de Cultura e Turismo para comemorar no próximo dia 26/03 , os 66 anos de emancipação política da cidade.</p>

<p>&nbsp; Em comemoração aos 66 anos do município, a secretaria de Cultura e Turismo lançará a primeira edição do “Livro das Breves Histórias das Pessoas que dão Nomes às Ruas [&hellip;]</p>
