{"id":5982,"date":"2019-05-09T18:06:01","date_gmt":"2019-05-09T21:06:01","guid":{"rendered":"http:\/\/baruerieventos.com.br\/site\/?post_type=tribe_events&amp;p=5982"},"modified":"2019-05-09T18:06:01","modified_gmt":"2019-05-09T21:06:01","slug":"gospel-day-osasco","status":"publish","type":"tribe_events","link":"https:\/\/baruerieventos.com.br\/site\/event\/gospel-day-osasco\/","title":{"rendered":"Gospel Day Osasco"},"content":{"rendered":"<p>Evento de louvor e grande festa com :<\/p>\n<ul>\n<li>Aline Barros<\/li>\n<li>Ao Cubo<\/li>\n<li>Elisa Fernandes<\/li>\n<li>Pregadores do Gueto<\/li>\n<li>Lucas Dias<\/li>\n<li>Daniel Berg<\/li>\n<li>Banda Ato Prof\u00e9tico<\/li>\n<li>ADL Plataforma<\/li>\n<li>Kain\u00e3<\/li>\n<li>Carol D&#8217; Pauli<\/li>\n<li>Banda Ju\u00edzo Final<\/li>\n<\/ul>\n<p>Local com Ampla Estrutura, pra\u00e7a de alimenta\u00e7\u00e3o.<\/p>\n<p>COMPRA COM INGRESSO DE ESTUDANTE APRESENTAR\u00a0CARTEIRINHA<\/p>\n<p>CRIAN\u00c7AS AT\u00c9 SEIS ANOS N\u00c3O PAGAM, MENORES DE 16 ANOS\u00a0ACOMPANHADOS DOS<\/p>\n<p>RESPONS\u00c1VEIS<\/p>\n<p>HOR\u00c1RIO DE FUNCIONAMENTO DAS 15:00 AS\u00a021:30<\/p>\n<p>ESTACIONAMENTO NO LOCAL PAGAMENTO SOMENTE EM DINHEIRO<\/p>\n<p>\u00c1REA VIP E\u00a0CAMAROTE SOMENTE NO EVENTO.<\/p>\n<p><iframe loading=\"lazy\" src=\"https:\/\/www.youtube.com\/embed\/g_RsCqRDEQQ\" width=\"560\" height=\"315\" frameborder=\"0\" allowfullscreen=\"allowfullscreen\"><\/iframe><\/p>\n<h1>Pontos de Venda<\/h1>\n<ul class=\"cidade-local-evento\">\n<li class=\"info-local\"><strong>AMERICANA<\/strong><\/li>\n<li class=\"info-cidade-estado\"><span class=\"fa fa-home\">\u00a0Radical Vest &#8211; Americana &#8211; Pra\u00e7a Comendador Mueller, 18, Sala 3<\/span><\/li>\n<\/ul>\n<ul class=\"cidade-local-evento\">\n<li class=\"info-local\"><strong>BAURU<\/strong><\/li>\n<li class=\"info-cidade-estado\"><span class=\"fa fa-home\">\u00a0Radical Vest &#8211; Bauru &#8211; R. Henrique Savi, 1555 Vila Nova Cidade Universita<\/span><\/li>\n<\/ul>\n<ul class=\"cidade-local-evento\">\n<li class=\"info-local\"><strong>CAMPINAS<\/strong><\/li>\n<li class=\"info-cidade-estado\"><span class=\"fa fa-home\">\u00a0Radical Vest &#8211; Shopping Parque DOM Pedro &#8211; AV Projetada Leste 500 LJ 50<\/span><\/li>\n<\/ul>\n<ul class=\"cidade-local-evento\">\n<li class=\"info-local\"><strong>CARAPICUIBA<\/strong><\/li>\n<li class=\"info-cidade-estado\"><span class=\"fa fa-home\">\u00a0Lojas Angela Carapicu\u00edba &#8211; Estr. Ernestina Vieira, 149 &#8211; Vila Silviania, Cara<\/span><\/li>\n<\/ul>\n<ul class=\"cidade-local-evento\">\n<li class=\"info-local\"><strong>INDAIATUBA<\/strong><\/li>\n<li class=\"info-cidade-estado\"><span class=\"fa fa-home\">\u00a0Radical Vest &#8211; Polo Shopping Indaiatuba &#8211; AL Filtros Man, 670<\/span><\/li>\n<\/ul>\n<ul class=\"cidade-local-evento\">\n<li class=\"info-local\"><strong>JUNDIAI<\/strong><\/li>\n<li class=\"info-cidade-estado\"><span class=\"fa fa-home\">\u00a0Radical Vest &#8211; Jundia\u00ed &#8211; Rua do Rosario , 384 Centro<\/span><\/li>\n<\/ul>\n<ul class=\"cidade-local-evento\">\n<li class=\"info-local\"><strong>LIMEIRA<\/strong><\/li>\n<li class=\"info-cidade-estado\"><span class=\"fa fa-home\">\u00a0Radical Vest &#8211; Patio Limeira Shopping &#8211; R Carlos Gomes 1321 &#8211; Shopping Patio<\/span><\/li>\n<\/ul>\n<ul class=\"cidade-local-evento\">\n<li class=\"info-local\"><strong>OSASCO<\/strong><\/li>\n<li class=\"info-cidade-estado\"><span class=\"fa fa-home\">\u00a0Surf Trip &#8211; Osasco &#8211; Av. dos Autonomistas, 1400<\/span><\/li>\n<li class=\"info-cidade-estado\"><span class=\"fa fa-home\">\u00a0Lojas Angela Shopping Uni\u00e3o &#8211; Av dos Autonomistas, 1400 &#8211; Arco n\u00ba 24 &#8211; Vila Yara<\/span><\/li>\n<li class=\"info-cidade-estado\"><span class=\"fa fa-home\">\u00a0Angela Cal\u00e7ados &#8211; R. Ant\u00f4nio Ag\u00fa, 389 &#8211; Loja 03 &#8211; Centro, Osasco<\/span><\/li>\n<li class=\"info-cidade-estado\"><span class=\"fa fa-home\">\u00a0Escrit\u00f3rio &#8211; Rubens Gospel<\/span><\/li>\n<\/ul>\n<ul class=\"cidade-local-evento\">\n<li class=\"info-local\"><strong>PIRACICABA<\/strong><\/li>\n<li class=\"info-cidade-estado\"><span class=\"fa fa-home\">\u00a0Radical Vest &#8211; Shopping Piracicaba &#8211; AV Limeira 722<\/span><\/li>\n<\/ul>\n<ul class=\"cidade-local-evento\">\n<li class=\"info-local\"><strong>RIBEIRAO PRETO<\/strong><\/li>\n<li class=\"info-cidade-estado\"><span class=\"fa fa-home\">\u00a0Radical Vest &#8211; Novo Shopping &#8211; AV Presidente Kennedy, 1500 Loja 03<\/span><\/li>\n<\/ul>\n<ul class=\"cidade-local-evento\">\n<li class=\"info-local\"><strong>RIO CLARO<\/strong><\/li>\n<li class=\"info-cidade-estado\"><span class=\"fa fa-home\">\u00a0Radical Vest &#8211; RIO Claro Centro &#8211; RUA 3 1220<\/span><\/li>\n<\/ul>\n<ul class=\"cidade-local-evento\">\n<li class=\"info-local\"><strong>SANTO ANDRE<\/strong><\/li>\n<li class=\"info-cidade-estado\"><span class=\"fa fa-home\">\u00a0Corpo E Vida Suplementos &#8211; Shoping ABC &#8211; Av. Pereira Barreto, 42 &#8211; Loja 37<\/span><\/li>\n<li class=\"info-cidade-estado\"><span class=\"fa fa-home\">\u00a0Surf Trip &#8211; Shopping Grand Plaza &#8211; Av Industrial 600 Shopping Grand Plaza<\/span><\/li>\n<li class=\"info-cidade-estado\"><span class=\"fa fa-laptop\">\u00a0Totem 20 &#8211; Posto Shell &#8211; Estonia 4 &#8211; Av Dom Pedro II, 2180<\/span><\/li>\n<li class=\"info-cidade-estado\"><span class=\"fa fa-laptop\">\u00a0Totem 3 &#8211; Academia Forlife &#8211; RUA Guilherme Marconi 114<\/span><\/li>\n<\/ul>\n<ul class=\"cidade-local-evento\">\n<li class=\"info-local\"><strong>SAO BERNARDO DO CAMPO<\/strong><\/li>\n<li class=\"info-cidade-estado\"><span class=\"fa fa-laptop\">\u00a0Totem 4 &#8211; Academia FOR Life &#8211; R. D&#8217;artagnan, 74 &#8211; Rudge Ramos<\/span><\/li>\n<\/ul>\n<ul class=\"cidade-local-evento\">\n<li class=\"info-local\"><strong>SAO CAETANO DO SUL<\/strong><\/li>\n<li class=\"info-cidade-estado\"><span class=\"fa fa-home\">\u00a0Corpo E Vida &#8211; Parque Shopping SAO Caetano<\/span><\/li>\n<\/ul>\n<ul class=\"cidade-local-evento\">\n<li class=\"info-local\"><strong>SAO CARLOS<\/strong><\/li>\n<li class=\"info-cidade-estado\"><span class=\"fa fa-home\">\u00a0Radical Vest &#8211; S\u00c3O Carlos &#8211; AV. S\u00c3O Carlos, 1342<\/span><\/li>\n<\/ul>\n<ul class=\"cidade-local-evento\">\n<li class=\"info-local\"><strong>SAO PAULO<\/strong><\/li>\n<li class=\"info-cidade-estado\"><span class=\"fa fa-home\">\u00a0Corpo E Vida Suplementos &#8211; Ipiranga &#8211; R. BOM Pastor, 1376 &#8211; Ipiranga<\/span><\/li>\n<li class=\"info-cidade-estado\"><span class=\"fa fa-home\">\u00a0Super Tubes &#8211; Shopping Plaza SUL &#8211; Pra\u00e7a Leonor Calpa 100 Loja 260<\/span><\/li>\n<li class=\"info-cidade-estado\"><span class=\"fa fa-home\">\u00a0Surf Trip &#8211; 24 Maio Centro &#8211; Rua 24 de Maio 200<\/span><\/li>\n<li class=\"info-cidade-estado\"><span class=\"fa fa-home\">\u00a0Surf Trip &#8211; Moema &#8211; Av. dos Imar\u00e9s, 255 &#8211; Moema, S\u00e3o Paulo<\/span><\/li>\n<li class=\"info-cidade-estado\"><span class=\"fa fa-home\">\u00a0Surf Trip &#8211; Santana &#8211; AV. Volunt\u00e1rios DA Patria, 2376<\/span><\/li>\n<li class=\"info-cidade-estado\"><span class=\"fa fa-home\">\u00a0Surf Trip &#8211; Shopping Aricanduva &#8211; AV. Aricanduva, 555<\/span><\/li>\n<li class=\"info-cidade-estado\"><span class=\"fa fa-home\">\u00a0Surf Trip &#8211; Shopping Tambor\u00e9 &#8211; Av. Piracema, 669 Loja 86<\/span><\/li>\n<li class=\"info-local\"><strong>SOROCABA<\/strong><\/li>\n<li class=\"info-cidade-estado\"><span class=\"fa fa-home\">\u00a0Radical Vest &#8211; Esplanada &#8211; Av. Prof. Izoraida Marques Peres, 401<\/span><\/li>\n<\/ul>\n<p>Imperd\u00edvel, na compra de 1 ingresso de R$60,00, ganhe 1 cortesia.<br \/>\nCondi\u00e7\u00f5es especiais para CARAVANAS.<\/p>\n<h2><a href=\"https:\/\/www.aloingressos.com.br\/gospel-day-osasco.html\" target=\"_blank\" rel=\"noopener\">Compre on line seu ingresso.<\/a><\/h2>\n","protected":false},"excerpt":{"rendered":"<p>Evento de louvor e grande festa com : Aline Barros Ao Cubo Elisa Fernandes Pregadores do Gueto Lucas Dias Daniel Berg Banda Ato Prof\u00e9tico ADL Plataforma Kain\u00e3 Carol D&#8217; Pauli [&hellip;]<\/p>\n","protected":false},"author":2,"featured_media":5983,"template":"","meta":{"_tribe_events_status":"","_tribe_events_status_reason":"","footnotes":""},"tags":[284,363,377,519,562,769,807,1319,1963,2322,3198,3745,3949,5199],"tribe_events_cat":[6750,6753,6756],"class_list":["post-5982","tribe_events","type-tribe_events","status-publish","has-post-thumbnail","hentry","tag-adl-plataforma","tag-aline-barros","tag-alo-ingressos","tag-ao-cubo","tag-arena-vip-osasco","tag-banda-ato-profetico","tag-banda-juizo-final","tag-carol-d-pauli","tag-daniel-berg","tag-elisa-fernandes","tag-gospel-day-osasco","tag-kaina","tag-lucas-dias","tag-pregadores-do-gueto","tribe_events_cat-musicais","tribe_events_cat-religioso","tribe_events_cat-shows","cat_musicais","cat_religioso","cat_shows"],"_links":{"self":[{"href":"https:\/\/baruerieventos.com.br\/site\/wp-json\/wp\/v2\/tribe_events\/5982","targetHints":{"allow":["GET"]}}],"collection":[{"href":"https:\/\/baruerieventos.com.br\/site\/wp-json\/wp\/v2\/tribe_events"}],"about":[{"href":"https:\/\/baruerieventos.com.br\/site\/wp-json\/wp\/v2\/types\/tribe_events"}],"author":[{"embeddable":true,"href":"https:\/\/baruerieventos.com.br\/site\/wp-json\/wp\/v2\/users\/2"}],"version-history":[{"count":0,"href":"https:\/\/baruerieventos.com.br\/site\/wp-json\/wp\/v2\/tribe_events\/5982\/revisions"}],"wp:featuredmedia":[{"embeddable":true,"href":"https:\/\/baruerieventos.com.br\/site\/wp-json\/"}],"wp:attachment":[{"href":"https:\/\/baruerieventos.com.br\/site\/wp-json\/wp\/v2\/media?parent=5982"}],"wp:term":[{"taxonomy":"post_tag","embeddable":true,"href":"https:\/\/baruerieventos.com.br\/site\/wp-json\/wp\/v2\/tags?post=5982"},{"taxonomy":"tribe_events_cat","embeddable":true,"href":"https:\/\/baruerieventos.com.br\/site\/wp-json\/wp\/v2\/tribe_events_cat?post=5982"}],"curies":[{"name":"wp","href":"https:\/\/api.w.org\/{rel}","templated":true}]}}

<p>Evento de louvor e grande festa com :</p>
<ul>
<li>Aline Barros</li>
<li>Ao Cubo</li>
<li>Elisa Fernandes</li>
<li>Pregadores do Gueto</li>
<li>Lucas Dias</li>
<li>Daniel Berg</li>
<li>Banda Ato Profético</li>
<li>ADL Plataforma</li>
<li>Kainã</li>
<li>Carol D&#8217; Pauli</li>
<li>Banda Juízo Final</li>
</ul>
<p>Local com Ampla Estrutura, praça de alimentação.</p>
<p>COMPRA COM INGRESSO DE ESTUDANTE APRESENTAR CARTEIRINHA</p>
<p>CRIANÇAS ATÉ SEIS ANOS NÃO PAGAM, MENORES DE 16 ANOS ACOMPANHADOS DOS</p>
<p>RESPONSÁVEIS</p>
<p>HORÁRIO DE FUNCIONAMENTO DAS 15:00 AS 21:30</p>
<p>ESTACIONAMENTO NO LOCAL PAGAMENTO SOMENTE EM DINHEIRO</p>
<p>ÁREA VIP E CAMAROTE SOMENTE NO EVENTO.</p>
<p><iframe loading="lazy" src="https://www.youtube.com/embed/g_RsCqRDEQQ" width="560" height="315" frameborder="0" allowfullscreen="allowfullscreen"></iframe></p>
<h1>Pontos de Venda</h1>
<ul class="cidade-local-evento">
<li class="info-local"><strong>AMERICANA</strong></li>
<li class="info-cidade-estado"><span class="fa fa-home"> Radical Vest &#8211; Americana &#8211; Praça Comendador Mueller, 18, Sala 3</span></li>
</ul>
<ul class="cidade-local-evento">
<li class="info-local"><strong>BAURU</strong></li>
<li class="info-cidade-estado"><span class="fa fa-home"> Radical Vest &#8211; Bauru &#8211; R. Henrique Savi, 1555 Vila Nova Cidade Universita</span></li>
</ul>
<ul class="cidade-local-evento">
<li class="info-local"><strong>CAMPINAS</strong></li>
<li class="info-cidade-estado"><span class="fa fa-home"> Radical Vest &#8211; Shopping Parque DOM Pedro &#8211; AV Projetada Leste 500 LJ 50</span></li>
</ul>
<ul class="cidade-local-evento">
<li class="info-local"><strong>CARAPICUIBA</strong></li>
<li class="info-cidade-estado"><span class="fa fa-home"> Lojas Angela Carapicuíba &#8211; Estr. Ernestina Vieira, 149 &#8211; Vila Silviania, Cara</span></li>
</ul>
<ul class="cidade-local-evento">
<li class="info-local"><strong>INDAIATUBA</strong></li>
<li class="info-cidade-estado"><span class="fa fa-home"> Radical Vest &#8211; Polo Shopping Indaiatuba &#8211; AL Filtros Man, 670</span></li>
</ul>
<ul class="cidade-local-evento">
<li class="info-local"><strong>JUNDIAI</strong></li>
<li class="info-cidade-estado"><span class="fa fa-home"> Radical Vest &#8211; Jundiaí &#8211; Rua do Rosario , 384 Centro</span></li>
</ul>
<ul class="cidade-local-evento">
<li class="info-local"><strong>LIMEIRA</strong></li>
<li class="info-cidade-estado"><span class="fa fa-home"> Radical Vest &#8211; Patio Limeira Shopping &#8211; R Carlos Gomes 1321 &#8211; Shopping Patio</span></li>
</ul>
<ul class="cidade-local-evento">
<li class="info-local"><strong>OSASCO</strong></li>
<li class="info-cidade-estado"><span class="fa fa-home"> Surf Trip &#8211; Osasco &#8211; Av. dos Autonomistas, 1400</span></li>
<li class="info-cidade-estado"><span class="fa fa-home"> Lojas Angela Shopping União &#8211; Av dos Autonomistas, 1400 &#8211; Arco nº 24 &#8211; Vila Yara</span></li>
<li class="info-cidade-estado"><span class="fa fa-home"> Angela Calçados &#8211; R. Antônio Agú, 389 &#8211; Loja 03 &#8211; Centro, Osasco</span></li>
<li class="info-cidade-estado"><span class="fa fa-home"> Escritório &#8211; Rubens Gospel</span></li>
</ul>
<ul class="cidade-local-evento">
<li class="info-local"><strong>PIRACICABA</strong></li>
<li class="info-cidade-estado"><span class="fa fa-home"> Radical Vest &#8211; Shopping Piracicaba &#8211; AV Limeira 722</span></li>
</ul>
<ul class="cidade-local-evento">
<li class="info-local"><strong>RIBEIRAO PRETO</strong></li>
<li class="info-cidade-estado"><span class="fa fa-home"> Radical Vest &#8211; Novo Shopping &#8211; AV Presidente Kennedy, 1500 Loja 03</span></li>
</ul>
<ul class="cidade-local-evento">
<li class="info-local"><strong>RIO CLARO</strong></li>
<li class="info-cidade-estado"><span class="fa fa-home"> Radical Vest &#8211; RIO Claro Centro &#8211; RUA 3 1220</span></li>
</ul>
<ul class="cidade-local-evento">
<li class="info-local"><strong>SANTO ANDRE</strong></li>
<li class="info-cidade-estado"><span class="fa fa-home"> Corpo E Vida Suplementos &#8211; Shoping ABC &#8211; Av. Pereira Barreto, 42 &#8211; Loja 37</span></li>
<li class="info-cidade-estado"><span class="fa fa-home"> Surf Trip &#8211; Shopping Grand Plaza &#8211; Av Industrial 600 Shopping Grand Plaza</span></li>
<li class="info-cidade-estado"><span class="fa fa-laptop"> Totem 20 &#8211; Posto Shell &#8211; Estonia 4 &#8211; Av Dom Pedro II, 2180</span></li>
<li class="info-cidade-estado"><span class="fa fa-laptop"> Totem 3 &#8211; Academia Forlife &#8211; RUA Guilherme Marconi 114</span></li>
</ul>
<ul class="cidade-local-evento">
<li class="info-local"><strong>SAO BERNARDO DO CAMPO</strong></li>
<li class="info-cidade-estado"><span class="fa fa-laptop"> Totem 4 &#8211; Academia FOR Life &#8211; R. D&#8217;artagnan, 74 &#8211; Rudge Ramos</span></li>
</ul>
<ul class="cidade-local-evento">
<li class="info-local"><strong>SAO CAETANO DO SUL</strong></li>
<li class="info-cidade-estado"><span class="fa fa-home"> Corpo E Vida &#8211; Parque Shopping SAO Caetano</span></li>
</ul>
<ul class="cidade-local-evento">
<li class="info-local"><strong>SAO CARLOS</strong></li>
<li class="info-cidade-estado"><span class="fa fa-home"> Radical Vest &#8211; SÃO Carlos &#8211; AV. SÃO Carlos, 1342</span></li>
</ul>
<ul class="cidade-local-evento">
<li class="info-local"><strong>SAO PAULO</strong></li>
<li class="info-cidade-estado"><span class="fa fa-home"> Corpo E Vida Suplementos &#8211; Ipiranga &#8211; R. BOM Pastor, 1376 &#8211; Ipiranga</span></li>
<li class="info-cidade-estado"><span class="fa fa-home"> Super Tubes &#8211; Shopping Plaza SUL &#8211; Praça Leonor Calpa 100 Loja 260</span></li>
<li class="info-cidade-estado"><span class="fa fa-home"> Surf Trip &#8211; 24 Maio Centro &#8211; Rua 24 de Maio 200</span></li>
<li class="info-cidade-estado"><span class="fa fa-home"> Surf Trip &#8211; Moema &#8211; Av. dos Imarés, 255 &#8211; Moema, São Paulo</span></li>
<li class="info-cidade-estado"><span class="fa fa-home"> Surf Trip &#8211; Santana &#8211; AV. Voluntários DA Patria, 2376</span></li>
<li class="info-cidade-estado"><span class="fa fa-home"> Surf Trip &#8211; Shopping Aricanduva &#8211; AV. Aricanduva, 555</span></li>
<li class="info-cidade-estado"><span class="fa fa-home"> Surf Trip &#8211; Shopping Tamboré &#8211; Av. Piracema, 669 Loja 86</span></li>
<li class="info-local"><strong>SOROCABA</strong></li>
<li class="info-cidade-estado"><span class="fa fa-home"> Radical Vest &#8211; Esplanada &#8211; Av. Prof. Izoraida Marques Peres, 401</span></li>
</ul>
<p>Imperdível, na compra de 1 ingresso de R$60,00, ganhe 1 cortesia.<br />
Condições especiais para CARAVANAS.</p>
<h2><a href="https://www.aloingressos.com.br/gospel-day-osasco.html" target="_blank" rel="noopener">Compre on line seu ingresso.</a></h2>

<p>Evento de louvor e grande festa com : Aline Barros Ao Cubo Elisa Fernandes Pregadores do Gueto Lucas Dias Daniel Berg Banda Ato Profético ADL Plataforma Kainã Carol D&#8217; Pauli [&hellip;]</p>
