{"id":6063,"date":"2019-06-11T16:35:48","date_gmt":"2019-06-11T19:35:48","guid":{"rendered":"http:\/\/baruerieventos.com.br\/site\/?post_type=tribe_events&amp;p=6063"},"modified":"2019-06-11T16:35:48","modified_gmt":"2019-06-11T19:35:48","slug":"banda-supercombo-em-osasco","status":"publish","type":"tribe_events","link":"https:\/\/baruerieventos.com.br\/site\/event\/banda-supercombo-em-osasco\/","title":{"rendered":"Banda Supercombo em Osasco"},"content":{"rendered":"<p>Banda Supercombo apresenta a turn\u00ea Adeus, Aurora em Osasco<\/p>\n<div>\n<p>No dia <strong>15 de junho<\/strong>\u00a0a\u00a0<strong>Supercombo\u00a0<\/strong>se apresenta no\u00a0 <strong>Teatro ASPRO<\/strong>\u00a0em\u00a0\u00a0<strong>Osasco <\/strong>com o repert\u00f3rio do seu mais novo \u00e1lbum <strong>&#8220;Adeus, Aurora<\/strong>&#8220;. A banda cantar\u00e1 sucessos que marcaram a sua trajet\u00f3ria como: <strong>Piloto autom\u00e1tico e Amianto.<\/strong><\/p>\n<p>Em mar\u00e7o desse ano a Supercombo apresentou seu novo \u00e1lbum de est\u00fadio <strong>\u201cAdeus, Aurora\u201d<\/strong>. O trabalho leva o mesmo nome da revista em quadrinhos que a banda lan\u00e7ou no final do ano passado. As m\u00fasicas podem ser ouvidas como trilha sonora da HQ, e ao mesmo tempo funcionam de forma individual, com temas ligados \u00e0 nossa sociedade moderna.<\/p>\n<p>O novo \u00e1lbum da banda conta com 10 faixas autorais e in\u00e9ditas. As can\u00e7\u00f5es que comp\u00f5em o CD s\u00e3o\u00a0<strong>\u201cGuarda Chuva\u201d, \u201cO Guerreiro e a Selva\u201d, \u201cMenina Largata\u201d, Robozin\u201d, \u201c2 e 1\u201d, \u201cMeu Colorista\u201d, \u201cParafuso a Menos\u201d \u201cCela\u201d, \u201cXepa das Estrelas<\/strong>\u00a0e\u00a0<strong>\u201cMaremotos\u201d<\/strong>\u00a0que j\u00e1 conta com mais de 1,5 milh\u00f5es de views no YouTube.<\/p>\n<p><strong>Maremotos<\/strong><br \/>\n<iframe loading=\"lazy\" src=\"https:\/\/www.youtube.com\/embed\/Us7kEfLf5rY\" width=\"560\" height=\"315\" frameborder=\"0\" allowfullscreen=\"allowfullscreen\"><\/iframe><\/p>\n<\/div>\n<p>Formada por Leo Ramos (voz e guitarra), Pedro \u201cToledo\u201d Ramos (guitarra e voz), Carol Navarro (baixo e voz), Paulo Vaz (teclado) e Andr\u00e9 Dea (bateria) a banda Supercombo j\u00e1 conta com 5 \u00e1lbuns lan\u00e7ados e um EP: <strong>Festa? (2007), Sal Grosso (2011), Supercombo (2012), Amianto (2014), Rog\u00e9rio (2016) e Adeus, Aurora (2019).<\/strong><\/p>\n<div>\n<p>\u201cSempre amei HQ\u2019s e finalmente conseguimos juntar duas coisas em uma s\u00f3, \u00e9 muito legal poder desenvolver letras e arranjos que expressam a\u00e7\u00f5es e rela\u00e7\u00f5es entre personagens sem ter a obriga\u00e7\u00e3o de ser ao p\u00e9 da letra seguindo um vi\u00e9s mais po\u00e9tico\u201d<br \/>\n<strong>Leonardo Ramos<\/strong><\/p>\n<p>Recentemente a Supercombo anunciou a entrada do novo integrante, o baterista Andr\u00e9 Dea, que j\u00e1 vinha fazendo alguns trabalhos com a banda e recebeu o convite oficial em 2019 para integrar o grupo.<\/p>\n<p><em>\u201cEm setembro de 2017, fui chamado pra fazer meu primeiro show com a Supercombo. Foi incr\u00edvel. A partir da\u00ed me apaixonei mais pelo som e rolou uma qu\u00edmica legal entre a gente.Quando recebi o convite pra assumir definitivamente as baquetas, fiquei extremamente feliz. \u201d<\/em> <strong>Andr\u00e9 Dea<\/strong><\/p>\n<p><strong>Redes Sociais:<\/strong><\/p>\n<p><strong>Facebook<\/strong>:<a href=\"https:\/\/web.facebook.com\/supercombooficial\" target=\"_blank\" rel=\"noopener\" data-saferedirecturl=\"https:\/\/www.google.com\/url?q=https:\/\/web.facebook.com\/supercombooficial&amp;source=gmail&amp;ust=1560367673493000&amp;usg=AFQjCNGzVpb8vAOQPZlqHyjOsqbij7nujg\">\u00a0https:\/\/web.<wbr \/>facebook.com\/supercombooficial<\/a><\/p>\n<p><strong>Youtube:<\/strong><a href=\"http:\/\/www.youtube.com\/user\/supercomborock\" target=\"_blank\" rel=\"noopener\" data-saferedirecturl=\"https:\/\/www.google.com\/url?q=http:\/\/www.youtube.com\/user\/supercomborock&amp;source=gmail&amp;ust=1560367673493000&amp;usg=AFQjCNFPJeSwjHcyf41BeMkr0WrlrlGoJA\">\u00a0www.youtube.com\/user\/<wbr \/>supercomborock<\/a><\/p>\n<p><strong>Instagram:<\/strong><a href=\"http:\/\/www.instagram.com\/supercombooficial\" target=\"_blank\" rel=\"noopener\" data-saferedirecturl=\"https:\/\/www.google.com\/url?q=http:\/\/www.instagram.com\/supercombooficial&amp;source=gmail&amp;ust=1560367673493000&amp;usg=AFQjCNHClLBIEFtbjD8iuCffyYS-F9GsjQ\">\u00a0www.instagram.com\/<wbr \/>supercombooficial\u00a0<\/a><\/p>\n<p><strong>Site:<\/strong><a href=\"http:\/\/www.supercomborock.com\/\" target=\"_blank\" rel=\"noopener\" data-saferedirecturl=\"https:\/\/www.google.com\/url?q=http:\/\/www.supercomborock.com\/&amp;source=gmail&amp;ust=1560367673493000&amp;usg=AFQjCNHmEqMkc80OTudJzi3Diea21ROMXQ\">\u00a0www.supercomborock.com<\/a><\/p>\n<p><strong>Confira o \u00e1lbum nas plataformas digitais:\u00a0<a href=\"http:\/\/ditto.fm\/supercomboadeusaurora\" target=\"_blank\" rel=\"noopener\" data-saferedirecturl=\"https:\/\/www.google.com\/url?q=http:\/\/ditto.fm\/supercomboadeusaurora&amp;source=gmail&amp;ust=1560367673493000&amp;usg=AFQjCNHYKj2P5fpi2BmSUvhfIOAhnPAqiA\">http:\/\/ditto.fm\/<wbr \/>supercomboadeusaurora<\/a><\/strong><\/p>\n<p><strong>Local:<\/strong> Teatro ASPRO<br \/>\n<strong>Data<\/strong>: 15\/06<br \/>\n<strong>Hor\u00e1rio<\/strong>: 20h<br \/>\n<strong>Endere\u00e7o:<\/strong><span class=\"m_3167872582427144489w8qArf\"> Rua Joaquim Dias de Oliveira, 22 &#8211; Vila dos Rem\u00e9dios &#8211; Osasco\u00a0<\/span><br \/>\n<strong>Valores: <\/strong>R$ 50,00 (meia entrada)\u00a0 Plat\u00e9ia setor 1 e R$ 40,00 (meia entrada) Plateia setor 2.<\/p>\n<p><strong>Ingressos dispon\u00edveis no site:\u00a0<a href=\"https:\/\/ticketbrasil.com.br\/show\/6867-scatocombo-osasco-sp\/\" target=\"_blank\" rel=\"noopener\" data-saferedirecturl=\"https:\/\/www.google.com\/url?q=https:\/\/ticketbrasil.com.br\/show\/6867-scatocombo-osasco-sp\/&amp;source=gmail&amp;ust=1560367673493000&amp;usg=AFQjCNGhjmOR-iFfVRY0yVwkmm95_7YK_Q\">https:\/\/ticketbrasil.<wbr \/>com.br\/show\/6867-scatocombo-<wbr \/>osasco-sp\/<\/a><\/strong><\/p>\n<\/div>\n","protected":false},"excerpt":{"rendered":"<p>Banda Supercombo apresenta a turn\u00ea Adeus, Aurora em Osasco No dia 15 de junho\u00a0a\u00a0Supercombo\u00a0se apresenta no\u00a0 Teatro ASPRO\u00a0em\u00a0\u00a0Osasco com o repert\u00f3rio do seu mais novo \u00e1lbum &#8220;Adeus, Aurora&#8220;. A banda [&hellip;]<\/p>\n","protected":false},"author":2,"featured_media":6066,"template":"","meta":{"_tribe_events_status":"","_tribe_events_status_reason":"","footnotes":""},"tags":[282,445,703,842,5041,6159],"tribe_events_cat":[6741,6750,6756],"class_list":["post-6063","tribe_events","type-tribe_events","status-publish","has-post-thumbnail","hentry","tag-adeus","tag-andre-dea","tag-aurora","tag-banda-supercombo-em-osasco","tag-piloto-automatico-e-amianto","tag-teatro-aspro","tribe_events_cat-evento-gratuito","tribe_events_cat-musicais","tribe_events_cat-shows","cat_evento-gratuito","cat_musicais","cat_shows"],"_links":{"self":[{"href":"https:\/\/baruerieventos.com.br\/site\/wp-json\/wp\/v2\/tribe_events\/6063","targetHints":{"allow":["GET"]}}],"collection":[{"href":"https:\/\/baruerieventos.com.br\/site\/wp-json\/wp\/v2\/tribe_events"}],"about":[{"href":"https:\/\/baruerieventos.com.br\/site\/wp-json\/wp\/v2\/types\/tribe_events"}],"author":[{"embeddable":true,"href":"https:\/\/baruerieventos.com.br\/site\/wp-json\/wp\/v2\/users\/2"}],"version-history":[{"count":0,"href":"https:\/\/baruerieventos.com.br\/site\/wp-json\/wp\/v2\/tribe_events\/6063\/revisions"}],"wp:featuredmedia":[{"embeddable":true,"href":"https:\/\/baruerieventos.com.br\/site\/wp-json\/"}],"wp:attachment":[{"href":"https:\/\/baruerieventos.com.br\/site\/wp-json\/wp\/v2\/media?parent=6063"}],"wp:term":[{"taxonomy":"post_tag","embeddable":true,"href":"https:\/\/baruerieventos.com.br\/site\/wp-json\/wp\/v2\/tags?post=6063"},{"taxonomy":"tribe_events_cat","embeddable":true,"href":"https:\/\/baruerieventos.com.br\/site\/wp-json\/wp\/v2\/tribe_events_cat?post=6063"}],"curies":[{"name":"wp","href":"https:\/\/api.w.org\/{rel}","templated":true}]}}

<p>Banda Supercombo apresenta a turnê Adeus, Aurora em Osasco</p>
<div>
<p>No dia <strong>15 de junho</strong> a <strong>Supercombo </strong>se apresenta no  <strong>Teatro ASPRO</strong> em  <strong>Osasco </strong>com o repertório do seu mais novo álbum <strong>&#8220;Adeus, Aurora</strong>&#8220;. A banda cantará sucessos que marcaram a sua trajetória como: <strong>Piloto automático e Amianto.</strong></p>
<p>Em março desse ano a Supercombo apresentou seu novo álbum de estúdio <strong>“Adeus, Aurora”</strong>. O trabalho leva o mesmo nome da revista em quadrinhos que a banda lançou no final do ano passado. As músicas podem ser ouvidas como trilha sonora da HQ, e ao mesmo tempo funcionam de forma individual, com temas ligados à nossa sociedade moderna.</p>
<p>O novo álbum da banda conta com 10 faixas autorais e inéditas. As canções que compõem o CD são <strong>“Guarda Chuva”, “O Guerreiro e a Selva”, “Menina Largata”, Robozin”, “2 e 1”, “Meu Colorista”, “Parafuso a Menos” “Cela”, “Xepa das Estrelas</strong> e <strong>“Maremotos”</strong> que já conta com mais de 1,5 milhões de views no YouTube.</p>
<p><strong>Maremotos</strong><br />
<iframe loading="lazy" src="https://www.youtube.com/embed/Us7kEfLf5rY" width="560" height="315" frameborder="0" allowfullscreen="allowfullscreen"></iframe></p>
</div>
<p>Formada por Leo Ramos (voz e guitarra), Pedro “Toledo” Ramos (guitarra e voz), Carol Navarro (baixo e voz), Paulo Vaz (teclado) e André Dea (bateria) a banda Supercombo já conta com 5 álbuns lançados e um EP: <strong>Festa? (2007), Sal Grosso (2011), Supercombo (2012), Amianto (2014), Rogério (2016) e Adeus, Aurora (2019).</strong></p>
<div>
<p>“Sempre amei HQ’s e finalmente conseguimos juntar duas coisas em uma só, é muito legal poder desenvolver letras e arranjos que expressam ações e relações entre personagens sem ter a obrigação de ser ao pé da letra seguindo um viés mais poético”<br />
<strong>Leonardo Ramos</strong></p>
<p>Recentemente a Supercombo anunciou a entrada do novo integrante, o baterista André Dea, que já vinha fazendo alguns trabalhos com a banda e recebeu o convite oficial em 2019 para integrar o grupo.</p>
<p><em>“Em setembro de 2017, fui chamado pra fazer meu primeiro show com a Supercombo. Foi incrível. A partir daí me apaixonei mais pelo som e rolou uma química legal entre a gente.Quando recebi o convite pra assumir definitivamente as baquetas, fiquei extremamente feliz. ”</em> <strong>André Dea</strong></p>
<p><strong>Redes Sociais:</strong></p>
<p><strong>Facebook</strong>:<a href="https://web.facebook.com/supercombooficial" target="_blank" rel="noopener" data-saferedirecturl="https://www.google.com/url?q=https://web.facebook.com/supercombooficial&amp;source=gmail&amp;ust=1560367673493000&amp;usg=AFQjCNGzVpb8vAOQPZlqHyjOsqbij7nujg"> https://web.<wbr />facebook.com/supercombooficial</a></p>
<p><strong>Youtube:</strong><a href="http://www.youtube.com/user/supercomborock" target="_blank" rel="noopener" data-saferedirecturl="https://www.google.com/url?q=http://www.youtube.com/user/supercomborock&amp;source=gmail&amp;ust=1560367673493000&amp;usg=AFQjCNFPJeSwjHcyf41BeMkr0WrlrlGoJA"> www.youtube.com/user/<wbr />supercomborock</a></p>
<p><strong>Instagram:</strong><a href="http://www.instagram.com/supercombooficial" target="_blank" rel="noopener" data-saferedirecturl="https://www.google.com/url?q=http://www.instagram.com/supercombooficial&amp;source=gmail&amp;ust=1560367673493000&amp;usg=AFQjCNHClLBIEFtbjD8iuCffyYS-F9GsjQ"> www.instagram.com/<wbr />supercombooficial </a></p>
<p><strong>Site:</strong><a href="http://www.supercomborock.com/" target="_blank" rel="noopener" data-saferedirecturl="https://www.google.com/url?q=http://www.supercomborock.com/&amp;source=gmail&amp;ust=1560367673493000&amp;usg=AFQjCNHmEqMkc80OTudJzi3Diea21ROMXQ"> www.supercomborock.com</a></p>
<p><strong>Confira o álbum nas plataformas digitais: <a href="http://ditto.fm/supercomboadeusaurora" target="_blank" rel="noopener" data-saferedirecturl="https://www.google.com/url?q=http://ditto.fm/supercomboadeusaurora&amp;source=gmail&amp;ust=1560367673493000&amp;usg=AFQjCNHYKj2P5fpi2BmSUvhfIOAhnPAqiA">http://ditto.fm/<wbr />supercomboadeusaurora</a></strong></p>
<p><strong>Local:</strong> Teatro ASPRO<br />
<strong>Data</strong>: 15/06<br />
<strong>Horário</strong>: 20h<br />
<strong>Endereço:</strong><span class="m_3167872582427144489w8qArf"> Rua Joaquim Dias de Oliveira, 22 &#8211; Vila dos Remédios &#8211; Osasco </span><br />
<strong>Valores: </strong>R$ 50,00 (meia entrada)  Platéia setor 1 e R$ 40,00 (meia entrada) Plateia setor 2.</p>
<p><strong>Ingressos disponíveis no site: <a href="https://ticketbrasil.com.br/show/6867-scatocombo-osasco-sp/" target="_blank" rel="noopener" data-saferedirecturl="https://www.google.com/url?q=https://ticketbrasil.com.br/show/6867-scatocombo-osasco-sp/&amp;source=gmail&amp;ust=1560367673493000&amp;usg=AFQjCNGhjmOR-iFfVRY0yVwkmm95_7YK_Q">https://ticketbrasil.<wbr />com.br/show/6867-scatocombo-<wbr />osasco-sp/</a></strong></p>
</div>

<p>Banda Supercombo apresenta a turnê Adeus, Aurora em Osasco No dia 15 de junho a Supercombo se apresenta no  Teatro ASPRO em  Osasco com o repertório do seu mais novo álbum &#8220;Adeus, Aurora&#8220;. A banda [&hellip;]</p>
