{"id":6179,"date":"2019-07-05T10:43:26","date_gmt":"2019-07-05T13:43:26","guid":{"rendered":"http:\/\/baruerieventos.com.br\/site\/?post_type=tribe_events&amp;p=6179"},"modified":"2019-07-05T10:43:26","modified_gmt":"2019-07-05T13:43:26","slug":"festa-julina-em-alphaville","status":"publish","type":"tribe_events","link":"https:\/\/baruerieventos.com.br\/site\/event\/festa-julina-em-alphaville\/","title":{"rendered":"Festa Julina em Alphaville"},"content":{"rendered":"<p>Festa Julina em Alphaville, dos dias 04 \u00e0 07 de julho na Pra\u00e7a Oiapoque.<\/p>\n<p>N\u00e3o percam essa festan\u00e7a com muita divers\u00e3o, comida boa e m\u00fasica ao vivo!<\/p>\n<div class=\"_4-u3\">\n<div class=\"_62zy\">\n<div class=\"clearfix _ikh\">\n<div class=\"_4bl7 _4s8g _2pit\">Hor\u00e1rio: 10:00 a 22:00<\/div>\n<div><\/div>\n<div class=\"_4bl7 _1_41\"><\/div>\n<div class=\"_4bl9 _1_40\">\n<div class=\"_5qwr _1pf1 _1_42 _2mga\">\n<div>\n<\/div>\n<\/div>\n<div class=\"_2mga _1_42\">\n<div id=\"event_button_bar\" class=\"_5qwr\">\n<div class=\"clearfix\">\n<div class=\"lfloat _ohe\"><\/div>\n<\/div>\n<\/div>\n<\/div>\n<\/div>\n<\/div>\n<\/div>\n<\/div>\n<div class=\"_4-u3 _4kft _2ph_\"><\/div>\n","protected":false},"excerpt":{"rendered":"<p>Festa Julina em Alphaville, dos dias 04 \u00e0 07 de julho na Pra\u00e7a Oiapoque. N\u00e3o percam essa festan\u00e7a com muita divers\u00e3o, comida boa e m\u00fasica ao vivo! Hor\u00e1rio: 10:00 a [&hellip;]<\/p>\n","protected":false},"author":2,"featured_media":6180,"template":"","meta":{"_tribe_events_status":"","_tribe_events_status_reason":"","footnotes":""},"tags":[2845,2846,5177],"tribe_events_cat":[6738,6741,6742,6744,6750],"class_list":["post-6179","tribe_events","type-tribe_events","status-publish","has-post-thumbnail","hentry","tag-festa-julina-em-alphaville","tag-festa-julina-em-barueri","tag-praca-oiapoque","tribe_events_cat-culturais","tribe_events_cat-evento-gratuito","tribe_events_cat-feiras-e-exposicoes","tribe_events_cat-gastronomico","tribe_events_cat-musicais","cat_culturais","cat_evento-gratuito","cat_feiras-e-exposicoes","cat_gastronomico","cat_musicais"],"_links":{"self":[{"href":"https:\/\/baruerieventos.com.br\/site\/wp-json\/wp\/v2\/tribe_events\/6179","targetHints":{"allow":["GET"]}}],"collection":[{"href":"https:\/\/baruerieventos.com.br\/site\/wp-json\/wp\/v2\/tribe_events"}],"about":[{"href":"https:\/\/baruerieventos.com.br\/site\/wp-json\/wp\/v2\/types\/tribe_events"}],"author":[{"embeddable":true,"href":"https:\/\/baruerieventos.com.br\/site\/wp-json\/wp\/v2\/users\/2"}],"version-history":[{"count":0,"href":"https:\/\/baruerieventos.com.br\/site\/wp-json\/wp\/v2\/tribe_events\/6179\/revisions"}],"wp:featuredmedia":[{"embeddable":true,"href":"https:\/\/baruerieventos.com.br\/site\/wp-json\/"}],"wp:attachment":[{"href":"https:\/\/baruerieventos.com.br\/site\/wp-json\/wp\/v2\/media?parent=6179"}],"wp:term":[{"taxonomy":"post_tag","embeddable":true,"href":"https:\/\/baruerieventos.com.br\/site\/wp-json\/wp\/v2\/tags?post=6179"},{"taxonomy":"tribe_events_cat","embeddable":true,"href":"https:\/\/baruerieventos.com.br\/site\/wp-json\/wp\/v2\/tribe_events_cat?post=6179"}],"curies":[{"name":"wp","href":"https:\/\/api.w.org\/{rel}","templated":true}]}}

<p>Festa Julina em Alphaville, dos dias 04 à 07 de julho na Praça Oiapoque.</p>
<p>Não percam essa festança com muita diversão, comida boa e música ao vivo!</p>
<div class="_4-u3">
<div class="_62zy">
<div class="clearfix _ikh">
<div class="_4bl7 _4s8g _2pit">Horário: 10:00 a 22:00</div>
<div></div>
<div class="_4bl7 _1_41"></div>
<div class="_4bl9 _1_40">
<div class="_5qwr _1pf1 _1_42 _2mga">
<div>
</div>
</div>
<div class="_2mga _1_42">
<div id="event_button_bar" class="_5qwr">
<div class="clearfix">
<div class="lfloat _ohe"></div>
</div>
</div>
</div>
</div>
</div>
</div>
</div>
<div class="_4-u3 _4kft _2ph_"></div>

<p>Festa Julina em Alphaville, dos dias 04 à 07 de julho na Praça Oiapoque. Não percam essa festança com muita diversão, comida boa e música ao vivo! Horário: 10:00 a [&hellip;]</p>
