{"id":6185,"date":"2019-07-05T11:12:54","date_gmt":"2019-07-05T14:12:54","guid":{"rendered":"http:\/\/baruerieventos.com.br\/site\/?post_type=tribe_events&amp;p=6185"},"modified":"2019-07-05T11:12:54","modified_gmt":"2019-07-05T14:12:54","slug":"arraia-de-barueri-2","status":"publish","type":"tribe_events","link":"https:\/\/baruerieventos.com.br\/site\/event\/arraia-de-barueri-2\/","title":{"rendered":"Arrai\u00e1 de Barueri"},"content":{"rendered":"<p><strong>Nesta ano a festa traz duas grandes atra\u00e7\u00f5es: Trio Nordestino e Matheus &amp; Kauan.<\/strong><\/p>\n<p>O Arrai\u00e1 ser\u00e1 nos dias 13 e 14, a partir das 16h, no estacionamento do Gin\u00e1sio Jos\u00e9 Correa.<\/p>\n<p>Est\u00e3o programadas muita dan\u00e7a caipira, comidas t\u00edpicas e brincadeiras para a crian\u00e7ada.<\/p>\n<p>A\u00a0 programa\u00e7\u00e3o vai ficar por conta dos shows:<\/p>\n<p>-Trio Nordestino, \u00e0s 20h, no s\u00e1bado dia 13<\/p>\n<p>&#8211; Matheus e Kauan, \u00e0s 18h.\u00a0\u00a0no domingo, dia 14<\/p>\n\n<p>&nbsp;<\/p>\n<p>&nbsp;<\/p>\n","protected":false},"excerpt":{"rendered":"<p>Nesta ano a festa traz duas grandes atra\u00e7\u00f5es: Trio Nordestino e Matheus &amp; Kauan. O Arrai\u00e1 ser\u00e1 nos dias 13 e 14, a partir das 16h, no estacionamento do Gin\u00e1sio [&hellip;]<\/p>\n","protected":false},"author":2,"featured_media":6188,"template":"","meta":{"_tribe_events_status":"","_tribe_events_status_reason":"","footnotes":""},"tags":[576,1103,1647,1951,4174,6365],"tribe_events_cat":[6738,6739,6741,6742,6744,6750,6756],"class_list":["post-6185","tribe_events","type-tribe_events","status-publish","has-post-thumbnail","hentry","tag-arraia-de-barueri","tag-brincadeiras-para-a-criancada","tag-comidas-tipicas","tag-danca-caipira","tag-matheus-kauan","tag-trio-nordestino","tribe_events_cat-culturais","tribe_events_cat-danca","tribe_events_cat-evento-gratuito","tribe_events_cat-feiras-e-exposicoes","tribe_events_cat-gastronomico","tribe_events_cat-musicais","tribe_events_cat-shows","cat_culturais","cat_danca","cat_evento-gratuito","cat_feiras-e-exposicoes","cat_gastronomico","cat_musicais","cat_shows"],"_links":{"self":[{"href":"https:\/\/baruerieventos.com.br\/site\/wp-json\/wp\/v2\/tribe_events\/6185","targetHints":{"allow":["GET"]}}],"collection":[{"href":"https:\/\/baruerieventos.com.br\/site\/wp-json\/wp\/v2\/tribe_events"}],"about":[{"href":"https:\/\/baruerieventos.com.br\/site\/wp-json\/wp\/v2\/types\/tribe_events"}],"author":[{"embeddable":true,"href":"https:\/\/baruerieventos.com.br\/site\/wp-json\/wp\/v2\/users\/2"}],"version-history":[{"count":0,"href":"https:\/\/baruerieventos.com.br\/site\/wp-json\/wp\/v2\/tribe_events\/6185\/revisions"}],"wp:featuredmedia":[{"embeddable":true,"href":"https:\/\/baruerieventos.com.br\/site\/wp-json\/"}],"wp:attachment":[{"href":"https:\/\/baruerieventos.com.br\/site\/wp-json\/wp\/v2\/media?parent=6185"}],"wp:term":[{"taxonomy":"post_tag","embeddable":true,"href":"https:\/\/baruerieventos.com.br\/site\/wp-json\/wp\/v2\/tags?post=6185"},{"taxonomy":"tribe_events_cat","embeddable":true,"href":"https:\/\/baruerieventos.com.br\/site\/wp-json\/wp\/v2\/tribe_events_cat?post=6185"}],"curies":[{"name":"wp","href":"https:\/\/api.w.org\/{rel}","templated":true}]}}

Arraiá de Barueri

<p><strong>Nesta ano a festa traz duas grandes atrações: Trio Nordestino e Matheus &amp; Kauan.</strong></p>
<p>O Arraiá será nos dias 13 e 14, a partir das 16h, no estacionamento do Ginásio José Correa.</p>
<p>Estão programadas muita dança caipira, comidas típicas e brincadeiras para a criançada.</p>
<p>A  programação vai ficar por conta dos shows:</p>
<p>-Trio Nordestino, às 20h, no sábado dia 13</p>
<p>&#8211; Matheus e Kauan, às 18h.  no domingo, dia 14</p>

<p>&nbsp;</p>
<p>&nbsp;</p>

<p>Nesta ano a festa traz duas grandes atrações: Trio Nordestino e Matheus &amp; Kauan. O Arraiá será nos dias 13 e 14, a partir das 16h, no estacionamento do Ginásio [&hellip;]</p>
