{"id":6228,"date":"2019-07-24T22:58:08","date_gmt":"2019-07-25T01:58:08","guid":{"rendered":"http:\/\/baruerieventos.com.br\/site\/?post_type=tribe_events&amp;p=6228"},"modified":"2019-07-24T22:58:08","modified_gmt":"2019-07-25T01:58:08","slug":"marcha-para-jesus-osasco-2019","status":"publish","type":"tribe_events","link":"https:\/\/baruerieventos.com.br\/site\/event\/marcha-para-jesus-osasco-2019\/","title":{"rendered":"Marcha Para Jesus Osasco 2019"},"content":{"rendered":"<p>Em\u00a0<strong>Osasco<\/strong>\u00a0a\u00a0<strong>Marcha Para Jesus<\/strong>\u00a0\u00e9 um evento tradicional,e faz parte do calend\u00e1rio oficial do munic\u00edpio; em 2019 ser\u00e1 a 23\u00aa edi\u00e7\u00e3o da Marcha para Jesus que ocorrer\u00e1 no dia\u00a0<strong>27 de julho<\/strong>\u00a0a partir das<strong>\u00a009h<\/strong>; nesse dia, milhares de crist\u00e3os saem \u00e0s ruas organizados em caravanas com trios el\u00e9tricos de diversas igrejas orando pela cidade, declarando as b\u00ean\u00e7\u00e3os de Deus sobre os poderes constitu\u00eddos, com\u00e9rcio, ind\u00fastria, fam\u00edlia, hospitais e toda a sociedade; proclamando o Senhor Jesus como o Senhor da cidade de Osasco;<\/p>\n<p>A Marcha se traduz em muitas b\u00ean\u00e7\u00e3os para os mun\u00edcipes ao mesmo tempo em que d\u00e1 a sociedade uma demonstra\u00e7\u00e3o de que o seguimento evang\u00e9lico \u00e9 organizado (cerca de 30% da popula\u00e7\u00e3o mais ou menos 240 mil evang\u00e9licos) e que n\u00e3o est\u00e1 mais restrito apenas aos templos. Um povo forte, e que busca nesse evento, disseminar a palavra salvadora de Jesus Cristo muito eficaz na transforma\u00e7\u00e3o de vidas.<\/p>\n<div class=\"wpb_text_column wpb_content_element \">\n<div class=\"wpb_wrapper\">\n<p><strong>PRESEN\u00c7AS CONFIRMADAS:<\/strong><\/p>\n<h3><strong style=\"font-size: 16px;\">KEMILLY SANTOS, LEONARDO GON\u00c7ALVES, SARAH FARIAS, AO CUBO,\u00a0<\/strong>NATHANAEL PAREDES, TON CARFI, WESLEY ROS, ZOE DANCE, RENASCER PRAISE, e muito mais.<\/h3>\n<p>Informa\u00e7\u00f5es:<\/p>\n<div id=\"tile-with-icon_icon246\" class=\"title-with-icon-wrapper circle medium \" data-color=\"\">\n<div class=\"wpb_content_element title-with-icon clearfix margin-bottom-0 \">\n<h5><strong>Whatsapp : (11) 9 6368-6489<\/strong><\/h5>\n<\/div>\n<\/div>\n<div id=\"tile-with-icon_icon7044\" class=\"title-with-icon-wrapper circle medium \" data-color=\"\">\n<div class=\"wpb_content_element title-with-icon clearfix margin-bottom-0 \">\n<h5>email:\u00a0<a style=\"font-size: 16px;\" href=\"mailto:contato@marchaparajesus.osasco.br\">contato@marchaparajesus.osasco.br<\/a><\/h5>\n<\/div>\n<\/div>\n<\/div>\n<\/div>\n","protected":false},"excerpt":{"rendered":"<p>Em\u00a0Osasco\u00a0a\u00a0Marcha Para Jesus\u00a0\u00e9 um evento tradicional,e faz parte do calend\u00e1rio oficial do munic\u00edpio; em 2019 ser\u00e1 a 23\u00aa edi\u00e7\u00e3o da Marcha para Jesus que ocorrer\u00e1 no dia\u00a027 de julho\u00a0a partir [&hellip;]<\/p>\n","protected":false},"author":2,"featured_media":6229,"template":"","meta":{"_tribe_events_status":"","_tribe_events_status_reason":"","footnotes":""},"tags":[1498,4073,4074,4293,4751],"tribe_events_cat":[6738,6741,6753,6756],"class_list":["post-6228","tribe_events","type-tribe_events","status-publish","has-post-thumbnail","hentry","tag-cidade-de-osasco","tag-marcha-para-jesus-osasco-2019","tag-marchando-para-jesus","tag-milhares-de-cristaos","tag-orando-pela-cidade","tribe_events_cat-culturais","tribe_events_cat-evento-gratuito","tribe_events_cat-religioso","tribe_events_cat-shows","cat_culturais","cat_evento-gratuito","cat_religioso","cat_shows"],"_links":{"self":[{"href":"https:\/\/baruerieventos.com.br\/site\/wp-json\/wp\/v2\/tribe_events\/6228","targetHints":{"allow":["GET"]}}],"collection":[{"href":"https:\/\/baruerieventos.com.br\/site\/wp-json\/wp\/v2\/tribe_events"}],"about":[{"href":"https:\/\/baruerieventos.com.br\/site\/wp-json\/wp\/v2\/types\/tribe_events"}],"author":[{"embeddable":true,"href":"https:\/\/baruerieventos.com.br\/site\/wp-json\/wp\/v2\/users\/2"}],"version-history":[{"count":0,"href":"https:\/\/baruerieventos.com.br\/site\/wp-json\/wp\/v2\/tribe_events\/6228\/revisions"}],"wp:featuredmedia":[{"embeddable":true,"href":"https:\/\/baruerieventos.com.br\/site\/wp-json\/"}],"wp:attachment":[{"href":"https:\/\/baruerieventos.com.br\/site\/wp-json\/wp\/v2\/media?parent=6228"}],"wp:term":[{"taxonomy":"post_tag","embeddable":true,"href":"https:\/\/baruerieventos.com.br\/site\/wp-json\/wp\/v2\/tags?post=6228"},{"taxonomy":"tribe_events_cat","embeddable":true,"href":"https:\/\/baruerieventos.com.br\/site\/wp-json\/wp\/v2\/tribe_events_cat?post=6228"}],"curies":[{"name":"wp","href":"https:\/\/api.w.org\/{rel}","templated":true}]}}

<p>Em <strong>Osasco</strong> a <strong>Marcha Para Jesus</strong> é um evento tradicional,e faz parte do calendário oficial do município; em 2019 será a 23ª edição da Marcha para Jesus que ocorrerá no dia <strong>27 de julho</strong> a partir das<strong> 09h</strong>; nesse dia, milhares de cristãos saem às ruas organizados em caravanas com trios elétricos de diversas igrejas orando pela cidade, declarando as bênçãos de Deus sobre os poderes constituídos, comércio, indústria, família, hospitais e toda a sociedade; proclamando o Senhor Jesus como o Senhor da cidade de Osasco;</p>
<p>A Marcha se traduz em muitas bênçãos para os munícipes ao mesmo tempo em que dá a sociedade uma demonstração de que o seguimento evangélico é organizado (cerca de 30% da população mais ou menos 240 mil evangélicos) e que não está mais restrito apenas aos templos. Um povo forte, e que busca nesse evento, disseminar a palavra salvadora de Jesus Cristo muito eficaz na transformação de vidas.</p>
<div class="wpb_text_column wpb_content_element ">
<div class="wpb_wrapper">
<p><strong>PRESENÇAS CONFIRMADAS:</strong></p>
<h3><strong style="font-size: 16px;">KEMILLY SANTOS, LEONARDO GONÇALVES, SARAH FARIAS, AO CUBO, </strong>NATHANAEL PAREDES, TON CARFI, WESLEY ROS, ZOE DANCE, RENASCER PRAISE, e muito mais.</h3>
<p>Informações:</p>
<div id="tile-with-icon_icon246" class="title-with-icon-wrapper circle medium " data-color="">
<div class="wpb_content_element title-with-icon clearfix margin-bottom-0 ">
<h5><strong>Whatsapp : (11) 9 6368-6489</strong></h5>
</div>
</div>
<div id="tile-with-icon_icon7044" class="title-with-icon-wrapper circle medium " data-color="">
<div class="wpb_content_element title-with-icon clearfix margin-bottom-0 ">
<h5>email: <a style="font-size: 16px;" href="mailto:contato@marchaparajesus.osasco.br">contato@marchaparajesus.osasco.br</a></h5>
</div>
</div>
</div>
</div>

<p>Em Osasco a Marcha Para Jesus é um evento tradicional,e faz parte do calendário oficial do município; em 2019 será a 23ª edição da Marcha para Jesus que ocorrerá no dia 27 de julho a partir [&hellip;]</p>
