{"id":635,"date":"2015-10-15T19:13:51","date_gmt":"2015-10-15T22:13:51","guid":{"rendered":"http:\/\/baruerieventos.com.br\/site\/?post_type=tribe_events&amp;p=635"},"modified":"2015-10-15T19:13:51","modified_gmt":"2015-10-15T22:13:51","slug":"dilma-ducheff-saudando-a-mandioca-com-marvio-lucio-carioca","status":"publish","type":"tribe_events","link":"https:\/\/baruerieventos.com.br\/site\/event\/dilma-ducheff-saudando-a-mandioca-com-marvio-lucio-carioca\/","title":{"rendered":"Dilma Ducheff &#8221; Saudando a Mandioca&#8221;  com M\u00e1rvio L\u00facio (Carioca)"},"content":{"rendered":"<p>Est\u00e1 na hora do impeachment do mau humor! Ap\u00f3s o grande sucesso na televis\u00e3o, e fen\u00f4meno no Facebook. Chegou a vez de brilhar nos palcos. Direto do programa P\u00e2nico na Band, Dilma Ducheff \u201cSaudando a Mandioca\u201d \u00e9 o espet\u00e1culo de humor que marca a estreia de M\u00e1rvio L\u00facio, o Carioca do P\u00e2nico, no teatro. Dilma Ducheff, a not\u00f3ria personagem criada pelo humorista, comandar\u00e1 um show com muita irrever\u00eancia e tiradas c\u00f4micas. Imitando a figura mais ilustre no cen\u00e1rio pol\u00edtico brasileiro, Carioca pretende testar os limites da par\u00f3dia, oferecendo \u00e0 plateia uma com\u00e9dia de propor\u00e7\u00f5es democr\u00e1ticas. Mostrando para todos o outro lado da moeda, como deve ser a vida da Presidente? Ser\u00e1 que os brasileiros sabem realmente o que est\u00e3o falando? Ser\u00e1 um encontro \u00fanico com a Presidenta mais maluca do Brasil!<br \/>\nM\u00e1rvio L\u00facio, mais conhecido como Carioca, \u00e9 humorista, radialista e rep\u00f3rter brasileiro que trabalha na rede Jovem Pan, no programa P\u00e2nico e na Rede Bandeirantes no programa P\u00e2nico na Band. \u00c9 conhecido por suas in\u00fameras e emblem\u00e1ticas imita\u00e7\u00f5es. Entre elas d\u00e1 pra destacar , al\u00e9m da Presidente Dilma ,tipos como : Lulu Santos, Raul Gil, Boris Casoy, Amaury Jr , Jo Soares , Ney Latorraca, Lula, Felip\u00e3o, Dr. Rey, Zeca Camargo, Edir Macedo, Miguel Falabella, Marcelo Rezende e Ricardo Boechat.<\/p>\n<p><strong>G\u00eanero:<\/strong> Com\u00e9dia\u00a0 <strong>Classifica\u00e7\u00e3o:<\/strong> 12 anos<\/p>\n<p>Data: 14 de Novembro\u00a0 hor\u00e1rio: 21h.<\/p>\n<p><a href=\"http:\/\/www.compreingressos.com\/espetaculos\/5262-dilma-ducheff-saudando-a-mandioca#\">Ingressos On Line- <\/a><\/p>\n","protected":false},"excerpt":{"rendered":"<p>Est\u00e1 na hora do impeachment do mau humor! Ap\u00f3s o grande sucesso na televis\u00e3o, e fen\u00f4meno no Facebook. Chegou a vez de brilhar nos palcos. Direto do programa P\u00e2nico na [&hellip;]<\/p>\n","protected":false},"author":2,"featured_media":636,"template":"","meta":{"_tribe_events_status":"","_tribe_events_status_reason":"","footnotes":""},"tags":[],"tribe_events_cat":[6738,6746,6756,6757],"class_list":["post-635","tribe_events","type-tribe_events","status-publish","has-post-thumbnail","hentry","tribe_events_cat-culturais","tribe_events_cat-humor","tribe_events_cat-shows","tribe_events_cat-teatro","cat_culturais","cat_humor","cat_shows","cat_teatro"],"_links":{"self":[{"href":"https:\/\/baruerieventos.com.br\/site\/wp-json\/wp\/v2\/tribe_events\/635","targetHints":{"allow":["GET"]}}],"collection":[{"href":"https:\/\/baruerieventos.com.br\/site\/wp-json\/wp\/v2\/tribe_events"}],"about":[{"href":"https:\/\/baruerieventos.com.br\/site\/wp-json\/wp\/v2\/types\/tribe_events"}],"author":[{"embeddable":true,"href":"https:\/\/baruerieventos.com.br\/site\/wp-json\/wp\/v2\/users\/2"}],"version-history":[{"count":0,"href":"https:\/\/baruerieventos.com.br\/site\/wp-json\/wp\/v2\/tribe_events\/635\/revisions"}],"wp:featuredmedia":[{"embeddable":true,"href":"https:\/\/baruerieventos.com.br\/site\/wp-json\/"}],"wp:attachment":[{"href":"https:\/\/baruerieventos.com.br\/site\/wp-json\/wp\/v2\/media?parent=635"}],"wp:term":[{"taxonomy":"post_tag","embeddable":true,"href":"https:\/\/baruerieventos.com.br\/site\/wp-json\/wp\/v2\/tags?post=635"},{"taxonomy":"tribe_events_cat","embeddable":true,"href":"https:\/\/baruerieventos.com.br\/site\/wp-json\/wp\/v2\/tribe_events_cat?post=635"}],"curies":[{"name":"wp","href":"https:\/\/api.w.org\/{rel}","templated":true}]}}

Dilma Ducheff &#8221; Saudando a Mandioca&#8221;  com Márvio Lúcio (Carioca)

<p>Está na hora do impeachment do mau humor! Após o grande sucesso na televisão, e fenômeno no Facebook. Chegou a vez de brilhar nos palcos. Direto do programa Pânico na Band, Dilma Ducheff “Saudando a Mandioca” é o espetáculo de humor que marca a estreia de Márvio Lúcio, o Carioca do Pânico, no teatro. Dilma Ducheff, a notória personagem criada pelo humorista, comandará um show com muita irreverência e tiradas cômicas. Imitando a figura mais ilustre no cenário político brasileiro, Carioca pretende testar os limites da paródia, oferecendo à plateia uma comédia de proporções democráticas. Mostrando para todos o outro lado da moeda, como deve ser a vida da Presidente? Será que os brasileiros sabem realmente o que estão falando? Será um encontro único com a Presidenta mais maluca do Brasil!<br />
Márvio Lúcio, mais conhecido como Carioca, é humorista, radialista e repórter brasileiro que trabalha na rede Jovem Pan, no programa Pânico e na Rede Bandeirantes no programa Pânico na Band. É conhecido por suas inúmeras e emblemáticas imitações. Entre elas dá pra destacar , além da Presidente Dilma ,tipos como : Lulu Santos, Raul Gil, Boris Casoy, Amaury Jr , Jo Soares , Ney Latorraca, Lula, Felipão, Dr. Rey, Zeca Camargo, Edir Macedo, Miguel Falabella, Marcelo Rezende e Ricardo Boechat.</p>
<p><strong>Gênero:</strong> Comédia  <strong>Classificação:</strong> 12 anos</p>
<p>Data: 14 de Novembro  horário: 21h.</p>
<p><a href="http://www.compreingressos.com/espetaculos/5262-dilma-ducheff-saudando-a-mandioca#">Ingressos On Line- </a></p>

<p>Está na hora do impeachment do mau humor! Após o grande sucesso na televisão, e fenômeno no Facebook. Chegou a vez de brilhar nos palcos. Direto do programa Pânico na [&hellip;]</p>
