{"id":6640,"date":"2019-10-18T18:12:12","date_gmt":"2019-10-18T21:12:12","guid":{"rendered":"http:\/\/baruerieventos.com.br\/site\/?post_type=tribe_events&amp;p=6640"},"modified":"2019-10-18T18:12:12","modified_gmt":"2019-10-18T21:12:12","slug":"cultura-no-parque-com-calango-brabo","status":"publish","type":"tribe_events","link":"https:\/\/baruerieventos.com.br\/site\/event\/cultura-no-parque-com-calango-brabo\/","title":{"rendered":"Cultura no Parque com Calango Brabo"},"content":{"rendered":"<p>No pr\u00f3ximo domingo, no Parque Municipal Dom Jos\u00e9, a originalidade musical estar\u00e1 presente contemplando o p\u00fablico com o show da banda Calango Brabo, no Cultura no Parque. A mistura de m\u00fasica regional, folclore e o som apimentado herdado do rock\u2019n\u2019roll s\u00e3o os ingredientes fundamentais que deram origem \u00e0 banda.<\/p>\n<p>O Cultura no Parque acontece todo domingo, \u00e0s 11h, no palco do bosque no Parque Dom Jos\u00e9.<\/p>\n<p>A Calango Brabo contagia o p\u00fablico com ritmos afro-brasileiros sob efeito de sintetizadores e guitarras distorcidas, performances instrumentais que procuram abranger do erudito aos estilos p\u00f3s-moderno.<\/p>\n<p>O quinteto de integrantes gravou seu primeiro CD em 2013 e j\u00e1 possuem boa experi\u00eancia nos palcos do pa\u00eds. J\u00e1 se apresentaram com expoentes como Almir Sater, Grande Encontro, Cordel do Fogo Encantado, Ludmila, e muitos outros, al\u00e9m de participa\u00e7\u00f5es na Virada Cultural, em S\u00e3o Paulo, e programas de TV no SBT, Globosat, Band, Rede Brasil, TV Brasil e AllTV.<\/p>\n<p>&nbsp;<br \/>\n<iframe loading=\"lazy\" width=\"560\" height=\"315\" src=\"https:\/\/www.youtube.com\/embed\/8A8rHeJ9PE4\" frameborder=\"0\" allow=\"accelerometer; autoplay; encrypted-media; gyroscope; picture-in-picture\" allowfullscreen><\/iframe><\/p>\n","protected":false},"excerpt":{"rendered":"<p>No pr\u00f3ximo domingo, no Parque Municipal Dom Jos\u00e9, a originalidade musical estar\u00e1 presente contemplando o p\u00fablico com o show da banda Calango Brabo, no Cultura no Parque. A mistura de [&hellip;]<\/p>\n","protected":false},"author":2,"featured_media":6641,"template":"","meta":{"_tribe_events_status":"","_tribe_events_status_reason":"","footnotes":""},"tags":[372,1163,1771,1886,2957,3206,3970,5482,5510,5893,6540],"tribe_events_cat":[6741,6750,6756],"class_list":["post-6640","tribe_events","type-tribe_events","status-publish","has-post-thumbnail","hentry","tag-almir-sater","tag-calango-brabo","tag-cordel-do-fogo-encantado","tag-cultura-no-parque","tag-folclore","tag-grande-encontro","tag-ludmila","tag-ritmos-afro-brasileiros","tag-rocknroll","tag-show-da-banda-calango-brabo","tag-virada-cultural","tribe_events_cat-evento-gratuito","tribe_events_cat-musicais","tribe_events_cat-shows","cat_evento-gratuito","cat_musicais","cat_shows"],"_links":{"self":[{"href":"https:\/\/baruerieventos.com.br\/site\/wp-json\/wp\/v2\/tribe_events\/6640","targetHints":{"allow":["GET"]}}],"collection":[{"href":"https:\/\/baruerieventos.com.br\/site\/wp-json\/wp\/v2\/tribe_events"}],"about":[{"href":"https:\/\/baruerieventos.com.br\/site\/wp-json\/wp\/v2\/types\/tribe_events"}],"author":[{"embeddable":true,"href":"https:\/\/baruerieventos.com.br\/site\/wp-json\/wp\/v2\/users\/2"}],"version-history":[{"count":0,"href":"https:\/\/baruerieventos.com.br\/site\/wp-json\/wp\/v2\/tribe_events\/6640\/revisions"}],"wp:featuredmedia":[{"embeddable":true,"href":"https:\/\/baruerieventos.com.br\/site\/wp-json\/"}],"wp:attachment":[{"href":"https:\/\/baruerieventos.com.br\/site\/wp-json\/wp\/v2\/media?parent=6640"}],"wp:term":[{"taxonomy":"post_tag","embeddable":true,"href":"https:\/\/baruerieventos.com.br\/site\/wp-json\/wp\/v2\/tags?post=6640"},{"taxonomy":"tribe_events_cat","embeddable":true,"href":"https:\/\/baruerieventos.com.br\/site\/wp-json\/wp\/v2\/tribe_events_cat?post=6640"}],"curies":[{"name":"wp","href":"https:\/\/api.w.org\/{rel}","templated":true}]}}

<p>No próximo domingo, no Parque Municipal Dom José, a originalidade musical estará presente contemplando o público com o show da banda Calango Brabo, no Cultura no Parque. A mistura de música regional, folclore e o som apimentado herdado do rock’n’roll são os ingredientes fundamentais que deram origem à banda.</p>
<p>O Cultura no Parque acontece todo domingo, às 11h, no palco do bosque no Parque Dom José.</p>
<p>A Calango Brabo contagia o público com ritmos afro-brasileiros sob efeito de sintetizadores e guitarras distorcidas, performances instrumentais que procuram abranger do erudito aos estilos pós-moderno.</p>
<p>O quinteto de integrantes gravou seu primeiro CD em 2013 e já possuem boa experiência nos palcos do país. Já se apresentaram com expoentes como Almir Sater, Grande Encontro, Cordel do Fogo Encantado, Ludmila, e muitos outros, além de participações na Virada Cultural, em São Paulo, e programas de TV no SBT, Globosat, Band, Rede Brasil, TV Brasil e AllTV.</p>
<p>&nbsp;<br />
<iframe loading="lazy" width="560" height="315" src="https://www.youtube.com/embed/8A8rHeJ9PE4" frameborder="0" allow="accelerometer; autoplay; encrypted-media; gyroscope; picture-in-picture" allowfullscreen></iframe></p>

<p>No próximo domingo, no Parque Municipal Dom José, a originalidade musical estará presente contemplando o público com o show da banda Calango Brabo, no Cultura no Parque. A mistura de [&hellip;]</p>
