{"id":6752,"date":"2019-11-22T23:31:10","date_gmt":"2019-11-23T02:31:10","guid":{"rendered":"http:\/\/baruerieventos.com.br\/site\/?post_type=tribe_events&amp;p=6752"},"modified":"2019-11-22T23:31:10","modified_gmt":"2019-11-23T02:31:10","slug":"cultura-no-parque-com-tatto-santtana","status":"publish","type":"tribe_events","link":"https:\/\/baruerieventos.com.br\/site\/event\/cultura-no-parque-com-tatto-santtana\/","title":{"rendered":"Cultura no Parque com Tatto Santtana"},"content":{"rendered":"<p>Neste domingo (24\/11), se apresenta no parque Municipal de Barueri.<\/p>\n<p>Entrada Franca.<\/p>\n<p><strong><a title=\"Tatto Santtana\" href=\"http:\/\/agenciacitara.com.br\/artistas\/cantores\/name\/tatto-santtana\/\"><span class=\"fn n notranslate\"><span class=\"given-name\">Tatto<\/span>\u00a0<span class=\"family-name\">Santtana<\/span><\/span><\/a><\/strong><\/p>\n<div><span class=\"title notranslate\">Cantor, compositor, guitarrista, arranjador e maestro.<\/span><\/div>\n<div class=\"cn-biography\">\n<p>Tatto Santtana iniciou sua vida musical desde cedo. Aos quatorze anos de idade, ingressou em uma banda musical, que era composta pelos seus 5 irm\u00e3os, a \u201cManos Love\u201d, com um estilo musical ecl\u00e9tico e mix de ritmos. Depois de anos de trabalho com os irm\u00e3os, decidiu investir em carreira solo internacional. Mudou-se para a Espanha, apresentando-se em pubs, bares, discotecas e eventos em Madri.\u00a0Seu fiel p\u00fablico formado por f\u00e3s espanh\u00f3is era apaixonado pelo seu estilo, o sertanejo. Seu p\u00fablico foi o maior incentivador para que Tatto se inscrevesse no programa musical \u201cHijos de\u00a0\u00a0Babel\u201d- \u00cdDOLOS \u2013 vers\u00e3o espanhola\u201d, conquistando o 3\u00ba lugar.<\/p>\n<p>Depois de 14 anos vividos na Espanha, decidiu retornar \u00e0 sua terra\u00a0natal, o Brasil, por ele jamais esquecido. Firmou-se um m\u00fasico plurivalente: cantor, guitarrista, arranjador e maestro. Chegando ao Brasil, passou a compor para v\u00e1rias bandas, duplas sertanejas, muitas delas renomadas no cen\u00e1rio musical nacional, apresentando-se tamb\u00e9m em programas televisivos, entrevistas em diversas emissoras de r\u00e1dio, participa\u00e7\u00e3o em grava\u00e7\u00f5es de clipes e DVDs.<\/p>\n<\/div>\n<p>&nbsp;<\/p>\n<p><iframe loading=\"lazy\" src=\"https:\/\/www.youtube.com\/embed\/OeCObrnmUys\" width=\"560\" height=\"315\" frameborder=\"0\" allowfullscreen=\"allowfullscreen\"><\/iframe><\/p>\n","protected":false},"excerpt":{"rendered":"<p>Neste domingo (24\/11), se apresenta no parque Municipal de Barueri. Entrada Franca. Tatto\u00a0Santtana Cantor, compositor, guitarrista, arranjador e maestro. Tatto Santtana iniciou sua vida musical desde cedo. Aos quatorze anos [&hellip;]<\/p>\n","protected":false},"author":2,"featured_media":6753,"template":"","meta":{"_tribe_events_status":"","_tribe_events_status_reason":"","footnotes":""},"tags":[1886,1898,6151],"tribe_events_cat":[6741,6750,6756],"class_list":["post-6752","tribe_events","type-tribe_events","status-publish","has-post-thumbnail","hentry","tag-cultura-no-parque","tag-cultura-no-parque-com-tatto-santtana","tag-tatto-santtana","tribe_events_cat-evento-gratuito","tribe_events_cat-musicais","tribe_events_cat-shows","cat_evento-gratuito","cat_musicais","cat_shows"],"_links":{"self":[{"href":"https:\/\/baruerieventos.com.br\/site\/wp-json\/wp\/v2\/tribe_events\/6752","targetHints":{"allow":["GET"]}}],"collection":[{"href":"https:\/\/baruerieventos.com.br\/site\/wp-json\/wp\/v2\/tribe_events"}],"about":[{"href":"https:\/\/baruerieventos.com.br\/site\/wp-json\/wp\/v2\/types\/tribe_events"}],"author":[{"embeddable":true,"href":"https:\/\/baruerieventos.com.br\/site\/wp-json\/wp\/v2\/users\/2"}],"version-history":[{"count":0,"href":"https:\/\/baruerieventos.com.br\/site\/wp-json\/wp\/v2\/tribe_events\/6752\/revisions"}],"wp:featuredmedia":[{"embeddable":true,"href":"https:\/\/baruerieventos.com.br\/site\/wp-json\/"}],"wp:attachment":[{"href":"https:\/\/baruerieventos.com.br\/site\/wp-json\/wp\/v2\/media?parent=6752"}],"wp:term":[{"taxonomy":"post_tag","embeddable":true,"href":"https:\/\/baruerieventos.com.br\/site\/wp-json\/wp\/v2\/tags?post=6752"},{"taxonomy":"tribe_events_cat","embeddable":true,"href":"https:\/\/baruerieventos.com.br\/site\/wp-json\/wp\/v2\/tribe_events_cat?post=6752"}],"curies":[{"name":"wp","href":"https:\/\/api.w.org\/{rel}","templated":true}]}}

<p>Neste domingo (24/11), se apresenta no parque Municipal de Barueri.</p>
<p>Entrada Franca.</p>
<p><strong><a title="Tatto Santtana" href="http://agenciacitara.com.br/artistas/cantores/name/tatto-santtana/"><span class="fn n notranslate"><span class="given-name">Tatto</span> <span class="family-name">Santtana</span></span></a></strong></p>
<div><span class="title notranslate">Cantor, compositor, guitarrista, arranjador e maestro.</span></div>
<div class="cn-biography">
<p>Tatto Santtana iniciou sua vida musical desde cedo. Aos quatorze anos de idade, ingressou em uma banda musical, que era composta pelos seus 5 irmãos, a “Manos Love”, com um estilo musical eclético e mix de ritmos. Depois de anos de trabalho com os irmãos, decidiu investir em carreira solo internacional. Mudou-se para a Espanha, apresentando-se em pubs, bares, discotecas e eventos em Madri. Seu fiel público formado por fãs espanhóis era apaixonado pelo seu estilo, o sertanejo. Seu público foi o maior incentivador para que Tatto se inscrevesse no programa musical “Hijos de  Babel”- ÍDOLOS – versão espanhola”, conquistando o 3º lugar.</p>
<p>Depois de 14 anos vividos na Espanha, decidiu retornar à sua terra natal, o Brasil, por ele jamais esquecido. Firmou-se um músico plurivalente: cantor, guitarrista, arranjador e maestro. Chegando ao Brasil, passou a compor para várias bandas, duplas sertanejas, muitas delas renomadas no cenário musical nacional, apresentando-se também em programas televisivos, entrevistas em diversas emissoras de rádio, participação em gravações de clipes e DVDs.</p>
</div>
<p>&nbsp;</p>
<p><iframe loading="lazy" src="https://www.youtube.com/embed/OeCObrnmUys" width="560" height="315" frameborder="0" allowfullscreen="allowfullscreen"></iframe></p>
